{"id":13642,"date":"2025-07-15T12:35:20","date_gmt":"2025-07-15T10:35:20","guid":{"rendered":"https:\/\/uj.adatbank.ro\/lexikon\/termek\/laszlo-vak-laci\/"},"modified":"2025-07-15T12:35:20","modified_gmt":"2025-07-15T10:35:20","slug":"laszlo-vak-laci","status":"publish","type":"product","link":"https:\/\/uj.adatbank.ro\/lexikon\/termek\/laszlo-vak-laci\/","title":{"rendered":"L\u00c1SZL\u00d3; Vak Laci"},"content":{"rendered":"<p>? \u2020\u00a0?: dalnok. -\u2013 A sz\u00fclet\u00e9s\u00e9t\u0151l fogva vil\u00e1gtalan. Feles\u00e9ge is sz\u00fcletett vak, egy m\u00e1s utcasarkon k\u00e9regetett. \u2013 Minden orsz\u00e1gos v. hetiv\u00e1s\u00e1ron Mv.-en harmonik\u00e1n egy utcasarkon dalolt ismert keserves, b\u00e1natos dalokat, maga is k\u00f6lt\u00f6tt \u00fajakat, a hallgat\u00f3k kev\u00e9s p\u00e9nzzel jutalmazt\u00e1k. A \u201emv.-i Hom\u00e9rosz\u201d, a marossz\u00e9ki n\u00e9p trubad\u00farja. Ha valakinek valami b\u00e1nata volt, \u00e9neket mondatott re\u00e1 L\u00e1szl\u00f3val, aki b\u00e1rmely t\u00e1rgyra r\u00f6gt\u00f6n kezdte a dalt. Egy rom\u00e1nc\u00e1t k\u00f6z\u00f6lte R\u00e9thy Lajos a Korunkban \u00e9s ut\u00e1na a M. Sajt\u00f3ban (1865.20. sz.). <br \/><strong>Irod.:<\/strong> Szinnyei<\/br><\/p>\n","protected":false},"excerpt":{"rendered":"<p>? \u2020\u00a0?: dalnok. -\u2013 A sz\u00fclet\u00e9s\u00e9t\u0151l fogva vil\u00e1gtalan. Feles\u00e9ge is sz\u00fcletett vak, egy m\u00e1s utcasarkon k\u00e9regetett. \u2013 Minden orsz\u00e1gos v. hetiv\u00e1s\u00e1ron Mv.-en harmonik\u00e1n egy utcasarkon dalolt ismert keserves, b\u00e1natos dalokat, maga is k\u00f6lt\u00f6tt \u00fajakat, a hallgat\u00f3k kev\u00e9s p\u00e9nzzel jutalmazt\u00e1k. A \u201emv.-i Hom\u00e9rosz\u201d, a marossz\u00e9ki n\u00e9p trubad\u00farja. Ha valakinek valami b\u00e1nata volt, \u00e9neket mondatott re\u00e1 L\u00e1szl\u00f3val, [&hellip;]<\/p>\n","protected":false},"featured_media":0,"comment_status":"open","ping_status":"closed","template":"","meta":[],"product_brand":[],"product_cat":[137],"product_tag":[],"class_list":{"0":"post-13642","1":"product","2":"type-product","3":"status-publish","5":"product_cat-maros-megyei-eletrajzi-lexikon","7":"first","8":"instock","9":"shipping-taxable","10":"product-type-simple"},"_links":{"self":[{"href":"https:\/\/uj.adatbank.ro\/lexikon\/wp-json\/wp\/v2\/product\/13642","targetHints":{"allow":["GET"]}}],"collection":[{"href":"https:\/\/uj.adatbank.ro\/lexikon\/wp-json\/wp\/v2\/product"}],"about":[{"href":"https:\/\/uj.adatbank.ro\/lexikon\/wp-json\/wp\/v2\/types\/product"}],"replies":[{"embeddable":true,"href":"https:\/\/uj.adatbank.ro\/lexikon\/wp-json\/wp\/v2\/comments?post=13642"}],"wp:attachment":[{"href":"https:\/\/uj.adatbank.ro\/lexikon\/wp-json\/wp\/v2\/media?parent=13642"}],"wp:term":[{"taxonomy":"product_brand","embeddable":true,"href":"https:\/\/uj.adatbank.ro\/lexikon\/wp-json\/wp\/v2\/product_brand?post=13642"},{"taxonomy":"product_cat","embeddable":true,"href":"https:\/\/uj.adatbank.ro\/lexikon\/wp-json\/wp\/v2\/product_cat?post=13642"},{"taxonomy":"product_tag","embeddable":true,"href":"https:\/\/uj.adatbank.ro\/lexikon\/wp-json\/wp\/v2\/product_tag?post=13642"}],"curies":[{"name":"wp","href":"https:\/\/api.w.org\/{rel}","templated":true}]}}

LÁSZLÓ; Vak Laci

<p>? † ?: dalnok. -– A születésétől fogva világtalan. Felesége is született vak, egy más utcasarkon kéregetett. – Minden országos v. hetivásáron Mv.-en harmonikán egy utcasarkon dalolt ismert keserves, bánatos dalokat, maga is költött újakat, a hallgatók kevés pénzzel jutalmazták. A „mv.-i Homérosz”, a marosszéki nép trubadúrja. Ha valakinek valami bánata volt, éneket mondatott reá Lászlóval, aki bármely tárgyra rögtön kezdte a dalt. Egy románcát közölte Réthy Lajos a Korunkban és utána a M. Sajtóban (1865.20. sz.). <br /><strong>Irod.:</strong> Szinnyei</br></p>

<p>? † ?: dalnok. -– A születésétől fogva világtalan. Felesége is született vak, egy más utcasarkon kéregetett. – Minden országos v. hetivásáron Mv.-en harmonikán egy utcasarkon dalolt ismert keserves, bánatos dalokat, maga is költött újakat, a hallgatók kevés pénzzel jutalmazták. A „mv.-i Homérosz”, a marosszéki nép trubadúrja. Ha valakinek valami bánata volt, éneket mondatott reá Lászlóval, [&hellip;]</p>
