{"id":13652,"date":"2025-07-15T12:35:42","date_gmt":"2025-07-15T10:35:42","guid":{"rendered":"https:\/\/uj.adatbank.ro\/lexikon\/termek\/laszlo-arpad\/"},"modified":"2025-07-15T12:35:42","modified_gmt":"2025-07-15T10:35:42","slug":"laszlo-arpad","status":"publish","type":"product","link":"https:\/\/uj.adatbank.ro\/lexikon\/termek\/laszlo-arpad\/","title":{"rendered":"L\u00c1SZL\u00d3 \u00c1rp\u00e1d"},"content":{"rendered":"<p>Modos (Toront\u00e1l), 1864. dec. 14., \u2020 Mv., 1960. szept. 23.: zeneszerz\u0151, zongoram\u0171v\u00e9sz, zenepedag\u00f3gus. \u2013 Le\u00e1nya: L. Magda, a k\u00e9s\u0151bbi opera\u00e9nekesn\u0151, a mil\u00e1n\u00f3i Scala m\u0171v\u00e9szn\u0151je. \u2013 Temesv\u00e1ron v\u00e9gezte a k\u00f6z\u00e9piskol\u00e1t \u00e9s kezdett zongor\u00e1zni tanulni. A bp.-i Zeneakad\u00e9mi\u00e1n Liszt Ferenc \u00e9s Erkel Ferenc tan\u00edtv\u00e1nya (1882\u201386), majd \u00f6szt\u00f6nd\u00edjjal a b\u00e9csi konzervat\u00f3riumban tanult, ahol Hans Schmidt \u00e9s Robert Fuchs ir\u00e1ny\u00edt\u00e1s\u00e1val, zongoram\u0171v\u00e9sz oklevelet szerzett (1891) Ezut\u00e1n egy \u00e9ven \u00e1t New-Yorkban az Eden M\u00fazeumban hangversenyezett,. New Yorkban A. Dvor\u00e1k egyed\u00fcli magyar tan\u00edtv\u00e1nya volt (1892\u201395). Vallom\u00e1sa Dvorakr\u00f3l: \u201eM\u00e9rhetetlen\u00fcl sokat k\u00f6sz\u00f6nhetek neki. Bar\u00e1ts\u00e1g\u00e1ba fogadott, sok id\u0151t t\u00f6lthettem t\u00e1rsas\u00e1g\u00e1ba, elkis\u00e9rtem s\u00e9t\u00e1ira, val\u00f3s\u00e1ggal szem\u00e9lyi titk\u00e1ra lettem\u201d.Troy v\u00e1rosban (USA), a Seminary Conservatoriumban zongor\u00e1t \u00e9s zeneszerz\u00e9st tan\u00edtott, emellett rendszeresen hangversenyezett (1895\u201398), egy sor amerikai hangverseny ut\u00e1n hazat\u00e9rt (1898) \u00e9s zenetan\u00e1r voltTemesv\u00e1ron 2 \u00e9vig, Aradon 5 \u00e9vig \u00e9s Kass\u00e1n 4 \u00e9vig. Bp.-en tan\u00e1ri oklevelet szerzett (1911) \u00e9s v\u00e9gleg letelepedett Mv.-en (1911\u201331), ahol a Konzervat\u00f3rium zongoratansz\u00e9k\u00e9n tan\u00edtott, nyugd\u00edjaz\u00e1s\u00e1ig. Az I. vh. idej\u00e9n j\u00f3t\u00e9konys\u00e1gi c\u00e9l\u00fa hangversenyeken is fell\u00e9pett. Zongora \u00e9s szerz\u0151i estje volt Mv.-en (1926). G. Enescu igen nagyrabecs\u00fclte, \u0151t kis\u00e9rte zongor\u00e1n mv.-i vend\u00e9gszerepl\u00e9sekor, Beethoven Tavaszi szon\u00e1ta c. el\u0151ad\u00e1s\u00e1n (1929. dec. 5.). Bar\u00e1ts\u00e1ga jel\u00e9\u00fcl v\u00e1ratlan nyugd\u00edjaz\u00e1sa ellen \u00edr\u00e1sban tiltakozott az illet\u00e9kes hat\u00f3s\u00e1gokn\u00e1l.. Gazdag el\u0151ad\u00f3m\u0171v\u00e9szi munk\u00e1ss\u00e1ga mellett kit\u00fcnt zongoraszerzem\u00e9nyeivel, m\u00f3dszertani tanulmanyaival is. A bp.-i zeneszerz\u0151verseny I. d\u00edj\u00e1t kapta (1933). Zenepedag\u00f3gusk\u00e9nt a Caland-Breithaupt-m\u00f3dszert saj\u00e1t tapasztalataival kieg\u00e9sz\u00edtve alkalmazta. A zongoratechnika fiziol\u00f3giai alapjainak meg\u00faj\u00edt\u00e1s\u00e1t c\u00e9lz\u00f3 kutat\u00e1sokat folytatott. Zenekritik\u00e1i: T\u00fck\u00f6r, Sz\u00e9kelyf\u00f6ld, Sz\u00e9kely Ellenz\u00e9k; \u00fatibesz\u00e1m\u00f3l\u00f3ja az Ellenz\u00e9kben jelent meg. \u00cdrt Bart\u00f3k B. \u00e9s G. Enescu mv.-i fell\u00e9p\u00e9s\u00e9r\u0151l. A Consolation c. zongora kompozici\u00f3j\u00e1\u00e9rt arany d\u00edjat nyert a bp.-i Nemzetk\u00f6zi Zeneszerz\u0151 versenyen (New-York, 1933), a KZST tagja (1926\u2013); a Rom\u00e1n Zeneszerz\u0151sz\u00f6vets\u00e9g mv.-i fi\u00f3kj\u00e1nak tagja (1953\u2013). \u00cdrt zongoram\u0171veket \u00e9s dalokat melyek Lipcs\u00e9ben \u00e9s Bp.-en jelentek meg. Nev\u00e9t viseli a Mv.-i M\u0171v\u00e9szeti Egyetem zenem\u0171v\u00e9szeti kar\u00e1nak egy terme a P\u00e1lffy-h\u00e1zban (2010. m\u00e1j. 12.). \u2013 <strong>F. m.:<\/strong> zongoram\u0171vek :Consolation; Humoresque; Rom\u00e1nc, Improvization; Valse de Concert; Szeren\u00e1d; El\u00e9gia; Fantaisie romantique = \u00dcnnepi k\u00f6nyv; T\u00edz v\u00e1ltozat egy n\u00e9pdalra; dalok, k\u00f3rusm\u0171vek; n\u00e9psz\u00ednm\u0171ve: A sz\u00e9p Gy\u00f6ngy\u00f6mn\u00e9; antolog.: \u00dcnnepi k\u00f6nyv: F\u00e9lsz\u00e1zados jubileuma eml\u00e9k\u00e9\u00fcl kiadta a KZST (Mv., 1930). <br \/><strong>Irod.:<\/strong> Dsida; Hajd\u00f3 K\u00e1roly: A mv.-i zeneiskola \u00e9vfordul\u00f3j\u00e1ra (N\u00fa., 1999. jan. 12.); L. \u00c1. (Marosv\u00e1s\u00e1rhely, 1912. jan.1.); Elhunyt L. \u00c1. (V. Z., 1960. szept. 25.); EM; Filarmonica 50; Id\u0151t\u00e1r 2; Id\u0151t\u00e1r 3; Katona Szab\u00f3 Istv\u00e1n: Az \u00daj \u00c9let lexikona, 98. (\u00daj \u00c9let, 14. sz. 1974.); Kim; Kemenes Csilla: L. A., a zenepedag\u00f3gus (Zenetud. \u00edr\u00e1sok. Buk., 1986); Kim; KZST1930; Marosi-KZST; Lakatos Istv\u00e1n: L. \u00c1. (Utunk, 1956\/35); Marosi-Helikon; Marosi-KZST; M\u00c9L; Molter 2.; Muzicieni din Rom. 5.; Mv. \u00e9s a h\u00e1bor\u00fa 1.; Mv. m\u0171v. v\u00e1r.; \u00d6kr\u00f6s; Polg\u00e1r Istv\u00e1n: Haz\u00e1nk legid\u0151sebb muzsikus\u00e1n\u00e1l (M\u0171v\u00e9szet, 3. sz., 1958. j\u00fan.); Predescu; RMIL; Sz\u00e1sz K\u00e1roly: L. \u00c1. (M\u0171vel\u0151d\u00e9s, 1972); Todea 2013; \u00daM\u00c9L; \u00dcnnepi k\u00f6nyv; Zenetudom\u00e1nyi \u00edr\u00e1sok<\/br><\/p>\n","protected":false},"excerpt":{"rendered":"<p>Modos (Toront\u00e1l), 1864. dec. 14., \u2020 Mv., 1960. szept. 23.: zeneszerz\u0151, zongoram\u0171v\u00e9sz, zenepedag\u00f3gus. \u2013 Le\u00e1nya: L. Magda, a k\u00e9s\u0151bbi opera\u00e9nekesn\u0151, a mil\u00e1n\u00f3i Scala m\u0171v\u00e9szn\u0151je. \u2013 Temesv\u00e1ron v\u00e9gezte a k\u00f6z\u00e9piskol\u00e1t \u00e9s kezdett zongor\u00e1zni tanulni. A bp.-i Zeneakad\u00e9mi\u00e1n Liszt Ferenc \u00e9s Erkel Ferenc tan\u00edtv\u00e1nya (1882\u201386), majd \u00f6szt\u00f6nd\u00edjjal a b\u00e9csi konzervat\u00f3riumban tanult, ahol Hans Schmidt \u00e9s Robert Fuchs [&hellip;]<\/p>\n","protected":false},"featured_media":0,"comment_status":"open","ping_status":"closed","template":"","meta":[],"product_brand":[],"product_cat":[137],"product_tag":[],"class_list":{"0":"post-13652","1":"product","2":"type-product","3":"status-publish","5":"product_cat-maros-megyei-eletrajzi-lexikon","7":"first","8":"instock","9":"shipping-taxable","10":"product-type-simple"},"_links":{"self":[{"href":"https:\/\/uj.adatbank.ro\/lexikon\/wp-json\/wp\/v2\/product\/13652","targetHints":{"allow":["GET"]}}],"collection":[{"href":"https:\/\/uj.adatbank.ro\/lexikon\/wp-json\/wp\/v2\/product"}],"about":[{"href":"https:\/\/uj.adatbank.ro\/lexikon\/wp-json\/wp\/v2\/types\/product"}],"replies":[{"embeddable":true,"href":"https:\/\/uj.adatbank.ro\/lexikon\/wp-json\/wp\/v2\/comments?post=13652"}],"wp:attachment":[{"href":"https:\/\/uj.adatbank.ro\/lexikon\/wp-json\/wp\/v2\/media?parent=13652"}],"wp:term":[{"taxonomy":"product_brand","embeddable":true,"href":"https:\/\/uj.adatbank.ro\/lexikon\/wp-json\/wp\/v2\/product_brand?post=13652"},{"taxonomy":"product_cat","embeddable":true,"href":"https:\/\/uj.adatbank.ro\/lexikon\/wp-json\/wp\/v2\/product_cat?post=13652"},{"taxonomy":"product_tag","embeddable":true,"href":"https:\/\/uj.adatbank.ro\/lexikon\/wp-json\/wp\/v2\/product_tag?post=13652"}],"curies":[{"name":"wp","href":"https:\/\/api.w.org\/{rel}","templated":true}]}}

LÁSZLÓ Árpád

<p>Modos (Torontál), 1864. dec. 14., † Mv., 1960. szept. 23.: zeneszerző, zongoraművész, zenepedagógus. – Leánya: L. Magda, a későbbi operaénekesnő, a milánói Scala művésznője. – Temesváron végezte a középiskolát és kezdett zongorázni tanulni. A bp.-i Zeneakadémián Liszt Ferenc és Erkel Ferenc tanítványa (1882–86), majd ösztöndíjjal a bécsi konzervatóriumban tanult, ahol Hans Schmidt és Robert Fuchs irányításával, zongoraművész oklevelet szerzett (1891) Ezután egy éven át New-Yorkban az Eden Múzeumban hangversenyezett,. New Yorkban A. Dvorák egyedüli magyar tanítványa volt (1892–95). Vallomása Dvorakról: „Mérhetetlenül sokat köszönhetek neki. Barátságába fogadott, sok időt tölthettem társaságába, elkisértem sétáira, valósággal személyi titkára lettem”.Troy városban (USA), a Seminary Conservatoriumban zongorát és zeneszerzést tanított, emellett rendszeresen hangversenyezett (1895–98), egy sor amerikai hangverseny után hazatért (1898) és zenetanár voltTemesváron 2 évig, Aradon 5 évig és Kassán 4 évig. Bp.-en tanári oklevelet szerzett (1911) és végleg letelepedett Mv.-en (1911–31), ahol a Konzervatórium zongoratanszékén tanított, nyugdíjazásáig. Az I. vh. idején jótékonysági célú hangversenyeken is fellépett. Zongora és szerzői estje volt Mv.-en (1926). G. Enescu igen nagyrabecsülte, őt kisérte zongorán mv.-i vendégszereplésekor, Beethoven Tavaszi szonáta c. előadásán (1929. dec. 5.). Barátsága jeléül váratlan nyugdíjazása ellen írásban tiltakozott az illetékes hatóságoknál.. Gazdag előadóművészi munkássága mellett kitünt zongoraszerzeményeivel, módszertani tanulmanyaival is. A bp.-i zeneszerzőverseny I. díját kapta (1933). Zenepedagógusként a Caland-Breithaupt-módszert saját tapasztalataival kiegészítve alkalmazta. A zongoratechnika fiziológiai alapjainak megújítását célzó kutatásokat folytatott. Zenekritikái: Tükör, Székelyföld, Székely Ellenzék; útibeszámólója az Ellenzékben jelent meg. Írt Bartók B. és G. Enescu mv.-i fellépéséről. A Consolation c. zongora kompoziciójáért arany díjat nyert a bp.-i Nemzetközi Zeneszerző versenyen (New-York, 1933), a KZST tagja (1926–); a Román Zeneszerzőszövetség mv.-i fiókjának tagja (1953–). Írt zongoraműveket és dalokat melyek Lipcsében és Bp.-en jelentek meg. Nevét viseli a Mv.-i Művészeti Egyetem zeneművészeti karának egy terme a Pálffy-házban (2010. máj. 12.). – <strong>F. m.:</strong> zongoraművek :Consolation; Humoresque; Románc, Improvization; Valse de Concert; Szerenád; Elégia; Fantaisie romantique = Ünnepi könyv; Tíz változat egy népdalra; dalok, kórusművek; népszínműve: A szép Gyöngyömné; antolog.: Ünnepi könyv: Félszázados jubileuma emlékéül kiadta a KZST (Mv., 1930). <br /><strong>Irod.:</strong> Dsida; Hajdó Károly: A mv.-i zeneiskola évfordulójára (Nú., 1999. jan. 12.); L. Á. (Marosvásárhely, 1912. jan.1.); Elhunyt L. Á. (V. Z., 1960. szept. 25.); EM; Filarmonica 50; Időtár 2; Időtár 3; Katona Szabó István: Az Új Élet lexikona, 98. (Új Élet, 14. sz. 1974.); Kim; Kemenes Csilla: L. A., a zenepedagógus (Zenetud. írások. Buk., 1986); Kim; KZST1930; Marosi-KZST; Lakatos István: L. Á. (Utunk, 1956/35); Marosi-Helikon; Marosi-KZST; MÉL; Molter 2.; Muzicieni din Rom. 5.; Mv. és a háború 1.; Mv. műv. vár.; Ökrös; Polgár István: Hazánk legidősebb muzsikusánál (Művészet, 3. sz., 1958. jún.); Predescu; RMIL; Szász Károly: L. Á. (Művelődés, 1972); Todea 2013; ÚMÉL; Ünnepi könyv; Zenetudományi írások</br></p>

<p>Modos (Torontál), 1864. dec. 14., † Mv., 1960. szept. 23.: zeneszerző, zongoraművész, zenepedagógus. – Leánya: L. Magda, a későbbi operaénekesnő, a milánói Scala művésznője. – Temesváron végezte a középiskolát és kezdett zongorázni tanulni. A bp.-i Zeneakadémián Liszt Ferenc és Erkel Ferenc tanítványa (1882–86), majd ösztöndíjjal a bécsi konzervatóriumban tanult, ahol Hans Schmidt és Robert Fuchs [&hellip;]</p>
