{"id":13656,"date":"2025-07-15T12:35:51","date_gmt":"2025-07-15T10:35:51","guid":{"rendered":"https:\/\/uj.adatbank.ro\/lexikon\/termek\/laszlo-denes\/"},"modified":"2025-07-15T12:35:51","modified_gmt":"2025-07-15T10:35:51","slug":"laszlo-denes","status":"publish","type":"product","link":"https:\/\/uj.adatbank.ro\/lexikon\/termek\/laszlo-denes\/","title":{"rendered":"L\u00c1SZL\u00d3 D\u00e9nes"},"content":{"rendered":"<p>K\u00e9zdik\u0151v\u00e1r, 1907. aug. 22., \u2020\u00a0Kv., 1982. j\u00fan. 30.: r. k. pap. \u2013 K\u00e9zdiv\u00e1s\u00e1rhelyen \u00e9s Gyulafeh\u00e9rv\u00e1ron tanult, itt papp\u00e1 szentelt\u00e9k (1930.j\u00fal. 6..). K\u00e1pl\u00e1n Cs\u00edkszentsimon-Csat\u00f3szegen (1930), Ditr\u00f3ban, Sz\u00e1razpatakon. Int\u00e9zeti fel\u00fcgyel\u0151 Nagyszebenben. K\u00e1pl\u00e1n Gyergy\u00f3csomafalv\u00e1n, Sz\u00e9kelyudvarhelyen. Lelkip\u00e1sztor Govasdi\u00e1n, Kir\u00e1lyb\u00e1ny\u00e1n, Gy\u00f6rgyfalv\u00e1n, Zernyesten, Aranyosgy\u00e9resen, majd Sz\u00e9kelyv\u00e9ck\u00e9n (1960\u201370), ahol a securitate megfigyeltette, ellen\u0151r\u00edzte, nacionalistak\u00e9nt tartotta sz\u00e1mon. Megjav\u00edtatta a templomot (1969). <br \/><strong>Irod.:<\/strong> Bartos 2012; Ferenczi S\u00e1ndor 2009; Maros-k\u00fck\u00fcll\u0151i f\u0151esp.<\/br><\/p>\n","protected":false},"excerpt":{"rendered":"<p>K\u00e9zdik\u0151v\u00e1r, 1907. aug. 22., \u2020\u00a0Kv., 1982. j\u00fan. 30.: r. k. pap. \u2013 K\u00e9zdiv\u00e1s\u00e1rhelyen \u00e9s Gyulafeh\u00e9rv\u00e1ron tanult, itt papp\u00e1 szentelt\u00e9k (1930.j\u00fal. 6..). K\u00e1pl\u00e1n Cs\u00edkszentsimon-Csat\u00f3szegen (1930), Ditr\u00f3ban, Sz\u00e1razpatakon. Int\u00e9zeti fel\u00fcgyel\u0151 Nagyszebenben. K\u00e1pl\u00e1n Gyergy\u00f3csomafalv\u00e1n, Sz\u00e9kelyudvarhelyen. Lelkip\u00e1sztor Govasdi\u00e1n, Kir\u00e1lyb\u00e1ny\u00e1n, Gy\u00f6rgyfalv\u00e1n, Zernyesten, Aranyosgy\u00e9resen, majd Sz\u00e9kelyv\u00e9ck\u00e9n (1960\u201370), ahol a securitate megfigyeltette, ellen\u0151r\u00edzte, nacionalistak\u00e9nt tartotta sz\u00e1mon. Megjav\u00edtatta a templomot (1969). Irod.: Bartos [&hellip;]<\/p>\n","protected":false},"featured_media":0,"comment_status":"open","ping_status":"closed","template":"","meta":[],"product_brand":[],"product_cat":[137],"product_tag":[],"class_list":{"0":"post-13656","1":"product","2":"type-product","3":"status-publish","5":"product_cat-maros-megyei-eletrajzi-lexikon","7":"first","8":"instock","9":"shipping-taxable","10":"product-type-simple"},"_links":{"self":[{"href":"https:\/\/uj.adatbank.ro\/lexikon\/wp-json\/wp\/v2\/product\/13656","targetHints":{"allow":["GET"]}}],"collection":[{"href":"https:\/\/uj.adatbank.ro\/lexikon\/wp-json\/wp\/v2\/product"}],"about":[{"href":"https:\/\/uj.adatbank.ro\/lexikon\/wp-json\/wp\/v2\/types\/product"}],"replies":[{"embeddable":true,"href":"https:\/\/uj.adatbank.ro\/lexikon\/wp-json\/wp\/v2\/comments?post=13656"}],"wp:attachment":[{"href":"https:\/\/uj.adatbank.ro\/lexikon\/wp-json\/wp\/v2\/media?parent=13656"}],"wp:term":[{"taxonomy":"product_brand","embeddable":true,"href":"https:\/\/uj.adatbank.ro\/lexikon\/wp-json\/wp\/v2\/product_brand?post=13656"},{"taxonomy":"product_cat","embeddable":true,"href":"https:\/\/uj.adatbank.ro\/lexikon\/wp-json\/wp\/v2\/product_cat?post=13656"},{"taxonomy":"product_tag","embeddable":true,"href":"https:\/\/uj.adatbank.ro\/lexikon\/wp-json\/wp\/v2\/product_tag?post=13656"}],"curies":[{"name":"wp","href":"https:\/\/api.w.org\/{rel}","templated":true}]}}

LÁSZLÓ Dénes

<p>Kézdikővár, 1907. aug. 22., † Kv., 1982. jún. 30.: r. k. pap. – Kézdivásárhelyen és Gyulafehérváron tanult, itt pappá szentelték (1930.júl. 6..). Káplán Csíkszentsimon-Csatószegen (1930), Ditróban, Szárazpatakon. Intézeti felügyelő Nagyszebenben. Káplán Gyergyócsomafalván, Székelyudvarhelyen. Lelkipásztor Govasdián, Királybányán, Györgyfalván, Zernyesten, Aranyosgyéresen, majd Székelyvéckén (1960–70), ahol a securitate megfigyeltette, ellenőrízte, nacionalistaként tartotta számon. Megjavítatta a templomot (1969). <br /><strong>Irod.:</strong> Bartos 2012; Ferenczi Sándor 2009; Maros-küküllői főesp.</br></p>

<p>Kézdikővár, 1907. aug. 22., † Kv., 1982. jún. 30.: r. k. pap. – Kézdivásárhelyen és Gyulafehérváron tanult, itt pappá szentelték (1930.júl. 6..). Káplán Csíkszentsimon-Csatószegen (1930), Ditróban, Szárazpatakon. Intézeti felügyelő Nagyszebenben. Káplán Gyergyócsomafalván, Székelyudvarhelyen. Lelkipásztor Govasdián, Királybányán, Györgyfalván, Zernyesten, Aranyosgyéresen, majd Székelyvéckén (1960–70), ahol a securitate megfigyeltette, ellenőrízte, nacionalistaként tartotta számon. Megjavítatta a templomot (1969). Irod.: Bartos [&hellip;]</p>
