{"id":13657,"date":"2025-07-15T12:35:52","date_gmt":"2025-07-15T10:35:52","guid":{"rendered":"https:\/\/uj.adatbank.ro\/lexikon\/termek\/laszlo-denes-2\/"},"modified":"2025-07-15T12:35:52","modified_gmt":"2025-07-15T10:35:52","slug":"laszlo-denes-2","status":"publish","type":"product","link":"https:\/\/uj.adatbank.ro\/lexikon\/termek\/laszlo-denes-2\/","title":{"rendered":"L\u00c1SZL\u00d3 D\u00e9nes"},"content":{"rendered":"<p>Sz\u00e9kelyszentkir\u00e1ly, 1913. dec. 24., \u2020\u00a0Brass\u00f3, 1984. j\u00fal. 2.: r. k. pap. \u2013 Sz\u00e9kelyudvarhelyen \u00e9s Gyulafeh\u00e9rv\u00e1ron v\u00e9gezte tanulm\u00e1nyait, papp\u00e1 szentelt\u00e9k (1938. m\u00e1rc. 12.). K\u00e1pl\u00e1n Cs\u00edkszered\u00e1ban, Sepsiszentgy\u00f6rgy\u00f6n, Altorj\u00e1n, Sz\u00e9kelyudvarhelyen, Gyergy\u00f3szentmikl\u00f3son. Lelkip\u00e1sztor B\u00e1lv\u00e1nyosv\u00e1ralj\u00e1n, Bonchid\u00e1n, Marosh\u00e9v\u00edzen, Brass\u00f3ban. Pl\u00e9b\u00e1nos Mez\u0151s\u00e1msondon (1955\u2013), Kadicsfalv\u00e1n \u00e9s \u00c1kosfalv\u00e1n (1970\u201380). <br \/><strong>Irod.:<\/strong> Ferenczi S\u00e1ndor 2009<\/br><\/p>\n","protected":false},"excerpt":{"rendered":"<p>Sz\u00e9kelyszentkir\u00e1ly, 1913. dec. 24., \u2020\u00a0Brass\u00f3, 1984. j\u00fal. 2.: r. k. pap. \u2013 Sz\u00e9kelyudvarhelyen \u00e9s Gyulafeh\u00e9rv\u00e1ron v\u00e9gezte tanulm\u00e1nyait, papp\u00e1 szentelt\u00e9k (1938. m\u00e1rc. 12.). K\u00e1pl\u00e1n Cs\u00edkszered\u00e1ban, Sepsiszentgy\u00f6rgy\u00f6n, Altorj\u00e1n, Sz\u00e9kelyudvarhelyen, Gyergy\u00f3szentmikl\u00f3son. Lelkip\u00e1sztor B\u00e1lv\u00e1nyosv\u00e1ralj\u00e1n, Bonchid\u00e1n, Marosh\u00e9v\u00edzen, Brass\u00f3ban. Pl\u00e9b\u00e1nos Mez\u0151s\u00e1msondon (1955\u2013), Kadicsfalv\u00e1n \u00e9s \u00c1kosfalv\u00e1n (1970\u201380). Irod.: Ferenczi S\u00e1ndor 2009<\/p>\n","protected":false},"featured_media":0,"comment_status":"open","ping_status":"closed","template":"","meta":[],"product_brand":[],"product_cat":[137],"product_tag":[],"class_list":{"0":"post-13657","1":"product","2":"type-product","3":"status-publish","5":"product_cat-maros-megyei-eletrajzi-lexikon","7":"first","8":"instock","9":"shipping-taxable","10":"product-type-simple"},"_links":{"self":[{"href":"https:\/\/uj.adatbank.ro\/lexikon\/wp-json\/wp\/v2\/product\/13657","targetHints":{"allow":["GET"]}}],"collection":[{"href":"https:\/\/uj.adatbank.ro\/lexikon\/wp-json\/wp\/v2\/product"}],"about":[{"href":"https:\/\/uj.adatbank.ro\/lexikon\/wp-json\/wp\/v2\/types\/product"}],"replies":[{"embeddable":true,"href":"https:\/\/uj.adatbank.ro\/lexikon\/wp-json\/wp\/v2\/comments?post=13657"}],"wp:attachment":[{"href":"https:\/\/uj.adatbank.ro\/lexikon\/wp-json\/wp\/v2\/media?parent=13657"}],"wp:term":[{"taxonomy":"product_brand","embeddable":true,"href":"https:\/\/uj.adatbank.ro\/lexikon\/wp-json\/wp\/v2\/product_brand?post=13657"},{"taxonomy":"product_cat","embeddable":true,"href":"https:\/\/uj.adatbank.ro\/lexikon\/wp-json\/wp\/v2\/product_cat?post=13657"},{"taxonomy":"product_tag","embeddable":true,"href":"https:\/\/uj.adatbank.ro\/lexikon\/wp-json\/wp\/v2\/product_tag?post=13657"}],"curies":[{"name":"wp","href":"https:\/\/api.w.org\/{rel}","templated":true}]}}

LÁSZLÓ Dénes

<p>Székelyszentkirály, 1913. dec. 24., † Brassó, 1984. júl. 2.: r. k. pap. – Székelyudvarhelyen és Gyulafehérváron végezte tanulmányait, pappá szentelték (1938. márc. 12.). Káplán Csíkszeredában, Sepsiszentgyörgyön, Altorján, Székelyudvarhelyen, Gyergyószentmiklóson. Lelkipásztor Bálványosváralján, Bonchidán, Maroshévízen, Brassóban. Plébános Mezősámsondon (1955–), Kadicsfalván és Ákosfalván (1970–80). <br /><strong>Irod.:</strong> Ferenczi Sándor 2009</br></p>

<p>Székelyszentkirály, 1913. dec. 24., † Brassó, 1984. júl. 2.: r. k. pap. – Székelyudvarhelyen és Gyulafehérváron végezte tanulmányait, pappá szentelték (1938. márc. 12.). Káplán Csíkszeredában, Sepsiszentgyörgyön, Altorján, Székelyudvarhelyen, Gyergyószentmiklóson. Lelkipásztor Bálványosváralján, Bonchidán, Maroshévízen, Brassóban. Plébános Mezősámsondon (1955–), Kadicsfalván és Ákosfalván (1970–80). Irod.: Ferenczi Sándor 2009</p>
