{"id":13658,"date":"2025-07-15T12:35:53","date_gmt":"2025-07-15T10:35:53","guid":{"rendered":"https:\/\/uj.adatbank.ro\/lexikon\/termek\/laszlo-dezso\/"},"modified":"2025-07-15T12:35:53","modified_gmt":"2025-07-15T10:35:53","slug":"laszlo-dezso","status":"publish","type":"product","link":"https:\/\/uj.adatbank.ro\/lexikon\/termek\/laszlo-dezso\/","title":{"rendered":"LASZL\u00d3 Dezs\u0151"},"content":{"rendered":"<p>1904 \u2020 2004\u00a0?: ref. lelk\u00e9sz. \u2013 Ref. lelk\u00e9sz \u00e9s teol\u00f3giai mag\u00e1ntan\u00e1r.mv. thj. V\u00e1ros Erd\u00e9lyi p\u00e1rti ogy.-i k\u00e9pvisel\u0151je. <br \/><strong>Irod.:<\/strong> Mur\u00e1din J\u00e1nos Krist\u00f3f: A \u201ekis magyar vil\u00e1g\u201d politikai keresztmetszete. Az Erd\u00e9lyi P\u00e1rt Maros-Torda v\u00e1rmegyei \u00e9s mv.-i v\u00e1rosi szervezete 1940 \u00e9s 1944 k\u00f6z\u00f6tt. <br \/><strong>Irod.:<\/strong> Maros megyei m.t\u00f6rt.5.; Mur\u00e1din J\u00e1nos Krist\u00f3f: \u201dA\u2019kis magyar vil\u00e1g\u201d politikai keresztmetszete. Az Erd\u00e9lyi P\u00e1rt Maros-Torda v\u00e1rmegyei \u00e9s marosv\u00e1s\u00e1rhelyi v\u00e1rosi szervezete 1940 \u00e9s 1944 k\u00f6z\u00f6tt = Maros megyei m. t\u00f6rt 5.; A rom\u00e1niai magyar ref. egyh\u00e1z \u00e9lete, 1944\u20131989.<\/br><\/p>\n","protected":false},"excerpt":{"rendered":"<p>1904 \u2020 2004\u00a0?: ref. lelk\u00e9sz. \u2013 Ref. lelk\u00e9sz \u00e9s teol\u00f3giai mag\u00e1ntan\u00e1r.mv. thj. V\u00e1ros Erd\u00e9lyi p\u00e1rti ogy.-i k\u00e9pvisel\u0151je. Irod.: Mur\u00e1din J\u00e1nos Krist\u00f3f: A \u201ekis magyar vil\u00e1g\u201d politikai keresztmetszete. Az Erd\u00e9lyi P\u00e1rt Maros-Torda v\u00e1rmegyei \u00e9s mv.-i v\u00e1rosi szervezete 1940 \u00e9s 1944 k\u00f6z\u00f6tt. Irod.: Maros megyei m.t\u00f6rt.5.; Mur\u00e1din J\u00e1nos Krist\u00f3f: \u201dA\u2019kis magyar vil\u00e1g\u201d politikai keresztmetszete. Az Erd\u00e9lyi P\u00e1rt [&hellip;]<\/p>\n","protected":false},"featured_media":0,"comment_status":"open","ping_status":"closed","template":"","meta":[],"product_brand":[],"product_cat":[137],"product_tag":[],"class_list":{"0":"post-13658","1":"product","2":"type-product","3":"status-publish","5":"product_cat-maros-megyei-eletrajzi-lexikon","7":"first","8":"instock","9":"shipping-taxable","10":"product-type-simple"},"_links":{"self":[{"href":"https:\/\/uj.adatbank.ro\/lexikon\/wp-json\/wp\/v2\/product\/13658","targetHints":{"allow":["GET"]}}],"collection":[{"href":"https:\/\/uj.adatbank.ro\/lexikon\/wp-json\/wp\/v2\/product"}],"about":[{"href":"https:\/\/uj.adatbank.ro\/lexikon\/wp-json\/wp\/v2\/types\/product"}],"replies":[{"embeddable":true,"href":"https:\/\/uj.adatbank.ro\/lexikon\/wp-json\/wp\/v2\/comments?post=13658"}],"wp:attachment":[{"href":"https:\/\/uj.adatbank.ro\/lexikon\/wp-json\/wp\/v2\/media?parent=13658"}],"wp:term":[{"taxonomy":"product_brand","embeddable":true,"href":"https:\/\/uj.adatbank.ro\/lexikon\/wp-json\/wp\/v2\/product_brand?post=13658"},{"taxonomy":"product_cat","embeddable":true,"href":"https:\/\/uj.adatbank.ro\/lexikon\/wp-json\/wp\/v2\/product_cat?post=13658"},{"taxonomy":"product_tag","embeddable":true,"href":"https:\/\/uj.adatbank.ro\/lexikon\/wp-json\/wp\/v2\/product_tag?post=13658"}],"curies":[{"name":"wp","href":"https:\/\/api.w.org\/{rel}","templated":true}]}}

LASZLÓ Dezső

<p>1904 † 2004 ?: ref. lelkész. – Ref. lelkész és teológiai magántanár.mv. thj. Város Erdélyi párti ogy.-i képviselője. <br /><strong>Irod.:</strong> Murádin János Kristóf: A „kis magyar világ” politikai keresztmetszete. Az Erdélyi Párt Maros-Torda vármegyei és mv.-i városi szervezete 1940 és 1944 között. <br /><strong>Irod.:</strong> Maros megyei m.tört.5.; Murádin János Kristóf: ”A’kis magyar világ” politikai keresztmetszete. Az Erdélyi Párt Maros-Torda vármegyei és marosvásárhelyi városi szervezete 1940 és 1944 között = Maros megyei m. tört 5.; A romániai magyar ref. egyház élete, 1944–1989.</br></p>

<p>1904 † 2004 ?: ref. lelkész. – Ref. lelkész és teológiai magántanár.mv. thj. Város Erdélyi párti ogy.-i képviselője. Irod.: Murádin János Kristóf: A „kis magyar világ” politikai keresztmetszete. Az Erdélyi Párt Maros-Torda vármegyei és mv.-i városi szervezete 1940 és 1944 között. Irod.: Maros megyei m.tört.5.; Murádin János Kristóf: ”A’kis magyar világ” politikai keresztmetszete. Az Erdélyi Párt [&hellip;]</p>
