{"id":13660,"date":"2025-07-15T12:35:58","date_gmt":"2025-07-15T10:35:58","guid":{"rendered":"https:\/\/uj.adatbank.ro\/lexikon\/termek\/laszlo-emil\/"},"modified":"2025-07-15T12:35:58","modified_gmt":"2025-07-15T10:35:58","slug":"laszlo-emil","status":"publish","type":"product","link":"https:\/\/uj.adatbank.ro\/lexikon\/termek\/laszlo-emil\/","title":{"rendered":"L\u00c1SZL\u00d3 Emil"},"content":{"rendered":"<p>Marosszentgy\u00f6rgy,1894., \u2020 Marosszentgy\u00f6rgy, 1972.: polg\u00e1rmester. \u2013 Marosszentgy\u00f6rgy polg\u00e1rmestere (1947\u201349). A sz\u00fcl\u0151faluban 7 oszt.-t v\u00e9gzett, majd Mv.-en a szakisk elv\u00e9gz\u00e9se ut\u00e1n villanyszerel\u0151 lett. A mv.-i K\u00f6z\u00fczemekn\u00e9l dolgozott 45 \u00e9ven kereszt\u00fcl, ahonnan nyugd\u00edjba is vonult, de k\u00f6zben a hatalomv\u00e1lt\u00e1s idej\u00e9n kitett\u00e9k \u00e1ll\u00e1s\u00e1b\u00f3l (1940\u201344). Polg\u00e1rmesters\u00e9ge idej\u00e9n t\u00e1mogatta a falu villamos\u00edt\u00e1s\u00e1t, lek\u00f6veztette az utc\u00e1kat, s\u00e1ncokat \u00e1satott. Tagja volt a M\u0171vel\u0151d\u00e9si H\u00e1z vezet\u0151s\u00e9g\u00e9nek \u00e9s kult\u00farcsoporjainak. <br \/><strong>Irod.:<\/strong>S\u00e2ngeorgiu de Mure\u015f<\/br><\/p>\n","protected":false},"excerpt":{"rendered":"<p>Marosszentgy\u00f6rgy,1894., \u2020 Marosszentgy\u00f6rgy, 1972.: polg\u00e1rmester. \u2013 Marosszentgy\u00f6rgy polg\u00e1rmestere (1947\u201349). A sz\u00fcl\u0151faluban 7 oszt.-t v\u00e9gzett, majd Mv.-en a szakisk elv\u00e9gz\u00e9se ut\u00e1n villanyszerel\u0151 lett. A mv.-i K\u00f6z\u00fczemekn\u00e9l dolgozott 45 \u00e9ven kereszt\u00fcl, ahonnan nyugd\u00edjba is vonult, de k\u00f6zben a hatalomv\u00e1lt\u00e1s idej\u00e9n kitett\u00e9k \u00e1ll\u00e1s\u00e1b\u00f3l (1940\u201344). Polg\u00e1rmesters\u00e9ge idej\u00e9n t\u00e1mogatta a falu villamos\u00edt\u00e1s\u00e1t, lek\u00f6veztette az utc\u00e1kat, s\u00e1ncokat \u00e1satott. Tagja volt a [&hellip;]<\/p>\n","protected":false},"featured_media":0,"comment_status":"open","ping_status":"closed","template":"","meta":[],"product_brand":[],"product_cat":[137],"product_tag":[],"class_list":{"0":"post-13660","1":"product","2":"type-product","3":"status-publish","5":"product_cat-maros-megyei-eletrajzi-lexikon","7":"first","8":"instock","9":"shipping-taxable","10":"product-type-simple"},"_links":{"self":[{"href":"https:\/\/uj.adatbank.ro\/lexikon\/wp-json\/wp\/v2\/product\/13660","targetHints":{"allow":["GET"]}}],"collection":[{"href":"https:\/\/uj.adatbank.ro\/lexikon\/wp-json\/wp\/v2\/product"}],"about":[{"href":"https:\/\/uj.adatbank.ro\/lexikon\/wp-json\/wp\/v2\/types\/product"}],"replies":[{"embeddable":true,"href":"https:\/\/uj.adatbank.ro\/lexikon\/wp-json\/wp\/v2\/comments?post=13660"}],"wp:attachment":[{"href":"https:\/\/uj.adatbank.ro\/lexikon\/wp-json\/wp\/v2\/media?parent=13660"}],"wp:term":[{"taxonomy":"product_brand","embeddable":true,"href":"https:\/\/uj.adatbank.ro\/lexikon\/wp-json\/wp\/v2\/product_brand?post=13660"},{"taxonomy":"product_cat","embeddable":true,"href":"https:\/\/uj.adatbank.ro\/lexikon\/wp-json\/wp\/v2\/product_cat?post=13660"},{"taxonomy":"product_tag","embeddable":true,"href":"https:\/\/uj.adatbank.ro\/lexikon\/wp-json\/wp\/v2\/product_tag?post=13660"}],"curies":[{"name":"wp","href":"https:\/\/api.w.org\/{rel}","templated":true}]}}

LÁSZLÓ Emil

<p>Marosszentgyörgy,1894., † Marosszentgyörgy, 1972.: polgármester. – Marosszentgyörgy polgármestere (1947–49). A szülőfaluban 7 oszt.-t végzett, majd Mv.-en a szakisk elvégzése után villanyszerelő lett. A mv.-i Közüzemeknél dolgozott 45 éven keresztül, ahonnan nyugdíjba is vonult, de közben a hatalomváltás idején kitették állásából (1940–44). Polgármestersége idején támogatta a falu villamosítását, leköveztette az utcákat, sáncokat ásatott. Tagja volt a Művelődési Ház vezetőségének és kultúrcsoporjainak. <br /><strong>Irod.:</strong>Sângeorgiu de Mureş</br></p>

<p>Marosszentgyörgy,1894., † Marosszentgyörgy, 1972.: polgármester. – Marosszentgyörgy polgármestere (1947–49). A szülőfaluban 7 oszt.-t végzett, majd Mv.-en a szakisk elvégzése után villanyszerelő lett. A mv.-i Közüzemeknél dolgozott 45 éven keresztül, ahonnan nyugdíjba is vonult, de közben a hatalomváltás idején kitették állásából (1940–44). Polgármestersége idején támogatta a falu villamosítását, leköveztette az utcákat, sáncokat ásatott. Tagja volt a [&hellip;]</p>
