{"id":13663,"date":"2025-07-15T12:36:03","date_gmt":"2025-07-15T10:36:03","guid":{"rendered":"https:\/\/uj.adatbank.ro\/lexikon\/termek\/laszlo-ferenc-3\/"},"modified":"2025-07-15T12:36:03","modified_gmt":"2025-07-15T10:36:03","slug":"laszlo-ferenc-3","status":"publish","type":"product","link":"https:\/\/uj.adatbank.ro\/lexikon\/termek\/laszlo-ferenc-3\/","title":{"rendered":"L\u00c1SZL\u00d3 Ferenc"},"content":{"rendered":"<p>G\u00f6rg\u00e9ny\u00fcvegcs\u0171r, 1895. okt. 10., \u2020 Sz\u00e1szv\u00e1ros, 1977. szept. 7.: r.k. pap., kanonok, szentsz\u00e9ki tan\u00e1csos. \u2013 K\u00f6z\u00e9p iskol\u00e1it Mv.-en, teol\u00f3giai tanulm\u00e1nyait Gyulafeh\u00e9rv\u00e1ron \u00e9s a b\u00e9csi P\u00e1zm\u00e1neumban v\u00e9gezte. Gyulafeh\u00e9rv\u00e1ron szentelt\u00e9k papp\u00e1 (1918. szept. 22,) Az \u00fcvegcs\u0171ri pl\u00e9b\u00e1ni\u00e1n kiseg\u00edt\u0151 lelkip\u00e1sztor (1918\u2013), k\u00e1pl\u00e1n \u00e9s hitoktat\u00f3 Piskitelepen (1920), lelkip\u00e1sztor Pusztakal\u00e1nban (1923). Sz\u00e1szr\u00e9genben volt pl\u00e9b\u00e1nos. Azzal a v\u00e1ddal tart\u00f3ztatt\u00e1k le (1963), hogy \u00bbnem volt hajland\u00f3 m\u00e1s nyelven, mint magyarul pr\u00e9dik\u00e1lni\u00bb. It\u00e9let\u00e9r\u0151l, esetlleges b\u00f6rt\u00f6n\u00e9veir\u0151l, szabadul\u00e1sa ut\u00e1ni sors\u00e1r\u00f3l nincsenek adatok. Sz\u00e1szv\u00e1roson volt nyugd\u00edjas, tb. kanonok (1974) <br \/><strong>Irod.:<\/strong> 1956 Erd\u00e9lyben; \u00c1ldozatok; EM; Ferenczi S\u00e1ndor 2009; Maros-k\u00fck\u00fcll\u0151i f\u0151esp.; P\u00e1l-Antal 2013<\/br><\/p>\n","protected":false},"excerpt":{"rendered":"<p>G\u00f6rg\u00e9ny\u00fcvegcs\u0171r, 1895. okt. 10., \u2020 Sz\u00e1szv\u00e1ros, 1977. szept. 7.: r.k. pap., kanonok, szentsz\u00e9ki tan\u00e1csos. \u2013 K\u00f6z\u00e9p iskol\u00e1it Mv.-en, teol\u00f3giai tanulm\u00e1nyait Gyulafeh\u00e9rv\u00e1ron \u00e9s a b\u00e9csi P\u00e1zm\u00e1neumban v\u00e9gezte. Gyulafeh\u00e9rv\u00e1ron szentelt\u00e9k papp\u00e1 (1918. szept. 22,) Az \u00fcvegcs\u0171ri pl\u00e9b\u00e1ni\u00e1n kiseg\u00edt\u0151 lelkip\u00e1sztor (1918\u2013), k\u00e1pl\u00e1n \u00e9s hitoktat\u00f3 Piskitelepen (1920), lelkip\u00e1sztor Pusztakal\u00e1nban (1923). Sz\u00e1szr\u00e9genben volt pl\u00e9b\u00e1nos. Azzal a v\u00e1ddal tart\u00f3ztatt\u00e1k le (1963), [&hellip;]<\/p>\n","protected":false},"featured_media":0,"comment_status":"open","ping_status":"closed","template":"","meta":[],"product_brand":[],"product_cat":[137],"product_tag":[],"class_list":{"0":"post-13663","1":"product","2":"type-product","3":"status-publish","5":"product_cat-maros-megyei-eletrajzi-lexikon","7":"first","8":"instock","9":"shipping-taxable","10":"product-type-simple"},"_links":{"self":[{"href":"https:\/\/uj.adatbank.ro\/lexikon\/wp-json\/wp\/v2\/product\/13663","targetHints":{"allow":["GET"]}}],"collection":[{"href":"https:\/\/uj.adatbank.ro\/lexikon\/wp-json\/wp\/v2\/product"}],"about":[{"href":"https:\/\/uj.adatbank.ro\/lexikon\/wp-json\/wp\/v2\/types\/product"}],"replies":[{"embeddable":true,"href":"https:\/\/uj.adatbank.ro\/lexikon\/wp-json\/wp\/v2\/comments?post=13663"}],"wp:attachment":[{"href":"https:\/\/uj.adatbank.ro\/lexikon\/wp-json\/wp\/v2\/media?parent=13663"}],"wp:term":[{"taxonomy":"product_brand","embeddable":true,"href":"https:\/\/uj.adatbank.ro\/lexikon\/wp-json\/wp\/v2\/product_brand?post=13663"},{"taxonomy":"product_cat","embeddable":true,"href":"https:\/\/uj.adatbank.ro\/lexikon\/wp-json\/wp\/v2\/product_cat?post=13663"},{"taxonomy":"product_tag","embeddable":true,"href":"https:\/\/uj.adatbank.ro\/lexikon\/wp-json\/wp\/v2\/product_tag?post=13663"}],"curies":[{"name":"wp","href":"https:\/\/api.w.org\/{rel}","templated":true}]}}

LÁSZLÓ Ferenc

<p>Görgényüvegcsűr, 1895. okt. 10., † Szászváros, 1977. szept. 7.: r.k. pap., kanonok, szentszéki tanácsos. – Közép iskoláit Mv.-en, teológiai tanulmányait Gyulafehérváron és a bécsi Pázmáneumban végezte. Gyulafehérváron szentelték pappá (1918. szept. 22,) Az üvegcsűri plébánián kisegítő lelkipásztor (1918–), káplán és hitoktató Piskitelepen (1920), lelkipásztor Pusztakalánban (1923). Szászrégenben volt plébános. Azzal a váddal tartóztatták le (1963), hogy »nem volt hajlandó más nyelven, mint magyarul prédikálni». Itéletéről, esetlleges börtönéveiről, szabadulása utáni sorsáról nincsenek adatok. Szászvároson volt nyugdíjas, tb. kanonok (1974) <br /><strong>Irod.:</strong> 1956 Erdélyben; Áldozatok; EM; Ferenczi Sándor 2009; Maros-küküllői főesp.; Pál-Antal 2013</br></p>

<p>Görgényüvegcsűr, 1895. okt. 10., † Szászváros, 1977. szept. 7.: r.k. pap., kanonok, szentszéki tanácsos. – Közép iskoláit Mv.-en, teológiai tanulmányait Gyulafehérváron és a bécsi Pázmáneumban végezte. Gyulafehérváron szentelték pappá (1918. szept. 22,) Az üvegcsűri plébánián kisegítő lelkipásztor (1918–), káplán és hitoktató Piskitelepen (1920), lelkipásztor Pusztakalánban (1923). Szászrégenben volt plébános. Azzal a váddal tartóztatták le (1963), [&hellip;]</p>
