{"id":13666,"date":"2025-07-15T12:36:09","date_gmt":"2025-07-15T10:36:09","guid":{"rendered":"https:\/\/uj.adatbank.ro\/lexikon\/termek\/laszlo-ferenc-%c2%a7\/"},"modified":"2025-07-15T12:36:09","modified_gmt":"2025-07-15T10:36:09","slug":"laszlo-ferenc-%c2%a7","status":"publish","type":"product","link":"https:\/\/uj.adatbank.ro\/lexikon\/termek\/laszlo-ferenc-%c2%a7\/","title":{"rendered":"L\u00c1SZL\u00d3 Ferenc, \u00a7"},"content":{"rendered":"<p>S\u00e1romberke, 1885, \u2020 Nagyernye, ? : igazgat\u00f3- tan\u00edt\u00f3. \u2013Tanulm\u00e1nyait Mv.-en \u00e9s D\u00e9v\u00e1n v\u00e9gezte. Tan\u00edt\u00f3i m\u0171k\u00f6d\u00e9s\u00e9t Szentkeresztb\u00e1ny\u00e1n kezdte (1904), onnan Balatonheny\u00e9re, majd Nagyerny\u00e9be ker\u00fclt (1908), ahol igazgat\u00f3 tan\u00edt\u00f3 volt. R\u00e9szt vett az I. vh.-ban a 62. \u00e9s a 22. gy. ezr.-ben az orosz, olasz fronton harcolt, mint tartal\u00e9kos f\u0151hadnagy szerelt le, az I. \u00e9s II o. ez\u00fcst v. \u00e9., a bronz \u00e9rdem\u00e9rem \u00e9s a K\u00e1roly Csapatkereszt kit\u00fcntet\u00e9st kapta.Vit\u00e9z avat\u00e1sa: 1944. jan. 27. A h\u00e1bor\u00fa ut\u00e1n \u0150seh Istv\u00e1nnal a falu r. k. tan\u00edt\u00f3i voltak. A rom\u00e1nul nem tud\u00f3 \u0150seh Istv\u00e1n helyett az iskola igazgat\u00f3-tan\u00edt\u00f3ja lett (1927\u2013). A nagyernyei Tejsz\u00f6vetkezetnek vezet\u0151je, az Ifj\u00fas\u00e1gi Egyes\u00fclet megalap\u00edt\u00f3ja, a m. kult\u00fara p\u00e1rtol\u00f3ja volt. <br \/><strong>Irod.:<\/strong> Berekm\u00e9ri\u2013Nemes; Erd\u00e9lyi ezredek; Kornis; Maros-k\u00fck\u00fcll\u0151i f\u0151esp; Sz\u00e9kelyf\u00f6ld \u00ed.k.<\/br><\/p>\n","protected":false},"excerpt":{"rendered":"<p>S\u00e1romberke, 1885, \u2020 Nagyernye, ? : igazgat\u00f3- tan\u00edt\u00f3. \u2013Tanulm\u00e1nyait Mv.-en \u00e9s D\u00e9v\u00e1n v\u00e9gezte. Tan\u00edt\u00f3i m\u0171k\u00f6d\u00e9s\u00e9t Szentkeresztb\u00e1ny\u00e1n kezdte (1904), onnan Balatonheny\u00e9re, majd Nagyerny\u00e9be ker\u00fclt (1908), ahol igazgat\u00f3 tan\u00edt\u00f3 volt. R\u00e9szt vett az I. vh.-ban a 62. \u00e9s a 22. gy. ezr.-ben az orosz, olasz fronton harcolt, mint tartal\u00e9kos f\u0151hadnagy szerelt le, az I. \u00e9s II o. [&hellip;]<\/p>\n","protected":false},"featured_media":0,"comment_status":"open","ping_status":"closed","template":"","meta":[],"product_brand":[],"product_cat":[137],"product_tag":[],"class_list":{"0":"post-13666","1":"product","2":"type-product","3":"status-publish","5":"product_cat-maros-megyei-eletrajzi-lexikon","7":"first","8":"instock","9":"shipping-taxable","10":"product-type-simple"},"_links":{"self":[{"href":"https:\/\/uj.adatbank.ro\/lexikon\/wp-json\/wp\/v2\/product\/13666","targetHints":{"allow":["GET"]}}],"collection":[{"href":"https:\/\/uj.adatbank.ro\/lexikon\/wp-json\/wp\/v2\/product"}],"about":[{"href":"https:\/\/uj.adatbank.ro\/lexikon\/wp-json\/wp\/v2\/types\/product"}],"replies":[{"embeddable":true,"href":"https:\/\/uj.adatbank.ro\/lexikon\/wp-json\/wp\/v2\/comments?post=13666"}],"wp:attachment":[{"href":"https:\/\/uj.adatbank.ro\/lexikon\/wp-json\/wp\/v2\/media?parent=13666"}],"wp:term":[{"taxonomy":"product_brand","embeddable":true,"href":"https:\/\/uj.adatbank.ro\/lexikon\/wp-json\/wp\/v2\/product_brand?post=13666"},{"taxonomy":"product_cat","embeddable":true,"href":"https:\/\/uj.adatbank.ro\/lexikon\/wp-json\/wp\/v2\/product_cat?post=13666"},{"taxonomy":"product_tag","embeddable":true,"href":"https:\/\/uj.adatbank.ro\/lexikon\/wp-json\/wp\/v2\/product_tag?post=13666"}],"curies":[{"name":"wp","href":"https:\/\/api.w.org\/{rel}","templated":true}]}}

LÁSZLÓ Ferenc, §

<p>Sáromberke, 1885, † Nagyernye, ? : igazgató- tanító. –Tanulmányait Mv.-en és Déván végezte. Tanítói működését Szentkeresztbányán kezdte (1904), onnan Balatonhenyére, majd Nagyernyébe került (1908), ahol igazgató tanító volt. Részt vett az I. vh.-ban a 62. és a 22. gy. ezr.-ben az orosz, olasz fronton harcolt, mint tartalékos főhadnagy szerelt le, az I. és II o. ezüst v. é., a bronz érdemérem és a Károly Csapatkereszt kitüntetést kapta.Vitéz avatása: 1944. jan. 27. A háború után Őseh Istvánnal a falu r. k. tanítói voltak. A románul nem tudó Őseh István helyett az iskola igazgató-tanítója lett (1927–). A nagyernyei Tejszövetkezetnek vezetője, az Ifjúsági Egyesület megalapítója, a m. kultúra pártolója volt. <br /><strong>Irod.:</strong> Berekméri–Nemes; Erdélyi ezredek; Kornis; Maros-küküllői főesp; Székelyföld í.k.</br></p>

<p>Sáromberke, 1885, † Nagyernye, ? : igazgató- tanító. –Tanulmányait Mv.-en és Déván végezte. Tanítói működését Szentkeresztbányán kezdte (1904), onnan Balatonhenyére, majd Nagyernyébe került (1908), ahol igazgató tanító volt. Részt vett az I. vh.-ban a 62. és a 22. gy. ezr.-ben az orosz, olasz fronton harcolt, mint tartalékos főhadnagy szerelt le, az I. és II o. [&hellip;]</p>
