{"id":13668,"date":"2025-07-15T12:36:13","date_gmt":"2025-07-15T10:36:13","guid":{"rendered":"https:\/\/uj.adatbank.ro\/lexikon\/termek\/laszlo-gabor\/"},"modified":"2025-07-15T12:36:13","modified_gmt":"2025-07-15T10:36:13","slug":"laszlo-gabor","status":"publish","type":"product","link":"https:\/\/uj.adatbank.ro\/lexikon\/termek\/laszlo-gabor\/","title":{"rendered":"L\u00c1SZL\u00d3 G\u00e1bor"},"content":{"rendered":"<p>Cs\u00edkszentkir\u00e1ly, 1921. nov. 29., \u2020 ? : erd\u00e9sz, k\u00f6zgazd\u00e1sz, szak\u00edr\u00f3. \u2013 \u00c9retts\u00e9gizett Kv.-on a Piarisfa F\u0151gimn.-ban (1942), majd a BTE K\u00f6zgazdas\u00e1gi Kar\u00e1n szerzett oklevelet (1946); doktor\u00e1lt Cs\u00edkv\u00e1rmegye erd\u0151gazdas\u00e1ga \u00e9s az erd\u0151haszn\u00e1lat sz\u00f6vetkezeti megszervez\u00e9s\u00e9nek k\u00e9rd\u00e9se c dolgozat\u00e1val(1949). Az erd\u0151 \u00e9s faiparban dolgozott Cs\u00edkszered\u00e1ban (1949\u201351); Brass\u00f3ban (1951\u201353); Mv.-en (1953\u201369); Cs\u00edkszered\u00e1ban a Faipari Tr\u00f6szt f\u0151k\u00f6nyvel\u0151je (1969\u201384); a mv.-i esti egyetem el\u0151ad\u00f3ja (1969\u201384); a cs\u00edkszeredai Faipari iskolak\u00f6zpont vez\u00e9rigazgat\u00f3ja (1969\u20131984), sz\u00e1mos \u00faj faipari l\u00e9tes\u00edtm\u00e9ny \u00e9p\u00edttet\u0151je. Kutat\u00e1si ter\u00fclete: erd\u00e9szet, b\u00fatoripar, sz\u00e1ll\u00edt\u00e1s, v\u00e1llalati \u00e9s \u00fczemgazdas\u00e1gi k\u00e9rd\u00e9sek. A Munka\u00e9rdemrend III. fok. kit\u0171ntetettje (1973). Cikkei : Revista P\u0103durilor, Hargita, Korunk-ban (A MAT erd\u0151gazdas\u00e1ga). \u2013 <strong>F. m.:<\/strong> \u00c9letem \u00e9s a Sz\u00e9kelyf\u00f6ldi faipar Visszaeml\u00e9kez\u00e9sek, 1930\u20132001 (Cs\u00edkszereda, 2010); <strong>t\u00e1rssz.:<\/strong> Erd\u00e9szeti zsebk\u00f6nyv (Buk., 1958, 1959).<br \/><strong>Irod.:<\/strong> KKACs; RMKK<\/br><\/p>\n","protected":false},"excerpt":{"rendered":"<p>Cs\u00edkszentkir\u00e1ly, 1921. nov. 29., \u2020 ? : erd\u00e9sz, k\u00f6zgazd\u00e1sz, szak\u00edr\u00f3. \u2013 \u00c9retts\u00e9gizett Kv.-on a Piarisfa F\u0151gimn.-ban (1942), majd a BTE K\u00f6zgazdas\u00e1gi Kar\u00e1n szerzett oklevelet (1946); doktor\u00e1lt Cs\u00edkv\u00e1rmegye erd\u0151gazdas\u00e1ga \u00e9s az erd\u0151haszn\u00e1lat sz\u00f6vetkezeti megszervez\u00e9s\u00e9nek k\u00e9rd\u00e9se c dolgozat\u00e1val(1949). Az erd\u0151 \u00e9s faiparban dolgozott Cs\u00edkszered\u00e1ban (1949\u201351); Brass\u00f3ban (1951\u201353); Mv.-en (1953\u201369); Cs\u00edkszered\u00e1ban a Faipari Tr\u00f6szt f\u0151k\u00f6nyvel\u0151je (1969\u201384); a mv.-i [&hellip;]<\/p>\n","protected":false},"featured_media":0,"comment_status":"open","ping_status":"closed","template":"","meta":[],"product_brand":[],"product_cat":[137],"product_tag":[],"class_list":{"0":"post-13668","1":"product","2":"type-product","3":"status-publish","5":"product_cat-maros-megyei-eletrajzi-lexikon","7":"first","8":"instock","9":"shipping-taxable","10":"product-type-simple"},"_links":{"self":[{"href":"https:\/\/uj.adatbank.ro\/lexikon\/wp-json\/wp\/v2\/product\/13668","targetHints":{"allow":["GET"]}}],"collection":[{"href":"https:\/\/uj.adatbank.ro\/lexikon\/wp-json\/wp\/v2\/product"}],"about":[{"href":"https:\/\/uj.adatbank.ro\/lexikon\/wp-json\/wp\/v2\/types\/product"}],"replies":[{"embeddable":true,"href":"https:\/\/uj.adatbank.ro\/lexikon\/wp-json\/wp\/v2\/comments?post=13668"}],"wp:attachment":[{"href":"https:\/\/uj.adatbank.ro\/lexikon\/wp-json\/wp\/v2\/media?parent=13668"}],"wp:term":[{"taxonomy":"product_brand","embeddable":true,"href":"https:\/\/uj.adatbank.ro\/lexikon\/wp-json\/wp\/v2\/product_brand?post=13668"},{"taxonomy":"product_cat","embeddable":true,"href":"https:\/\/uj.adatbank.ro\/lexikon\/wp-json\/wp\/v2\/product_cat?post=13668"},{"taxonomy":"product_tag","embeddable":true,"href":"https:\/\/uj.adatbank.ro\/lexikon\/wp-json\/wp\/v2\/product_tag?post=13668"}],"curies":[{"name":"wp","href":"https:\/\/api.w.org\/{rel}","templated":true}]}}

LÁSZLÓ Gábor

<p>Csíkszentkirály, 1921. nov. 29., † ? : erdész, közgazdász, szakíró. – Érettségizett Kv.-on a Piarisfa Főgimn.-ban (1942), majd a BTE Közgazdasági Karán szerzett oklevelet (1946); doktorált Csíkvármegye erdőgazdasága és az erdőhasználat szövetkezeti megszervezésének kérdése c dolgozatával(1949). Az erdő és faiparban dolgozott Csíkszeredában (1949–51); Brassóban (1951–53); Mv.-en (1953–69); Csíkszeredában a Faipari Tröszt főkönyvelője (1969–84); a mv.-i esti egyetem előadója (1969–84); a csíkszeredai Faipari iskolaközpont vezérigazgatója (1969–1984), számos új faipari létesítmény építtetője. Kutatási területe: erdészet, bútoripar, szállítás, vállalati és üzemgazdasági kérdések. A Munkaérdemrend III. fok. kitűntetettje (1973). Cikkei : Revista Pădurilor, Hargita, Korunk-ban (A MAT erdőgazdasága). – <strong>F. m.:</strong> Életem és a Székelyföldi faipar Visszaemlékezések, 1930–2001 (Csíkszereda, 2010); <strong>társsz.:</strong> Erdészeti zsebkönyv (Buk., 1958, 1959).<br /><strong>Irod.:</strong> KKACs; RMKK</br></p>

<p>Csíkszentkirály, 1921. nov. 29., † ? : erdész, közgazdász, szakíró. – Érettségizett Kv.-on a Piarisfa Főgimn.-ban (1942), majd a BTE Közgazdasági Karán szerzett oklevelet (1946); doktorált Csíkvármegye erdőgazdasága és az erdőhasználat szövetkezeti megszervezésének kérdése c dolgozatával(1949). Az erdő és faiparban dolgozott Csíkszeredában (1949–51); Brassóban (1951–53); Mv.-en (1953–69); Csíkszeredában a Faipari Tröszt főkönyvelője (1969–84); a mv.-i [&hellip;]</p>
