{"id":13670,"date":"2025-07-15T12:36:15","date_gmt":"2025-07-15T10:36:15","guid":{"rendered":"https:\/\/uj.adatbank.ro\/lexikon\/termek\/laszlo-gyorgy\/"},"modified":"2025-07-15T12:36:15","modified_gmt":"2025-07-15T10:36:15","slug":"laszlo-gyorgy","status":"publish","type":"product","link":"https:\/\/uj.adatbank.ro\/lexikon\/termek\/laszlo-gyorgy\/","title":{"rendered":"L\u00c1SZL\u00d3 Gy\u00f6rgy"},"content":{"rendered":"<p>?, \u2020 ?: vend\u00e9gl\u0151s, v\u00e1llalkoz\u00f3. \u2013 Mv.-en megny\u00edlt a Csizmadia Ipart\u00e1rsulat f\u0151t\u00e9ri sz\u00e9kh\u00e1z\u00e1nak f\u00f6ldsz\u00edntj\u00e9n a vend\u00e9gl\u0151je \u00e9s fogad\u00f3ja, a Csillag (1892. nov. 1.).Az els\u0151k k\u00f6z\u00f6tt ig\u00e9nyelt telefont (1893). A fogad\u00f3j\u00e1nak egyik szob\u00e1j\u00e1t sz\u00e9kely festett b\u00fatorokkal rendezte be (1900). Az Orsz\u00e1gos M. Pinc\u00e9regyes\u00fclet helyi \u00e9rdekv\u00e9delmi fi\u00f3kj\u00e1nak aleln\u00f6ke (1902. nov. 25.). A minorita rend tulajdon\u00e1ba l\u00e9v\u0151 vend\u00e9gl\u0151t b\u00e9relte, amit a tulajdonosok \u00e1t\u00e9p\u00edt\u00e9s miatt visszavettek (1905). Mv.en a V\u00f6r\u00f6skereszt n\u00e9pkonyh\u00e1t tartotta fent. Tervezte, hogy a tisztvisel\u0151k sz\u00e1m\u00e1ra \u00e1lland\u00f3 kantint nyit (1921). <br \/><strong>Irod.:<\/strong> Id\u0151t\u00e1r 3, 5\/1, 5\/2; Kusz\u00e1lik\u2013Zal\u00e1ny; Sebesty\u00e9n 2018<\/br><\/p>\n","protected":false},"excerpt":{"rendered":"<p>?, \u2020 ?: vend\u00e9gl\u0151s, v\u00e1llalkoz\u00f3. \u2013 Mv.-en megny\u00edlt a Csizmadia Ipart\u00e1rsulat f\u0151t\u00e9ri sz\u00e9kh\u00e1z\u00e1nak f\u00f6ldsz\u00edntj\u00e9n a vend\u00e9gl\u0151je \u00e9s fogad\u00f3ja, a Csillag (1892. nov. 1.).Az els\u0151k k\u00f6z\u00f6tt ig\u00e9nyelt telefont (1893). A fogad\u00f3j\u00e1nak egyik szob\u00e1j\u00e1t sz\u00e9kely festett b\u00fatorokkal rendezte be (1900). Az Orsz\u00e1gos M. Pinc\u00e9regyes\u00fclet helyi \u00e9rdekv\u00e9delmi fi\u00f3kj\u00e1nak aleln\u00f6ke (1902. nov. 25.). A minorita rend tulajdon\u00e1ba l\u00e9v\u0151 vend\u00e9gl\u0151t [&hellip;]<\/p>\n","protected":false},"featured_media":0,"comment_status":"open","ping_status":"closed","template":"","meta":[],"product_brand":[],"product_cat":[137],"product_tag":[],"class_list":{"0":"post-13670","1":"product","2":"type-product","3":"status-publish","5":"product_cat-maros-megyei-eletrajzi-lexikon","7":"first","8":"instock","9":"shipping-taxable","10":"product-type-simple"},"_links":{"self":[{"href":"https:\/\/uj.adatbank.ro\/lexikon\/wp-json\/wp\/v2\/product\/13670","targetHints":{"allow":["GET"]}}],"collection":[{"href":"https:\/\/uj.adatbank.ro\/lexikon\/wp-json\/wp\/v2\/product"}],"about":[{"href":"https:\/\/uj.adatbank.ro\/lexikon\/wp-json\/wp\/v2\/types\/product"}],"replies":[{"embeddable":true,"href":"https:\/\/uj.adatbank.ro\/lexikon\/wp-json\/wp\/v2\/comments?post=13670"}],"wp:attachment":[{"href":"https:\/\/uj.adatbank.ro\/lexikon\/wp-json\/wp\/v2\/media?parent=13670"}],"wp:term":[{"taxonomy":"product_brand","embeddable":true,"href":"https:\/\/uj.adatbank.ro\/lexikon\/wp-json\/wp\/v2\/product_brand?post=13670"},{"taxonomy":"product_cat","embeddable":true,"href":"https:\/\/uj.adatbank.ro\/lexikon\/wp-json\/wp\/v2\/product_cat?post=13670"},{"taxonomy":"product_tag","embeddable":true,"href":"https:\/\/uj.adatbank.ro\/lexikon\/wp-json\/wp\/v2\/product_tag?post=13670"}],"curies":[{"name":"wp","href":"https:\/\/api.w.org\/{rel}","templated":true}]}}

LÁSZLÓ György

<p>?, † ?: vendéglős, vállalkozó. – Mv.-en megnyílt a Csizmadia Ipartársulat főtéri székházának földszíntjén a vendéglője és fogadója, a Csillag (1892. nov. 1.).Az elsők között igényelt telefont (1893). A fogadójának egyik szobáját székely festett bútorokkal rendezte be (1900). Az Országos M. Pincéregyesület helyi érdekvédelmi fiókjának alelnöke (1902. nov. 25.). A minorita rend tulajdonába lévő vendéglőt bérelte, amit a tulajdonosok átépítés miatt visszavettek (1905). Mv.en a Vöröskereszt népkonyhát tartotta fent. Tervezte, hogy a tisztviselők számára állandó kantint nyit (1921). <br /><strong>Irod.:</strong> Időtár 3, 5/1, 5/2; Kuszálik–Zalány; Sebestyén 2018</br></p>

<p>?, † ?: vendéglős, vállalkozó. – Mv.-en megnyílt a Csizmadia Ipartársulat főtéri székházának földszíntjén a vendéglője és fogadója, a Csillag (1892. nov. 1.).Az elsők között igényelt telefont (1893). A fogadójának egyik szobáját székely festett bútorokkal rendezte be (1900). Az Országos M. Pincéregyesület helyi érdekvédelmi fiókjának alelnöke (1902. nov. 25.). A minorita rend tulajdonába lévő vendéglőt [&hellip;]</p>
