{"id":13671,"date":"2025-07-15T12:36:17","date_gmt":"2025-07-15T10:36:17","guid":{"rendered":"https:\/\/uj.adatbank.ro\/lexikon\/termek\/laszlo-gyorgy-2\/"},"modified":"2025-07-15T12:36:17","modified_gmt":"2025-07-15T10:36:17","slug":"laszlo-gyorgy-2","status":"publish","type":"product","link":"https:\/\/uj.adatbank.ro\/lexikon\/termek\/laszlo-gyorgy-2\/","title":{"rendered":"L\u00c1SZL\u00d3 Gy\u00f6rgy"},"content":{"rendered":"<p>1855.?, \u2020 Mv., 1929. \u00e1pr. 19.: zen\u00e9sz, karmester. \u2013 Feles\u00e9ge: Pikelk\u00f3 R\u00f3za (1859 \u2013 Mv., 1921. dec. 10.). Nevelt le\u00e1nya: L. Gizella Renner Gy\u00f6rgyn\u00e9. -; A t\u00fczolt\u00f3 zenekar szervez\u00e9sekor (1877) t\u00e9rt vissza Mv.-re. V\u00e1rosi alkalmazott, vend\u00e9gl\u0151s. Karnagya volt a Polg\u00e1ri Dal\u00e1rd\u00e1nak, a T\u00fczolt\u00f3 Zenekarnak, majd a Mv.-i Dalk\u00f6rnek, amelyet vez\u00e9nyelt, a Fium\u00e9ben tartott orsz\u00e1gos m. dalosversenyen is. Kisebb m\u0171veket kompon\u00e1lt, dalokat. <br \/><strong>Irod.:<\/strong> Gy\u00e1szjelent\u0151; [Nekrol\u00f3g] (Az Ellenz\u00e9k, 1929. \u00e1pr. 19.)<\/br><\/p>\n","protected":false},"excerpt":{"rendered":"<p>1855.?, \u2020 Mv., 1929. \u00e1pr. 19.: zen\u00e9sz, karmester. \u2013 Feles\u00e9ge: Pikelk\u00f3 R\u00f3za (1859 \u2013 Mv., 1921. dec. 10.). Nevelt le\u00e1nya: L. Gizella Renner Gy\u00f6rgyn\u00e9. -; A t\u00fczolt\u00f3 zenekar szervez\u00e9sekor (1877) t\u00e9rt vissza Mv.-re. V\u00e1rosi alkalmazott, vend\u00e9gl\u0151s. Karnagya volt a Polg\u00e1ri Dal\u00e1rd\u00e1nak, a T\u00fczolt\u00f3 Zenekarnak, majd a Mv.-i Dalk\u00f6rnek, amelyet vez\u00e9nyelt, a Fium\u00e9ben tartott orsz\u00e1gos m. [&hellip;]<\/p>\n","protected":false},"featured_media":0,"comment_status":"open","ping_status":"closed","template":"","meta":[],"product_brand":[],"product_cat":[137],"product_tag":[],"class_list":{"0":"post-13671","1":"product","2":"type-product","3":"status-publish","5":"product_cat-maros-megyei-eletrajzi-lexikon","7":"first","8":"instock","9":"shipping-taxable","10":"product-type-simple"},"_links":{"self":[{"href":"https:\/\/uj.adatbank.ro\/lexikon\/wp-json\/wp\/v2\/product\/13671","targetHints":{"allow":["GET"]}}],"collection":[{"href":"https:\/\/uj.adatbank.ro\/lexikon\/wp-json\/wp\/v2\/product"}],"about":[{"href":"https:\/\/uj.adatbank.ro\/lexikon\/wp-json\/wp\/v2\/types\/product"}],"replies":[{"embeddable":true,"href":"https:\/\/uj.adatbank.ro\/lexikon\/wp-json\/wp\/v2\/comments?post=13671"}],"wp:attachment":[{"href":"https:\/\/uj.adatbank.ro\/lexikon\/wp-json\/wp\/v2\/media?parent=13671"}],"wp:term":[{"taxonomy":"product_brand","embeddable":true,"href":"https:\/\/uj.adatbank.ro\/lexikon\/wp-json\/wp\/v2\/product_brand?post=13671"},{"taxonomy":"product_cat","embeddable":true,"href":"https:\/\/uj.adatbank.ro\/lexikon\/wp-json\/wp\/v2\/product_cat?post=13671"},{"taxonomy":"product_tag","embeddable":true,"href":"https:\/\/uj.adatbank.ro\/lexikon\/wp-json\/wp\/v2\/product_tag?post=13671"}],"curies":[{"name":"wp","href":"https:\/\/api.w.org\/{rel}","templated":true}]}}

LÁSZLÓ György

<p>1855.?, † Mv., 1929. ápr. 19.: zenész, karmester. – Felesége: Pikelkó Róza (1859 – Mv., 1921. dec. 10.). Nevelt leánya: L. Gizella Renner Györgyné. -; A tüzoltó zenekar szervezésekor (1877) tért vissza Mv.-re. Városi alkalmazott, vendéglős. Karnagya volt a Polgári Dalárdának, a Tüzoltó Zenekarnak, majd a Mv.-i Dalkörnek, amelyet vezényelt, a Fiumében tartott országos m. dalosversenyen is. Kisebb műveket komponált, dalokat. <br /><strong>Irod.:</strong> Gyászjelentő; [Nekrológ] (Az Ellenzék, 1929. ápr. 19.)</br></p>

<p>1855.?, † Mv., 1929. ápr. 19.: zenész, karmester. – Felesége: Pikelkó Róza (1859 – Mv., 1921. dec. 10.). Nevelt leánya: L. Gizella Renner Györgyné. -; A tüzoltó zenekar szervezésekor (1877) tért vissza Mv.-re. Városi alkalmazott, vendéglős. Karnagya volt a Polgári Dalárdának, a Tüzoltó Zenekarnak, majd a Mv.-i Dalkörnek, amelyet vezényelt, a Fiumében tartott országos m. [&hellip;]</p>
