{"id":13672,"date":"2025-07-15T12:36:18","date_gmt":"2025-07-15T10:36:18","guid":{"rendered":"https:\/\/uj.adatbank.ro\/lexikon\/termek\/laszlo-gyorgy-laszlo-gheorghe\/"},"modified":"2025-07-15T12:36:18","modified_gmt":"2025-07-15T10:36:18","slug":"laszlo-gyorgy-laszlo-gheorghe","status":"publish","type":"product","link":"https:\/\/uj.adatbank.ro\/lexikon\/termek\/laszlo-gyorgy-laszlo-gheorghe\/","title":{"rendered":"L\u00c1SZL\u00d3 Gy\u00f6rgy, L\u00e1szl\u00f3 Gheorghe"},"content":{"rendered":"<p>?, \u2020 ?: g\u00f6r.kat. pap. \u2013 Toldalakon szolg\u00e1lt (Petru Maiort k\u00f6vette, 19. sz. els\u0151 fele k.). <br \/><strong>Irod.:<\/strong> Reghin, Protopopiat<\/br><\/p>\n","protected":false},"excerpt":{"rendered":"<p>?, \u2020 ?: g\u00f6r.kat. pap. \u2013 Toldalakon szolg\u00e1lt (Petru Maiort k\u00f6vette, 19. sz. els\u0151 fele k.). Irod.: Reghin, Protopopiat<\/p>\n","protected":false},"featured_media":0,"comment_status":"open","ping_status":"closed","template":"","meta":[],"product_brand":[],"product_cat":[137],"product_tag":[],"class_list":{"0":"post-13672","1":"product","2":"type-product","3":"status-publish","5":"product_cat-maros-megyei-eletrajzi-lexikon","7":"first","8":"instock","9":"shipping-taxable","10":"product-type-simple"},"_links":{"self":[{"href":"https:\/\/uj.adatbank.ro\/lexikon\/wp-json\/wp\/v2\/product\/13672","targetHints":{"allow":["GET"]}}],"collection":[{"href":"https:\/\/uj.adatbank.ro\/lexikon\/wp-json\/wp\/v2\/product"}],"about":[{"href":"https:\/\/uj.adatbank.ro\/lexikon\/wp-json\/wp\/v2\/types\/product"}],"replies":[{"embeddable":true,"href":"https:\/\/uj.adatbank.ro\/lexikon\/wp-json\/wp\/v2\/comments?post=13672"}],"wp:attachment":[{"href":"https:\/\/uj.adatbank.ro\/lexikon\/wp-json\/wp\/v2\/media?parent=13672"}],"wp:term":[{"taxonomy":"product_brand","embeddable":true,"href":"https:\/\/uj.adatbank.ro\/lexikon\/wp-json\/wp\/v2\/product_brand?post=13672"},{"taxonomy":"product_cat","embeddable":true,"href":"https:\/\/uj.adatbank.ro\/lexikon\/wp-json\/wp\/v2\/product_cat?post=13672"},{"taxonomy":"product_tag","embeddable":true,"href":"https:\/\/uj.adatbank.ro\/lexikon\/wp-json\/wp\/v2\/product_tag?post=13672"}],"curies":[{"name":"wp","href":"https:\/\/api.w.org\/{rel}","templated":true}]}}