{"id":13674,"date":"2025-07-15T12:36:22","date_gmt":"2025-07-15T10:36:22","guid":{"rendered":"https:\/\/uj.adatbank.ro\/lexikon\/termek\/laszlo-gyula\/"},"modified":"2025-07-15T12:36:22","modified_gmt":"2025-07-15T10:36:22","slug":"laszlo-gyula","status":"publish","type":"product","link":"https:\/\/uj.adatbank.ro\/lexikon\/termek\/laszlo-gyula\/","title":{"rendered":"L\u00c1SZL\u00d3 Gyula"},"content":{"rendered":"<p>1859. \u2020 Mv., 1915. j\u00fan. 6.: kereskedelmi- \u00e9s iparkamarai titk\u00e1r. \u2013 Mv.-en a Kereskedelmi- \u00e9s Iparkamar\u00e1nak (1890. dec. 27. alakult) sok\u00e1ig m\u00e1sodtitk\u00e1ra volt, majd titk\u00e1ra volt (1912\u2013). A mv.-i Sz\u00e9kelyf\u00f6ldi Iparm\u00fazeum \u00e9p\u00edt\u00e9sekor fel\u00fcgyel\u0151 m\u00fazeum\u0151r volt (1893), aki az ideiglenes, majd az \u00e1lland\u00f3 helyis\u00e9gben a t\u00e1rgyak szakszer\u0171 rendez\u0151je. Inditv\u00e1nyozta a mv.-i Sz\u00e9kely T\u00e1rsas\u00e1g megalak\u00edt\u00e1s\u00e1t, melynek a c\u00e9lja a Sz\u00e9kelyf\u00f6ld fejl\u0151d\u00e9s\u00e9nek el\u0151seg\u00edt\u00e9se, a t\u00e1rsadalmi k\u00e9rd\u00e9sek megold\u00e1sa. K\u00e9s\u0151bb a Sz\u00e9kely-Asztal T\u00e1rsas\u00e1g (1899. okt. 30.), majd a Sz\u00e9kely T\u00e1rsas\u00e1g nevet vette fel (1901. \u00e1pr. 9.), amelynek aleln\u00f6ke lett. A t\u00e1rsas\u00e1g kiadv\u00e1nyai foglalkoztak a t\u00e9rs\u00e9g probl\u00e9m\u00e1ival. \u00e9s javaslatokat tettek a sz\u00e9kely gazdas\u00e1gi viszonyok jav\u00edt\u00e1s\u00e1ra. Szorgalmazta a sz\u00e9kely fi\u00fak ipari k\u00e9pz\u00e9s\u00e9nek megind\u00edt\u00e1s\u00e1t, igyekezet a sz\u00e9kelys\u00e9g bajain seg\u00edteni. Tev\u00e9keny r\u00e9szt v\u00e1llalt a tusn\u00e1df\u00fcrd\u0151i Sz\u00e9kely Kongresszuson is (1902). Egyik szerk.-je a mv.-i Kereskedelmi- \u00e9s Iparkamara Jelent\u00e9sei kiadv\u00e1nynak. Fafarag\u00e1szattal is foglalkozott, az EMKE szervez\u00e9s\u00e9ben rendezett sepsiszentgy\u00f6rgyi sz\u00e9kely ipari ki\u00e1ll\u00edt\u00e1son oklevelet nyert (1887). \u0150 rajzolta a mv.-i iparosok d\u00edszoklevel\u00e9t Kossuthnak (1889). <strong>Cikkei:<\/strong> Sz\u00e9kely-Egyleti K\u00e9pes napt\u00e1r (1890); Debreceni Ellen\u0151r, M. Polg\u00e1r, Marosv\u00e1s\u00e1rhely, Debrecen, P\u00e9csi Napl\u00f3, B. H\u00edrlap-ban. \u2013 <strong>F. m.:<\/strong> Sz\u00e9kely kiv\u00e1ndorl\u00e1s (Bp., 1887, 1900); Sz\u00e9kely \u00e9s cs\u00e1ng\u00f3 le\u00e1nyok (Mv., 1899); A Sz\u00e9kely T\u00e1rsas\u00e1gokr\u00f3l (Mv., 1901); Eml\u00e9kbesz\u00e9d Kiss Jen\u0151 felett (Mv., 1902); A Sz\u00e9kely T\u00e1rsas\u00e1gok (Mv., 1907); Az \u00faj ipart\u00f6rv\u00e9ny ismertet\u00e9se (Mv., 1908); Sz\u00e9kelyf\u00f6ldi iparfejleszt\u00e9s (Mv., 1912); Mv. kisipara (Mv., 1913); Eml\u00e9kbesz\u00e9d Borsz\u00e9ki Soma felett (Mv., 1913); Udvarhely megye iparfejleszt\u00e9se (Mv., 1913); A sz\u00e9kely gazdas\u00e1gi k\u00e9rd\u00e9s (Mv., 1913); <strong>t\u00e1rssz.:<\/strong> A mv.-i Kereskedelmi \u00e9s Iparkamara 1893. \u00e9vi m\u00e1rc. 27.-\u00e9n tartott rendes teljes\u00fcl\u00e9s\u00e9nek jegyz\u0151k\u00f6nyve (Mv., 1893); A sz\u00e9kelyekr\u0151l (Arad, 1904); Eml\u00e9kk\u00f6nyv De\u00e1k Lajos kir. tan\u00e1csos tanfel\u00fcgyel\u0151 huszon\u00f6t\u00e9ves jubileuma alkalm\u00e1b\u00f3l (Mv., 1908), Mv.-i lexikon (Mv., 1912), <strong>szerk.:<\/strong> A Barab\u00e1s Mikl\u00f3s C\u00e9h k\u00e9pz\u0151m\u0171v\u00e9szeti ki\u00e1ll\u00edt\u00e1sa (el\u0151sz\u00f3, Mv., 1943). <br \/><strong>Irod.:<\/strong> Balaton Petra: A sz\u00e9kely t\u00e1rsadalom \u00f6nszervez\u0151d\u00e9se: A Sz\u00e9kely T\u00e1rsas\u00e1gok (I.-II.): T\u00f6rekv\u00e9sek Sz\u00e9kelyf\u00f6ld felz\u00e1rk\u00f3ztat\u00e1s\u00e1ra a 20. sz\u00e1zad elej\u00e9n (Korunk, 1. sz., 2010. jan.; 2. sz., 2010. febr.); F\u00fcl\u00f6p\u2013Ferencz; Ga\u00e1l Korn\u00e9lia: Sz\u00e1z \u00e9ve, 1893. j\u00falius m\u00e1sodik\u00e1n avatt\u00e1k fel a Sz\u00e9kelyf\u00f6ldi Iparm\u00fazeum csarnok\u00e1t (N\u00fa., 1993. j\u00fal. 9.; 1993. j\u00fal. 23.); Guly\u00e1s; Id\u0151t\u00e1r 2; K\u00e1d\u00e1r Zsombor: A lelkes kamarai titk\u00e1r  =  K\u00e1d\u00e1r Zsombor: Sz\u00e9kelyf\u00f6ldi erd\u00e9szeti arck\u00e9pcsarnok (Bp., 1999); Mv.-i Almanach 1912; Szab\u00f3 \u2013 K\u00e1llai.<\/br><\/p>\n","protected":false},"excerpt":{"rendered":"<p>1859. \u2020 Mv., 1915. j\u00fan. 6.: kereskedelmi- \u00e9s iparkamarai titk\u00e1r. \u2013 Mv.-en a Kereskedelmi- \u00e9s Iparkamar\u00e1nak (1890. dec. 27. alakult) sok\u00e1ig m\u00e1sodtitk\u00e1ra volt, majd titk\u00e1ra volt (1912\u2013). A mv.-i Sz\u00e9kelyf\u00f6ldi Iparm\u00fazeum \u00e9p\u00edt\u00e9sekor fel\u00fcgyel\u0151 m\u00fazeum\u0151r volt (1893), aki az ideiglenes, majd az \u00e1lland\u00f3 helyis\u00e9gben a t\u00e1rgyak szakszer\u0171 rendez\u0151je. Inditv\u00e1nyozta a mv.-i Sz\u00e9kely T\u00e1rsas\u00e1g megalak\u00edt\u00e1s\u00e1t, melynek a [&hellip;]<\/p>\n","protected":false},"featured_media":0,"comment_status":"open","ping_status":"closed","template":"","meta":[],"product_brand":[],"product_cat":[137],"product_tag":[],"class_list":{"0":"post-13674","1":"product","2":"type-product","3":"status-publish","5":"product_cat-maros-megyei-eletrajzi-lexikon","7":"first","8":"instock","9":"shipping-taxable","10":"product-type-simple"},"_links":{"self":[{"href":"https:\/\/uj.adatbank.ro\/lexikon\/wp-json\/wp\/v2\/product\/13674","targetHints":{"allow":["GET"]}}],"collection":[{"href":"https:\/\/uj.adatbank.ro\/lexikon\/wp-json\/wp\/v2\/product"}],"about":[{"href":"https:\/\/uj.adatbank.ro\/lexikon\/wp-json\/wp\/v2\/types\/product"}],"replies":[{"embeddable":true,"href":"https:\/\/uj.adatbank.ro\/lexikon\/wp-json\/wp\/v2\/comments?post=13674"}],"wp:attachment":[{"href":"https:\/\/uj.adatbank.ro\/lexikon\/wp-json\/wp\/v2\/media?parent=13674"}],"wp:term":[{"taxonomy":"product_brand","embeddable":true,"href":"https:\/\/uj.adatbank.ro\/lexikon\/wp-json\/wp\/v2\/product_brand?post=13674"},{"taxonomy":"product_cat","embeddable":true,"href":"https:\/\/uj.adatbank.ro\/lexikon\/wp-json\/wp\/v2\/product_cat?post=13674"},{"taxonomy":"product_tag","embeddable":true,"href":"https:\/\/uj.adatbank.ro\/lexikon\/wp-json\/wp\/v2\/product_tag?post=13674"}],"curies":[{"name":"wp","href":"https:\/\/api.w.org\/{rel}","templated":true}]}}

LÁSZLÓ Gyula

<p>1859. † Mv., 1915. jún. 6.: kereskedelmi- és iparkamarai titkár. – Mv.-en a Kereskedelmi- és Iparkamarának (1890. dec. 27. alakult) sokáig másodtitkára volt, majd titkára volt (1912–). A mv.-i Székelyföldi Iparmúzeum építésekor felügyelő múzeumőr volt (1893), aki az ideiglenes, majd az állandó helyiségben a tárgyak szakszerű rendezője. Inditványozta a mv.-i Székely Társaság megalakítását, melynek a célja a Székelyföld fejlődésének elősegítése, a társadalmi kérdések megoldása. Később a Székely-Asztal Társaság (1899. okt. 30.), majd a Székely Társaság nevet vette fel (1901. ápr. 9.), amelynek alelnöke lett. A társaság kiadványai foglalkoztak a térség problémáival. és javaslatokat tettek a székely gazdasági viszonyok javítására. Szorgalmazta a székely fiúk ipari képzésének megindítását, igyekezet a székelység bajain segíteni. Tevékeny részt vállalt a tusnádfürdői Székely Kongresszuson is (1902). Egyik szerk.-je a mv.-i Kereskedelmi- és Iparkamara Jelentései kiadványnak. Fafaragászattal is foglalkozott, az EMKE szervezésében rendezett sepsiszentgyörgyi székely ipari kiállításon oklevelet nyert (1887). Ő rajzolta a mv.-i iparosok díszoklevelét Kossuthnak (1889). <strong>Cikkei:</strong> Székely-Egyleti Képes naptár (1890); Debreceni Ellenőr, M. Polgár, Marosvásárhely, Debrecen, Pécsi Napló, B. Hírlap-ban. – <strong>F. m.:</strong> Székely kivándorlás (Bp., 1887, 1900); Székely és csángó leányok (Mv., 1899); A Székely Társaságokról (Mv., 1901); Emlékbeszéd Kiss Jenő felett (Mv., 1902); A Székely Társaságok (Mv., 1907); Az új ipartörvény ismertetése (Mv., 1908); Székelyföldi iparfejlesztés (Mv., 1912); Mv. kisipara (Mv., 1913); Emlékbeszéd Borszéki Soma felett (Mv., 1913); Udvarhely megye iparfejlesztése (Mv., 1913); A székely gazdasági kérdés (Mv., 1913); <strong>társsz.:</strong> A mv.-i Kereskedelmi és Iparkamara 1893. évi márc. 27.-én tartott rendes teljesülésének jegyzőkönyve (Mv., 1893); A székelyekről (Arad, 1904); Emlékkönyv Deák Lajos kir. tanácsos tanfelügyelő huszonötéves jubileuma alkalmából (Mv., 1908), Mv.-i lexikon (Mv., 1912), <strong>szerk.:</strong> A Barabás Miklós Céh képzőművészeti kiállítása (előszó, Mv., 1943). <br /><strong>Irod.:</strong> Balaton Petra: A székely társadalom önszerveződése: A Székely Társaságok (I.-II.): Törekvések Székelyföld felzárkóztatására a 20. század elején (Korunk, 1. sz., 2010. jan.; 2. sz., 2010. febr.); Fülöp–Ferencz; Gaál Kornélia: Száz éve, 1893. július másodikán avatták fel a Székelyföldi Iparmúzeum csarnokát (Nú., 1993. júl. 9.; 1993. júl. 23.); Gulyás; Időtár 2; Kádár Zsombor: A lelkes kamarai titkár  =  Kádár Zsombor: Székelyföldi erdészeti arcképcsarnok (Bp., 1999); Mv.-i Almanach 1912; Szabó – Kállai.</br></p>

<p>1859. † Mv., 1915. jún. 6.: kereskedelmi- és iparkamarai titkár. – Mv.-en a Kereskedelmi- és Iparkamarának (1890. dec. 27. alakult) sokáig másodtitkára volt, majd titkára volt (1912–). A mv.-i Székelyföldi Iparmúzeum építésekor felügyelő múzeumőr volt (1893), aki az ideiglenes, majd az állandó helyiségben a tárgyak szakszerű rendezője. Inditványozta a mv.-i Székely Társaság megalakítását, melynek a [&hellip;]</p>
