{"id":13675,"date":"2025-07-15T12:36:24","date_gmt":"2025-07-15T10:36:24","guid":{"rendered":"https:\/\/uj.adatbank.ro\/lexikon\/termek\/laszlo-gyula-2\/"},"modified":"2025-07-15T12:36:24","modified_gmt":"2025-07-15T10:36:24","slug":"laszlo-gyula-2","status":"publish","type":"product","link":"https:\/\/uj.adatbank.ro\/lexikon\/termek\/laszlo-gyula-2\/","title":{"rendered":"L\u00c1SZL\u00d3 Gyula"},"content":{"rendered":"<p>1902, \u2020 Mv., 1975. okt. 6.: a munk\u00e1smozgalom harcosa. \u2013 Fiatalon bekapcsol\u00f3dott a munk\u00e1smozgalomba, az egys\u00e9ges szakszervezetekben tev\u00e9kenykedett. A ruh\u00e1szati munk\u00e1sok szakszervezet\u00e9nek eln\u00f6ke. A p\u00e1rt illegal\u00edt\u00e1sa idej\u00e9n t\u00f6bb \u00e9ven \u00e1t volt sejttitk\u00e1r, a helyi \u00e9s megyei p\u00e1rtvezet\u0151s\u00e9g tagja.s a p\u00e1rt mv.-i szervezet\u00e9nek titk\u00e1ra, sz\u00e1mtalanszor letart\u00f3ztatt\u00e1k \u00e9s megk\u00ednozt\u00e1k. S\u00falyos b\u00f6rt\u00f6nre it\u00e9lt\u00e9k, de a felszabadul\u00e1skor kiengedt\u00e9k (1943\u201344). A p\u00e1rt k\u00fcl\u00f6nb\u00f6z\u0151 feladatokkal b\u00edzta meg, volt p\u00e1rtakt\u00edvista, majd nyugdjaz\u00e1s\u00e1ig a Marosi textil (Textila Mure\u015f) Sz\u00f6vetkezet eln\u00f6ke. <br \/><strong>Irod.:<\/strong> L. Gy. [Nekrol\u00f3g] (V. Z., 1975. okt. 7.)<\/br><\/p>\n","protected":false},"excerpt":{"rendered":"<p>1902, \u2020 Mv., 1975. okt. 6.: a munk\u00e1smozgalom harcosa. \u2013 Fiatalon bekapcsol\u00f3dott a munk\u00e1smozgalomba, az egys\u00e9ges szakszervezetekben tev\u00e9kenykedett. A ruh\u00e1szati munk\u00e1sok szakszervezet\u00e9nek eln\u00f6ke. A p\u00e1rt illegal\u00edt\u00e1sa idej\u00e9n t\u00f6bb \u00e9ven \u00e1t volt sejttitk\u00e1r, a helyi \u00e9s megyei p\u00e1rtvezet\u0151s\u00e9g tagja.s a p\u00e1rt mv.-i szervezet\u00e9nek titk\u00e1ra, sz\u00e1mtalanszor letart\u00f3ztatt\u00e1k \u00e9s megk\u00ednozt\u00e1k. S\u00falyos b\u00f6rt\u00f6nre it\u00e9lt\u00e9k, de a felszabadul\u00e1skor kiengedt\u00e9k (1943\u201344). [&hellip;]<\/p>\n","protected":false},"featured_media":0,"comment_status":"open","ping_status":"closed","template":"","meta":[],"product_brand":[],"product_cat":[137],"product_tag":[],"class_list":{"0":"post-13675","1":"product","2":"type-product","3":"status-publish","5":"product_cat-maros-megyei-eletrajzi-lexikon","7":"first","8":"instock","9":"shipping-taxable","10":"product-type-simple"},"_links":{"self":[{"href":"https:\/\/uj.adatbank.ro\/lexikon\/wp-json\/wp\/v2\/product\/13675","targetHints":{"allow":["GET"]}}],"collection":[{"href":"https:\/\/uj.adatbank.ro\/lexikon\/wp-json\/wp\/v2\/product"}],"about":[{"href":"https:\/\/uj.adatbank.ro\/lexikon\/wp-json\/wp\/v2\/types\/product"}],"replies":[{"embeddable":true,"href":"https:\/\/uj.adatbank.ro\/lexikon\/wp-json\/wp\/v2\/comments?post=13675"}],"wp:attachment":[{"href":"https:\/\/uj.adatbank.ro\/lexikon\/wp-json\/wp\/v2\/media?parent=13675"}],"wp:term":[{"taxonomy":"product_brand","embeddable":true,"href":"https:\/\/uj.adatbank.ro\/lexikon\/wp-json\/wp\/v2\/product_brand?post=13675"},{"taxonomy":"product_cat","embeddable":true,"href":"https:\/\/uj.adatbank.ro\/lexikon\/wp-json\/wp\/v2\/product_cat?post=13675"},{"taxonomy":"product_tag","embeddable":true,"href":"https:\/\/uj.adatbank.ro\/lexikon\/wp-json\/wp\/v2\/product_tag?post=13675"}],"curies":[{"name":"wp","href":"https:\/\/api.w.org\/{rel}","templated":true}]}}

LÁSZLÓ Gyula

<p>1902, † Mv., 1975. okt. 6.: a munkásmozgalom harcosa. – Fiatalon bekapcsolódott a munkásmozgalomba, az egységes szakszervezetekben tevékenykedett. A ruhászati munkások szakszervezetének elnöke. A párt illegalítása idején több éven át volt sejttitkár, a helyi és megyei pártvezetőség tagja.s a párt mv.-i szervezetének titkára, számtalanszor letartóztatták és megkínozták. Súlyos börtönre itélték, de a felszabaduláskor kiengedték (1943–44). A párt különböző feladatokkal bízta meg, volt pártaktívista, majd nyugdjazásáig a Marosi textil (Textila Mureş) Szövetkezet elnöke. <br /><strong>Irod.:</strong> L. Gy. [Nekrológ] (V. Z., 1975. okt. 7.)</br></p>

<p>1902, † Mv., 1975. okt. 6.: a munkásmozgalom harcosa. – Fiatalon bekapcsolódott a munkásmozgalomba, az egységes szakszervezetekben tevékenykedett. A ruhászati munkások szakszervezetének elnöke. A párt illegalítása idején több éven át volt sejttitkár, a helyi és megyei pártvezetőség tagja.s a párt mv.-i szervezetének titkára, számtalanszor letartóztatták és megkínozták. Súlyos börtönre itélték, de a felszabaduláskor kiengedték (1943–44). [&hellip;]</p>
