{"id":13676,"date":"2025-07-15T12:36:26","date_gmt":"2025-07-15T10:36:26","guid":{"rendered":"https:\/\/uj.adatbank.ro\/lexikon\/termek\/laszlo-gyula-3\/"},"modified":"2025-07-15T12:36:26","modified_gmt":"2025-07-15T10:36:26","slug":"laszlo-gyula-3","status":"publish","type":"product","link":"https:\/\/uj.adatbank.ro\/lexikon\/termek\/laszlo-gyula-3\/","title":{"rendered":"L\u00c1SZL\u00d3 Gyula"},"content":{"rendered":"<p>Kutyfalva, 1926.. szept. 28., \u2020 Fokv\u00e1ros, 2010. j\u00fal. 21: agr\u00e1rm\u00e9rn\u00f6k, sz\u0151l\u00e9szeti \u00e9s bor\u00e1szati szak\u00edr\u00f3. \u2013 \u00c9retts\u00e9gizett Mv.-en a Ref. Koll.-ban (1946), majd a kv.-i Mez\u0151gazdas\u00e1gi F\u0151iskol\u00e1n szerzett oklevelet (1951); Moszkv\u00e1ban doktor\u00e1lt (1954). Kv.-on a Mez\u0151gazdas\u00e1gi F\u0151iskol\u00e1n tan\u00e1rseg\u00e9d (1951\u201354); a buk.-i Mez\u0151gazdas\u00e1gi Kutat\u00f3 Int\u00e9zet mikrobiol\u00f3giai labor. vezet\u0151je (1954\u201359); a Valea C\u0103lug\u0103reasca sz\u0151l\u00e9szeti \u00e9s bor\u00e1szati kutat\u00f3int\u00e9zet igazgat\u00f3ja (1959\u201375); a D\u00e9l-Afrikai K\u00f6zt\u00e1rsas\u00e1gba emigr\u00e1lt politikai okokb\u00f3l (1975), ahol kutat\u00f3 majd a stellenboschi borkombin\u00e1t vez\u00e9rigazgat\u00f3ja. Cikkei rom\u00e1n, francia, n\u00e9met szaklapokban jelentek meg az 50-es \u00e9vek elej\u00e9t\u0151l, azut\u00e1n angol nyelven publik\u00e1lt. \u2013 <strong>F. m.:<\/strong> <strong>t\u00e1rssz.:<\/strong> Bor\u00e1szat (Cs\u00e1vossy Gy\u00f6rgy, Mezei S\u00e1ndorral, Buk., 1963). <br \/><strong>Irod.:<\/strong> KKACs, RMIL<\/br><\/p>\n","protected":false},"excerpt":{"rendered":"<p>Kutyfalva, 1926.. szept. 28., \u2020 Fokv\u00e1ros, 2010. j\u00fal. 21: agr\u00e1rm\u00e9rn\u00f6k, sz\u0151l\u00e9szeti \u00e9s bor\u00e1szati szak\u00edr\u00f3. \u2013 \u00c9retts\u00e9gizett Mv.-en a Ref. Koll.-ban (1946), majd a kv.-i Mez\u0151gazdas\u00e1gi F\u0151iskol\u00e1n szerzett oklevelet (1951); Moszkv\u00e1ban doktor\u00e1lt (1954). Kv.-on a Mez\u0151gazdas\u00e1gi F\u0151iskol\u00e1n tan\u00e1rseg\u00e9d (1951\u201354); a buk.-i Mez\u0151gazdas\u00e1gi Kutat\u00f3 Int\u00e9zet mikrobiol\u00f3giai labor. vezet\u0151je (1954\u201359); a Valea C\u0103lug\u0103reasca sz\u0151l\u00e9szeti \u00e9s bor\u00e1szati kutat\u00f3int\u00e9zet igazgat\u00f3ja [&hellip;]<\/p>\n","protected":false},"featured_media":0,"comment_status":"open","ping_status":"closed","template":"","meta":[],"product_brand":[],"product_cat":[137],"product_tag":[],"class_list":{"0":"post-13676","1":"product","2":"type-product","3":"status-publish","5":"product_cat-maros-megyei-eletrajzi-lexikon","7":"first","8":"instock","9":"shipping-taxable","10":"product-type-simple"},"_links":{"self":[{"href":"https:\/\/uj.adatbank.ro\/lexikon\/wp-json\/wp\/v2\/product\/13676","targetHints":{"allow":["GET"]}}],"collection":[{"href":"https:\/\/uj.adatbank.ro\/lexikon\/wp-json\/wp\/v2\/product"}],"about":[{"href":"https:\/\/uj.adatbank.ro\/lexikon\/wp-json\/wp\/v2\/types\/product"}],"replies":[{"embeddable":true,"href":"https:\/\/uj.adatbank.ro\/lexikon\/wp-json\/wp\/v2\/comments?post=13676"}],"wp:attachment":[{"href":"https:\/\/uj.adatbank.ro\/lexikon\/wp-json\/wp\/v2\/media?parent=13676"}],"wp:term":[{"taxonomy":"product_brand","embeddable":true,"href":"https:\/\/uj.adatbank.ro\/lexikon\/wp-json\/wp\/v2\/product_brand?post=13676"},{"taxonomy":"product_cat","embeddable":true,"href":"https:\/\/uj.adatbank.ro\/lexikon\/wp-json\/wp\/v2\/product_cat?post=13676"},{"taxonomy":"product_tag","embeddable":true,"href":"https:\/\/uj.adatbank.ro\/lexikon\/wp-json\/wp\/v2\/product_tag?post=13676"}],"curies":[{"name":"wp","href":"https:\/\/api.w.org\/{rel}","templated":true}]}}

LÁSZLÓ Gyula

<p>Kutyfalva, 1926.. szept. 28., † Fokváros, 2010. júl. 21: agrármérnök, szőlészeti és borászati szakíró. – Érettségizett Mv.-en a Ref. Koll.-ban (1946), majd a kv.-i Mezőgazdasági Főiskolán szerzett oklevelet (1951); Moszkvában doktorált (1954). Kv.-on a Mezőgazdasági Főiskolán tanársegéd (1951–54); a buk.-i Mezőgazdasági Kutató Intézet mikrobiológiai labor. vezetője (1954–59); a Valea Călugăreasca szőlészeti és borászati kutatóintézet igazgatója (1959–75); a Dél-Afrikai Köztársaságba emigrált politikai okokból (1975), ahol kutató majd a stellenboschi borkombinát vezérigazgatója. Cikkei román, francia, német szaklapokban jelentek meg az 50-es évek elejétől, azután angol nyelven publikált. – <strong>F. m.:</strong> <strong>társsz.:</strong> Borászat (Csávossy György, Mezei Sándorral, Buk., 1963). <br /><strong>Irod.:</strong> KKACs, RMIL</br></p>

<p>Kutyfalva, 1926.. szept. 28., † Fokváros, 2010. júl. 21: agrármérnök, szőlészeti és borászati szakíró. – Érettségizett Mv.-en a Ref. Koll.-ban (1946), majd a kv.-i Mezőgazdasági Főiskolán szerzett oklevelet (1951); Moszkvában doktorált (1954). Kv.-on a Mezőgazdasági Főiskolán tanársegéd (1951–54); a buk.-i Mezőgazdasági Kutató Intézet mikrobiológiai labor. vezetője (1954–59); a Valea Călugăreasca szőlészeti és borászati kutatóintézet igazgatója [&hellip;]</p>
