{"id":13682,"date":"2025-07-15T12:36:37","date_gmt":"2025-07-15T10:36:37","guid":{"rendered":"https:\/\/uj.adatbank.ro\/lexikon\/termek\/laszlo-jakab\/"},"modified":"2025-07-15T12:36:37","modified_gmt":"2025-07-15T10:36:37","slug":"laszlo-jakab","status":"publish","type":"product","link":"https:\/\/uj.adatbank.ro\/lexikon\/termek\/laszlo-jakab\/","title":{"rendered":"L\u00c1SZL\u00d3 Jakab"},"content":{"rendered":"<p>1889., \u2020\u00a0Auschwitz, 1944: m\u00e9rn\u00f6k-igazgat\u00f3. \u2013 A Medgyesfalvi G\u0151zt\u00e9gla \u00e9s Cser\u00e9pgy\u00e1r Rt (alap\u00edt\u00e1si \u00e9v 1912) igazgat\u00f3ja. A v\u00e1llalat a mv.-i Lesz\u00e1m\u00edtol\u00f3 Bank \u00e9rdekk\u00f6r\u00e9be tartozott, t\u00e9gla, cser\u00e9p, egy\u00e9b agyag\u00e1r\u00fa \u00e9s cement\u00e1r\u00fa gy\u00e1rt\u00e1s\u00e1val, m\u00e9sz\u00e9get\u00e9ssel \u00e9s gy\u00e1rtm\u00e1nyaik forgalmaz\u00e1s\u00e1val foglalkozott. Mv.-r\u0151l deport\u00e1lt\u00e1k (1944. m\u00e1j. 29.). <br \/><strong>Irod.:<\/strong> EBKL; Mv. zsid\u00f3s\u00e1ga<\/br><\/p>\n","protected":false},"excerpt":{"rendered":"<p>1889., \u2020\u00a0Auschwitz, 1944: m\u00e9rn\u00f6k-igazgat\u00f3. \u2013 A Medgyesfalvi G\u0151zt\u00e9gla \u00e9s Cser\u00e9pgy\u00e1r Rt (alap\u00edt\u00e1si \u00e9v 1912) igazgat\u00f3ja. A v\u00e1llalat a mv.-i Lesz\u00e1m\u00edtol\u00f3 Bank \u00e9rdekk\u00f6r\u00e9be tartozott, t\u00e9gla, cser\u00e9p, egy\u00e9b agyag\u00e1r\u00fa \u00e9s cement\u00e1r\u00fa gy\u00e1rt\u00e1s\u00e1val, m\u00e9sz\u00e9get\u00e9ssel \u00e9s gy\u00e1rtm\u00e1nyaik forgalmaz\u00e1s\u00e1val foglalkozott. Mv.-r\u0151l deport\u00e1lt\u00e1k (1944. m\u00e1j. 29.). Irod.: EBKL; Mv. zsid\u00f3s\u00e1ga<\/p>\n","protected":false},"featured_media":0,"comment_status":"open","ping_status":"closed","template":"","meta":[],"product_brand":[],"product_cat":[137],"product_tag":[],"class_list":{"0":"post-13682","1":"product","2":"type-product","3":"status-publish","5":"product_cat-maros-megyei-eletrajzi-lexikon","7":"first","8":"instock","9":"shipping-taxable","10":"product-type-simple"},"_links":{"self":[{"href":"https:\/\/uj.adatbank.ro\/lexikon\/wp-json\/wp\/v2\/product\/13682","targetHints":{"allow":["GET"]}}],"collection":[{"href":"https:\/\/uj.adatbank.ro\/lexikon\/wp-json\/wp\/v2\/product"}],"about":[{"href":"https:\/\/uj.adatbank.ro\/lexikon\/wp-json\/wp\/v2\/types\/product"}],"replies":[{"embeddable":true,"href":"https:\/\/uj.adatbank.ro\/lexikon\/wp-json\/wp\/v2\/comments?post=13682"}],"wp:attachment":[{"href":"https:\/\/uj.adatbank.ro\/lexikon\/wp-json\/wp\/v2\/media?parent=13682"}],"wp:term":[{"taxonomy":"product_brand","embeddable":true,"href":"https:\/\/uj.adatbank.ro\/lexikon\/wp-json\/wp\/v2\/product_brand?post=13682"},{"taxonomy":"product_cat","embeddable":true,"href":"https:\/\/uj.adatbank.ro\/lexikon\/wp-json\/wp\/v2\/product_cat?post=13682"},{"taxonomy":"product_tag","embeddable":true,"href":"https:\/\/uj.adatbank.ro\/lexikon\/wp-json\/wp\/v2\/product_tag?post=13682"}],"curies":[{"name":"wp","href":"https:\/\/api.w.org\/{rel}","templated":true}]}}