{"id":13688,"date":"2025-07-15T12:36:48","date_gmt":"2025-07-15T10:36:48","guid":{"rendered":"https:\/\/uj.adatbank.ro\/lexikon\/termek\/laszlo-janos-6\/"},"modified":"2025-07-15T12:36:48","modified_gmt":"2025-07-15T10:36:48","slug":"laszlo-janos-6","status":"publish","type":"product","link":"https:\/\/uj.adatbank.ro\/lexikon\/termek\/laszlo-janos-6\/","title":{"rendered":"L\u00c1SZL\u00d3 J\u00e1nos"},"content":{"rendered":"<p>1872.,\u2020 Gernyeszeg,1907. j\u00fan. 27.: ref. lelk\u00e9sz, tan\u00e1r. \u2013 A mv.-i Ref. Koll. ideiglenes tan\u00e1ra (1896\u201397; 1899\u20131900). <br \/><strong>Irod.:<\/strong> Gy\u00e1szjelent.; Mv. t\u00f6rt. 2.<\/br><\/p>\n","protected":false},"excerpt":{"rendered":"<p>1872.,\u2020 Gernyeszeg,1907. j\u00fan. 27.: ref. lelk\u00e9sz, tan\u00e1r. \u2013 A mv.-i Ref. Koll. ideiglenes tan\u00e1ra (1896\u201397; 1899\u20131900). Irod.: Gy\u00e1szjelent.; Mv. t\u00f6rt. 2.<\/p>\n","protected":false},"featured_media":0,"comment_status":"open","ping_status":"closed","template":"","meta":[],"product_brand":[],"product_cat":[137],"product_tag":[],"class_list":{"0":"post-13688","1":"product","2":"type-product","3":"status-publish","5":"product_cat-maros-megyei-eletrajzi-lexikon","7":"first","8":"instock","9":"shipping-taxable","10":"product-type-simple"},"_links":{"self":[{"href":"https:\/\/uj.adatbank.ro\/lexikon\/wp-json\/wp\/v2\/product\/13688","targetHints":{"allow":["GET"]}}],"collection":[{"href":"https:\/\/uj.adatbank.ro\/lexikon\/wp-json\/wp\/v2\/product"}],"about":[{"href":"https:\/\/uj.adatbank.ro\/lexikon\/wp-json\/wp\/v2\/types\/product"}],"replies":[{"embeddable":true,"href":"https:\/\/uj.adatbank.ro\/lexikon\/wp-json\/wp\/v2\/comments?post=13688"}],"wp:attachment":[{"href":"https:\/\/uj.adatbank.ro\/lexikon\/wp-json\/wp\/v2\/media?parent=13688"}],"wp:term":[{"taxonomy":"product_brand","embeddable":true,"href":"https:\/\/uj.adatbank.ro\/lexikon\/wp-json\/wp\/v2\/product_brand?post=13688"},{"taxonomy":"product_cat","embeddable":true,"href":"https:\/\/uj.adatbank.ro\/lexikon\/wp-json\/wp\/v2\/product_cat?post=13688"},{"taxonomy":"product_tag","embeddable":true,"href":"https:\/\/uj.adatbank.ro\/lexikon\/wp-json\/wp\/v2\/product_tag?post=13688"}],"curies":[{"name":"wp","href":"https:\/\/api.w.org\/{rel}","templated":true}]}}