{"id":13690,"date":"2025-07-15T12:36:53","date_gmt":"2025-07-15T10:36:53","guid":{"rendered":"https:\/\/uj.adatbank.ro\/lexikon\/termek\/laszlo-janos-8\/"},"modified":"2025-07-15T12:36:53","modified_gmt":"2025-07-15T10:36:53","slug":"laszlo-janos-8","status":"publish","type":"product","link":"https:\/\/uj.adatbank.ro\/lexikon\/termek\/laszlo-janos-8\/","title":{"rendered":"L\u00c1SZL\u00d3 J\u00e1nos"},"content":{"rendered":"<p>? \u2020 ?: malomtulajdonos. \u2013 A p\u00f3kai L\u00e1szl\u00f3 \u00e9s Florea Malom egyik tulajdonosa. A malmot egy\u00fctt alap\u00edtotta Florea Alexandru-val (1927), \u00e9s \u00f6t alkalmazottal napi m\u00e1sf\u00e9l vagon gabona meg\u0151rl\u00e9s\u00e9t val\u00f3s\u00edtott\u00e1k meg. Az \u00e1llamos\u00edt\u00e1skor S\u00e1rk\u00e1ny Andr\u00e1s (1942\u2013) p\u00f3kai f\u00f6ldm\u0171vest, a RMP tagj\u00e1t, nevezt\u00e9k ki \u00fcgyint\u00e9z\u0151nek. Maros Megye Ideiglenes Tan\u00e1csa hat\u00e1rozata \u00e9rtelm\u00e9ben a malmot beolvasztott\u00e1k az Interna\u0163ionala V\u00e1llalatba (1950.j\u00fal.1.\u2013). <br \/><strong>Irod.:<\/strong> Bartos Zolt\u00e1n<\/br><\/p>\n","protected":false},"excerpt":{"rendered":"<p>? \u2020 ?: malomtulajdonos. \u2013 A p\u00f3kai L\u00e1szl\u00f3 \u00e9s Florea Malom egyik tulajdonosa. A malmot egy\u00fctt alap\u00edtotta Florea Alexandru-val (1927), \u00e9s \u00f6t alkalmazottal napi m\u00e1sf\u00e9l vagon gabona meg\u0151rl\u00e9s\u00e9t val\u00f3s\u00edtott\u00e1k meg. Az \u00e1llamos\u00edt\u00e1skor S\u00e1rk\u00e1ny Andr\u00e1s (1942\u2013) p\u00f3kai f\u00f6ldm\u0171vest, a RMP tagj\u00e1t, nevezt\u00e9k ki \u00fcgyint\u00e9z\u0151nek. Maros Megye Ideiglenes Tan\u00e1csa hat\u00e1rozata \u00e9rtelm\u00e9ben a malmot beolvasztott\u00e1k az Interna\u0163ionala V\u00e1llalatba [&hellip;]<\/p>\n","protected":false},"featured_media":0,"comment_status":"open","ping_status":"closed","template":"","meta":[],"product_brand":[],"product_cat":[137],"product_tag":[],"class_list":{"0":"post-13690","1":"product","2":"type-product","3":"status-publish","5":"product_cat-maros-megyei-eletrajzi-lexikon","7":"first","8":"instock","9":"shipping-taxable","10":"product-type-simple"},"_links":{"self":[{"href":"https:\/\/uj.adatbank.ro\/lexikon\/wp-json\/wp\/v2\/product\/13690","targetHints":{"allow":["GET"]}}],"collection":[{"href":"https:\/\/uj.adatbank.ro\/lexikon\/wp-json\/wp\/v2\/product"}],"about":[{"href":"https:\/\/uj.adatbank.ro\/lexikon\/wp-json\/wp\/v2\/types\/product"}],"replies":[{"embeddable":true,"href":"https:\/\/uj.adatbank.ro\/lexikon\/wp-json\/wp\/v2\/comments?post=13690"}],"wp:attachment":[{"href":"https:\/\/uj.adatbank.ro\/lexikon\/wp-json\/wp\/v2\/media?parent=13690"}],"wp:term":[{"taxonomy":"product_brand","embeddable":true,"href":"https:\/\/uj.adatbank.ro\/lexikon\/wp-json\/wp\/v2\/product_brand?post=13690"},{"taxonomy":"product_cat","embeddable":true,"href":"https:\/\/uj.adatbank.ro\/lexikon\/wp-json\/wp\/v2\/product_cat?post=13690"},{"taxonomy":"product_tag","embeddable":true,"href":"https:\/\/uj.adatbank.ro\/lexikon\/wp-json\/wp\/v2\/product_tag?post=13690"}],"curies":[{"name":"wp","href":"https:\/\/api.w.org\/{rel}","templated":true}]}}

LÁSZLÓ János

<p>? † ?: malomtulajdonos. – A pókai László és Florea Malom egyik tulajdonosa. A malmot együtt alapította Florea Alexandru-val (1927), és öt alkalmazottal napi másfél vagon gabona megőrlését valósították meg. Az államosításkor Sárkány András (1942–) pókai földművest, a RMP tagját, nevezték ki ügyintézőnek. Maros Megye Ideiglenes Tanácsa határozata értelmében a malmot beolvasztották az Internaţionala Vállalatba (1950.júl.1.–). <br /><strong>Irod.:</strong> Bartos Zoltán</br></p>

<p>? † ?: malomtulajdonos. – A pókai László és Florea Malom egyik tulajdonosa. A malmot együtt alapította Florea Alexandru-val (1927), és öt alkalmazottal napi másfél vagon gabona megőrlését valósították meg. Az államosításkor Sárkány András (1942–) pókai földművest, a RMP tagját, nevezték ki ügyintézőnek. Maros Megye Ideiglenes Tanácsa határozata értelmében a malmot beolvasztották az Internaţionala Vállalatba [&hellip;]</p>
