{"id":13694,"date":"2025-07-15T12:37:01","date_gmt":"2025-07-15T10:37:01","guid":{"rendered":"https:\/\/uj.adatbank.ro\/lexikon\/termek\/laszlo-jozsef-kaszonjakabfalvi\/"},"modified":"2025-07-15T12:37:01","modified_gmt":"2025-07-15T10:37:01","slug":"laszlo-jozsef-kaszonjakabfalvi","status":"publish","type":"product","link":"https:\/\/uj.adatbank.ro\/lexikon\/termek\/laszlo-jozsef-kaszonjakabfalvi\/","title":{"rendered":"L\u00c1SZL\u00d3 J\u00f3zsef, k\u00e1szonjakabfalvi"},"content":{"rendered":"<p>G\u00f6rg\u00e9nyszentimre, 1802., \u2020 Vajdahunyad, 1872.: b\u00e1nyam\u00e9rn\u00f6k. \u2013 L. F\u00fcl\u00f6p \u00e9s Csisz\u00e1r Kata fia. Feles\u00e9ge Szeretsek Anna. Hat gyermek\u00fck k\u00f6z\u00fcl if. L. J\u00f3zsef (1834\u20131908), b\u00e1nyam\u00e9rn\u00f6k, B\u00e9csben az Osztr\u00e1k-M. Monarchia nemesf\u00e9m b\u00e1ny\u00e1inak igazgat\u00f3ja; egyik le\u00e1nya, L. Anna, Fodor Ign\u00e1cn\u00e9, f\u00e9rje honv\u00e9dsz\u00e1zados volt a szabads\u00e1gharcban, Cs\u00edksomly\u00f3n fel\u00e9p\u00edtett\u00e9k a Fodor h\u00e1zat, melyben most a Csib\u00e9sz Alap\u00edtv\u00e1ny tev\u00e9kenykedik (1990 k.\u2013). \u2013 Selmecb\u00e1ny\u00e1n v\u00e9gezte a b\u00e1nya \u00e9s koh\u00f3ipari akad\u00e9mi\u00e1t. Vajdahunyadon m\u00e9rn\u00f6k. Kinevezt\u00e9k a Hunyad megyei vasgy\u00e1rak igazgat\u00f3j\u00e1v\u00e1 \u00e9s b\u00e1nyanagynak (1847\u2013). Ebben a min\u0151s\u00e9gben, hat gyermekes csal\u00e1dj\u00e1val a vajdahunyadi v\u00e1rban, mint szolg\u00e1lati lak\u00e1sban, lakott. Itt fogadta Bem J\u00f3zsef t\u00e1bornokot, vez\u00e9rkar\u00e1nak egy r\u00e9sz\u00e9t, valamint sz\u00e1rnyseg\u00e9dj\u00e9t Pet\u0151fi S\u00e1ndort (1849. \u00e1pr. 14.). A vend\u00e9gek megtekintett\u00e9k a v\u00e1rat, majd hadisz\u00e1llit\u00e1sokr\u00f3l t\u00e1rgyaltak. A Bem, vez\u00e9rkara \u00e9s Pet\u0151fi \u00e1ltal ekkor al\u00e1\u00edrt eml\u00e9klapot jelenleg a Sz\u00e9chenyi K\u00f6nyvt\u00e1rban \u0151rzik. A hadisz\u00e1ll\u00edt\u00e1sok miatt a szabads\u00e1gharc ut\u00e1n L\u00e1szl\u00f3 J\u00f3zsefet neh\u00e9z b\u00f6rt\u00f6nre it\u00e9lt\u00e9k. Miut\u00e1n kiszabadult csak mag\u00e1nv\u00e1llalatokn\u00e1l dolgozhatott. A cs\u00edksz\u00e9ki Bal\u00e1nb\u00e1ny\u00e1n korszer\u0171s\u00edtette a r\u00e9zb\u00e1ny\u00e1szatot. K\u00e9s\u0151bb az erd\u0151f\u00fclei h\u00e1morban, majd a Ruszkai Havasok l\u00e1b\u00e1n\u00e1l fekv\u0151 Tam\u00e1sdon dolgozott. Csak a kiegyez\u00e9s ut\u00e1n engedt\u00e9k vissza Vajdahunyadra. <br \/><strong>Irod.:<\/strong> B\u00e1ny\u00e1szeti \u00e9s Koh\u00e1szati Lapok (Bp., 1899); Endes Mikl\u00f3s: Cs\u00edk-, Gyergy\u00f3-, K\u00e1szon-sz\u00e9kek (Cs\u00edk Megye) f\u00f6ldj\u00e9nek \u00e9s n\u00e9p\u00e9nek t\u00f6rt\u00e9nete 1918-ig (Bp., 1937); Marosi Barna: Bal\u00e1nb\u00e1nya r\u00e9zzel van keritve = Beke Gy\u00f6rgy-Cseke P\u00e9ter-Marosi Barna: Emberarcok (Buk.,1976); P.Tref\u00e1n Leon\u00e1rd: Pet\u0151fi Vajdahunyadon (A H\u00edrn\u00f6k, Kv., 1923. jan.1.)<\/br><\/p>\n","protected":false},"excerpt":{"rendered":"<p>G\u00f6rg\u00e9nyszentimre, 1802., \u2020 Vajdahunyad, 1872.: b\u00e1nyam\u00e9rn\u00f6k. \u2013 L. F\u00fcl\u00f6p \u00e9s Csisz\u00e1r Kata fia. Feles\u00e9ge Szeretsek Anna. Hat gyermek\u00fck k\u00f6z\u00fcl if. L. J\u00f3zsef (1834\u20131908), b\u00e1nyam\u00e9rn\u00f6k, B\u00e9csben az Osztr\u00e1k-M. Monarchia nemesf\u00e9m b\u00e1ny\u00e1inak igazgat\u00f3ja; egyik le\u00e1nya, L. Anna, Fodor Ign\u00e1cn\u00e9, f\u00e9rje honv\u00e9dsz\u00e1zados volt a szabads\u00e1gharcban, Cs\u00edksomly\u00f3n fel\u00e9p\u00edtett\u00e9k a Fodor h\u00e1zat, melyben most a Csib\u00e9sz Alap\u00edtv\u00e1ny tev\u00e9kenykedik (1990 k.\u2013). [&hellip;]<\/p>\n","protected":false},"featured_media":0,"comment_status":"open","ping_status":"closed","template":"","meta":[],"product_brand":[],"product_cat":[137],"product_tag":[],"class_list":{"0":"post-13694","1":"product","2":"type-product","3":"status-publish","5":"product_cat-maros-megyei-eletrajzi-lexikon","7":"first","8":"instock","9":"shipping-taxable","10":"product-type-simple"},"_links":{"self":[{"href":"https:\/\/uj.adatbank.ro\/lexikon\/wp-json\/wp\/v2\/product\/13694","targetHints":{"allow":["GET"]}}],"collection":[{"href":"https:\/\/uj.adatbank.ro\/lexikon\/wp-json\/wp\/v2\/product"}],"about":[{"href":"https:\/\/uj.adatbank.ro\/lexikon\/wp-json\/wp\/v2\/types\/product"}],"replies":[{"embeddable":true,"href":"https:\/\/uj.adatbank.ro\/lexikon\/wp-json\/wp\/v2\/comments?post=13694"}],"wp:attachment":[{"href":"https:\/\/uj.adatbank.ro\/lexikon\/wp-json\/wp\/v2\/media?parent=13694"}],"wp:term":[{"taxonomy":"product_brand","embeddable":true,"href":"https:\/\/uj.adatbank.ro\/lexikon\/wp-json\/wp\/v2\/product_brand?post=13694"},{"taxonomy":"product_cat","embeddable":true,"href":"https:\/\/uj.adatbank.ro\/lexikon\/wp-json\/wp\/v2\/product_cat?post=13694"},{"taxonomy":"product_tag","embeddable":true,"href":"https:\/\/uj.adatbank.ro\/lexikon\/wp-json\/wp\/v2\/product_tag?post=13694"}],"curies":[{"name":"wp","href":"https:\/\/api.w.org\/{rel}","templated":true}]}}

LÁSZLÓ József, kászonjakabfalvi

<p>Görgényszentimre, 1802., † Vajdahunyad, 1872.: bányamérnök. – L. Fülöp és Csiszár Kata fia. Felesége Szeretsek Anna. Hat gyermekük közül if. L. József (1834–1908), bányamérnök, Bécsben az Osztrák-M. Monarchia nemesfém bányáinak igazgatója; egyik leánya, L. Anna, Fodor Ignácné, férje honvédszázados volt a szabadságharcban, Csíksomlyón felépítették a Fodor házat, melyben most a Csibész Alapítvány tevékenykedik (1990 k.–). – Selmecbányán végezte a bánya és kohóipari akadémiát. Vajdahunyadon mérnök. Kinevezték a Hunyad megyei vasgyárak igazgatójává és bányanagynak (1847–). Ebben a minőségben, hat gyermekes családjával a vajdahunyadi várban, mint szolgálati lakásban, lakott. Itt fogadta Bem József tábornokot, vezérkarának egy részét, valamint szárnysegédjét Petőfi Sándort (1849. ápr. 14.). A vendégek megtekintették a várat, majd hadiszállitásokról tárgyaltak. A Bem, vezérkara és Petőfi által ekkor aláírt emléklapot jelenleg a Széchenyi Könyvtárban őrzik. A hadiszállítások miatt a szabadságharc után László Józsefet nehéz börtönre itélték. Miután kiszabadult csak magánvállalatoknál dolgozhatott. A csíkszéki Balánbányán korszerűsítette a rézbányászatot. Később az erdőfülei hámorban, majd a Ruszkai Havasok lábánál fekvő Tamásdon dolgozott. Csak a kiegyezés után engedték vissza Vajdahunyadra. <br /><strong>Irod.:</strong> Bányászeti és Kohászati Lapok (Bp., 1899); Endes Miklós: Csík-, Gyergyó-, Kászon-székek (Csík Megye) földjének és népének története 1918-ig (Bp., 1937); Marosi Barna: Balánbánya rézzel van keritve = Beke György-Cseke Péter-Marosi Barna: Emberarcok (Buk.,1976); P.Trefán Leonárd: Petőfi Vajdahunyadon (A Hírnök, Kv., 1923. jan.1.)</br></p>

<p>Görgényszentimre, 1802., † Vajdahunyad, 1872.: bányamérnök. – L. Fülöp és Csiszár Kata fia. Felesége Szeretsek Anna. Hat gyermekük közül if. L. József (1834–1908), bányamérnök, Bécsben az Osztrák-M. Monarchia nemesfém bányáinak igazgatója; egyik leánya, L. Anna, Fodor Ignácné, férje honvédszázados volt a szabadságharcban, Csíksomlyón felépítették a Fodor házat, melyben most a Csibész Alapítvány tevékenykedik (1990 k.–). [&hellip;]</p>
