{"id":13701,"date":"2025-07-15T12:37:14","date_gmt":"2025-07-15T10:37:14","guid":{"rendered":"https:\/\/uj.adatbank.ro\/lexikon\/termek\/laszlo-magda\/"},"modified":"2025-07-15T12:37:14","modified_gmt":"2025-07-15T10:37:14","slug":"laszlo-magda","status":"publish","type":"product","link":"https:\/\/uj.adatbank.ro\/lexikon\/termek\/laszlo-magda\/","title":{"rendered":"L\u00c1SZL\u00d3 Magda"},"content":{"rendered":"<p>Mv.,1919 v. 1920, 1912. j\u00fan., 12., \u2020 2002. aug. 2.: \u00e9nekesn\u0151, szopr\u00e1n. \u2013 Apja: L. \u00c1rp\u00e1d zenetan\u00e1r. \u2013 Mv.-en kezdte tanulm\u00e1nyait. Bakfis le\u00e1nyka kor\u00e1ban n\u0151egyleti b\u00e1lon megv\u00e1lasztott\u00e1k \u201eMiss Marosv\u00e1s\u00e1rhely\u201d-nek (1929. m\u00e1rc.). A bp.-i Liszt Ferenc Zenem\u0171v\u00e9szeti F\u0151isk.-\u00e1n tanult. A M. Kir. Operah\u00e1z szerz\u0151dtette, Amelia Grimaldi (Verdi: Simon Boccanegra) szerep\u00e9ben deb\u00fct\u00e1lt (1943). K\u00fclf\u00f6ldre t\u00e1vozott (1946). R\u00f3m\u00e1ban Luigi Cortesse zongoram\u0171v\u00e9sszel adott koncerteket, majd a mil\u00e1n\u00f3i Scalaban \u00e9s a r\u00f3mai operah\u00e1zban l\u00e9pett fel. Sz\u00edvesen l\u00e1tott vend\u00e9g volt N\u00e9meto.-ban, Ausztri\u00e1ban, Franciao.-ban, Angli\u00e1ban, Hollandi\u00e1ban \u00e9s Sv\u00e1jcban is. A glyndebournei \u00fcnnepi j\u00e1t\u00e9kokon Alk\u00e9sztisz (Gluck), majd Poppea (Monteveri: Poppea megkoron\u00e1z\u00e1sa) szerep\u00e9t \u00e9nekelte. Walton: Toilus \u00e9s Cressida c. oper\u00e1j\u00e1nak \u0151sbemutat\u00f3j\u00e1n (London, Covent Garden, 1954) Cressida, Dallapiccola: A fogoly c. oper\u00e1j\u00e1nak a bemutat\u00f3j\u00e1n az Anya szerep\u00e9ben l\u00e9pett sz\u00ednpadra (Firenze,1962). Orat\u00f3rium- \u00e9s dal\u00e9nekesk\u00e9nt is h\u00edrnevet szerzett. <br \/><strong>Irod.:<\/strong> Dsida; R\u00daL; Zenei lex.<\/br><\/p>\n","protected":false},"excerpt":{"rendered":"<p>Mv.,1919 v. 1920, 1912. j\u00fan., 12., \u2020 2002. aug. 2.: \u00e9nekesn\u0151, szopr\u00e1n. \u2013 Apja: L. \u00c1rp\u00e1d zenetan\u00e1r. \u2013 Mv.-en kezdte tanulm\u00e1nyait. Bakfis le\u00e1nyka kor\u00e1ban n\u0151egyleti b\u00e1lon megv\u00e1lasztott\u00e1k \u201eMiss Marosv\u00e1s\u00e1rhely\u201d-nek (1929. m\u00e1rc.). A bp.-i Liszt Ferenc Zenem\u0171v\u00e9szeti F\u0151isk.-\u00e1n tanult. A M. Kir. Operah\u00e1z szerz\u0151dtette, Amelia Grimaldi (Verdi: Simon Boccanegra) szerep\u00e9ben deb\u00fct\u00e1lt (1943). K\u00fclf\u00f6ldre t\u00e1vozott (1946). R\u00f3m\u00e1ban [&hellip;]<\/p>\n","protected":false},"featured_media":0,"comment_status":"open","ping_status":"closed","template":"","meta":[],"product_brand":[],"product_cat":[137],"product_tag":[],"class_list":{"0":"post-13701","1":"product","2":"type-product","3":"status-publish","5":"product_cat-maros-megyei-eletrajzi-lexikon","7":"first","8":"instock","9":"shipping-taxable","10":"product-type-simple"},"_links":{"self":[{"href":"https:\/\/uj.adatbank.ro\/lexikon\/wp-json\/wp\/v2\/product\/13701","targetHints":{"allow":["GET"]}}],"collection":[{"href":"https:\/\/uj.adatbank.ro\/lexikon\/wp-json\/wp\/v2\/product"}],"about":[{"href":"https:\/\/uj.adatbank.ro\/lexikon\/wp-json\/wp\/v2\/types\/product"}],"replies":[{"embeddable":true,"href":"https:\/\/uj.adatbank.ro\/lexikon\/wp-json\/wp\/v2\/comments?post=13701"}],"wp:attachment":[{"href":"https:\/\/uj.adatbank.ro\/lexikon\/wp-json\/wp\/v2\/media?parent=13701"}],"wp:term":[{"taxonomy":"product_brand","embeddable":true,"href":"https:\/\/uj.adatbank.ro\/lexikon\/wp-json\/wp\/v2\/product_brand?post=13701"},{"taxonomy":"product_cat","embeddable":true,"href":"https:\/\/uj.adatbank.ro\/lexikon\/wp-json\/wp\/v2\/product_cat?post=13701"},{"taxonomy":"product_tag","embeddable":true,"href":"https:\/\/uj.adatbank.ro\/lexikon\/wp-json\/wp\/v2\/product_tag?post=13701"}],"curies":[{"name":"wp","href":"https:\/\/api.w.org\/{rel}","templated":true}]}}

LÁSZLÓ Magda

<p>Mv.,1919 v. 1920, 1912. jún., 12., † 2002. aug. 2.: énekesnő, szoprán. – Apja: L. Árpád zenetanár. – Mv.-en kezdte tanulmányait. Bakfis leányka korában nőegyleti bálon megválasztották „Miss Marosvásárhely”-nek (1929. márc.). A bp.-i Liszt Ferenc Zeneművészeti Főisk.-án tanult. A M. Kir. Operaház szerződtette, Amelia Grimaldi (Verdi: Simon Boccanegra) szerepében debütált (1943). Külföldre távozott (1946). Rómában Luigi Cortesse zongoraművésszel adott koncerteket, majd a milánói Scalaban és a római operaházban lépett fel. Szívesen látott vendég volt Németo.-ban, Ausztriában, Franciao.-ban, Angliában, Hollandiában és Svájcban is. A glyndebournei ünnepi játékokon Alkésztisz (Gluck), majd Poppea (Monteveri: Poppea megkoronázása) szerepét énekelte. Walton: Toilus és Cressida c. operájának ősbemutatóján (London, Covent Garden, 1954) Cressida, Dallapiccola: A fogoly c. operájának a bemutatóján az Anya szerepében lépett színpadra (Firenze,1962). Oratórium- és dalénekesként is hírnevet szerzett. <br /><strong>Irod.:</strong> Dsida; RÚL; Zenei lex.</br></p>

<p>Mv.,1919 v. 1920, 1912. jún., 12., † 2002. aug. 2.: énekesnő, szoprán. – Apja: L. Árpád zenetanár. – Mv.-en kezdte tanulmányait. Bakfis leányka korában nőegyleti bálon megválasztották „Miss Marosvásárhely”-nek (1929. márc.). A bp.-i Liszt Ferenc Zeneművészeti Főisk.-án tanult. A M. Kir. Operaház szerződtette, Amelia Grimaldi (Verdi: Simon Boccanegra) szerepében debütált (1943). Külföldre távozott (1946). Rómában [&hellip;]</p>
