{"id":13704,"date":"2025-07-15T12:37:21","date_gmt":"2025-07-15T10:37:21","guid":{"rendered":"https:\/\/uj.adatbank.ro\/lexikon\/termek\/laszlo-mate\/"},"modified":"2025-07-15T12:37:21","modified_gmt":"2025-07-15T10:37:21","slug":"laszlo-mate","status":"publish","type":"product","link":"https:\/\/uj.adatbank.ro\/lexikon\/termek\/laszlo-mate\/","title":{"rendered":"L\u00c1SZL\u00d3 M\u00e1t\u00e9"},"content":{"rendered":"<p>1706., \u2020 1763.: k\u00e1ntortan\u00edt\u00f3. \u2013 Gyermekei: L. Andr\u00e1s (Sz\u00e9kelyhodos, 1736\u20131792) Pater \u00c9li\u00e1s n\u00e9ven ferencrendi szerzetes Cs\u00edksomly\u00f3n; L. F\u00fcl\u00f6p (Sz\u00e9kelyhodos, 1738\u20131810), k\u00e1ntortan\u00edt\u00f3 G\u00f6rg\u00e9nyszentimr\u00e9n; L. Ign\u00e1c, P\u00e1ter T\u00f3bi\u00e1s (Sz\u00e9kelyhodos, 1740\u20131800), D\u00e9v\u00e1n \u00e9s Mv.-en volt ferencrendi szerzetes. \u2013 A csl\u00e1d K\u00e1szonjakabfalv\u00e1r\u00f3l telep\u00fclt \u00e1t Sz\u00e9kelyhodosra, ahol k\u00e1ntork\u00e9nt tev\u00e9kenykedett \u00e9s szer\u00e9ny birtoka volt. <br \/><strong>Irod.:<\/strong> csal\u00e1di inf. Fodor Imr\u00e9t\u0151l<\/br><\/p>\n","protected":false},"excerpt":{"rendered":"<p>1706., \u2020 1763.: k\u00e1ntortan\u00edt\u00f3. \u2013 Gyermekei: L. Andr\u00e1s (Sz\u00e9kelyhodos, 1736\u20131792) Pater \u00c9li\u00e1s n\u00e9ven ferencrendi szerzetes Cs\u00edksomly\u00f3n; L. F\u00fcl\u00f6p (Sz\u00e9kelyhodos, 1738\u20131810), k\u00e1ntortan\u00edt\u00f3 G\u00f6rg\u00e9nyszentimr\u00e9n; L. Ign\u00e1c, P\u00e1ter T\u00f3bi\u00e1s (Sz\u00e9kelyhodos, 1740\u20131800), D\u00e9v\u00e1n \u00e9s Mv.-en volt ferencrendi szerzetes. \u2013 A csl\u00e1d K\u00e1szonjakabfalv\u00e1r\u00f3l telep\u00fclt \u00e1t Sz\u00e9kelyhodosra, ahol k\u00e1ntork\u00e9nt tev\u00e9kenykedett \u00e9s szer\u00e9ny birtoka volt. Irod.: csal\u00e1di inf. Fodor Imr\u00e9t\u0151l<\/p>\n","protected":false},"featured_media":0,"comment_status":"open","ping_status":"closed","template":"","meta":[],"product_brand":[],"product_cat":[137],"product_tag":[],"class_list":{"0":"post-13704","1":"product","2":"type-product","3":"status-publish","5":"product_cat-maros-megyei-eletrajzi-lexikon","7":"first","8":"instock","9":"shipping-taxable","10":"product-type-simple"},"_links":{"self":[{"href":"https:\/\/uj.adatbank.ro\/lexikon\/wp-json\/wp\/v2\/product\/13704","targetHints":{"allow":["GET"]}}],"collection":[{"href":"https:\/\/uj.adatbank.ro\/lexikon\/wp-json\/wp\/v2\/product"}],"about":[{"href":"https:\/\/uj.adatbank.ro\/lexikon\/wp-json\/wp\/v2\/types\/product"}],"replies":[{"embeddable":true,"href":"https:\/\/uj.adatbank.ro\/lexikon\/wp-json\/wp\/v2\/comments?post=13704"}],"wp:attachment":[{"href":"https:\/\/uj.adatbank.ro\/lexikon\/wp-json\/wp\/v2\/media?parent=13704"}],"wp:term":[{"taxonomy":"product_brand","embeddable":true,"href":"https:\/\/uj.adatbank.ro\/lexikon\/wp-json\/wp\/v2\/product_brand?post=13704"},{"taxonomy":"product_cat","embeddable":true,"href":"https:\/\/uj.adatbank.ro\/lexikon\/wp-json\/wp\/v2\/product_cat?post=13704"},{"taxonomy":"product_tag","embeddable":true,"href":"https:\/\/uj.adatbank.ro\/lexikon\/wp-json\/wp\/v2\/product_tag?post=13704"}],"curies":[{"name":"wp","href":"https:\/\/api.w.org\/{rel}","templated":true}]}}

LÁSZLÓ Máté

<p>1706., † 1763.: kántortanító. – Gyermekei: L. András (Székelyhodos, 1736–1792) Pater Éliás néven ferencrendi szerzetes Csíksomlyón; L. Fülöp (Székelyhodos, 1738–1810), kántortanító Görgényszentimrén; L. Ignác, Páter Tóbiás (Székelyhodos, 1740–1800), Déván és Mv.-en volt ferencrendi szerzetes. – A cslád Kászonjakabfalváról települt át Székelyhodosra, ahol kántorként tevékenykedett és szerény birtoka volt. <br /><strong>Irod.:</strong> családi inf. Fodor Imrétől</br></p>

<p>1706., † 1763.: kántortanító. – Gyermekei: L. András (Székelyhodos, 1736–1792) Pater Éliás néven ferencrendi szerzetes Csíksomlyón; L. Fülöp (Székelyhodos, 1738–1810), kántortanító Görgényszentimrén; L. Ignác, Páter Tóbiás (Székelyhodos, 1740–1800), Déván és Mv.-en volt ferencrendi szerzetes. – A cslád Kászonjakabfalváról települt át Székelyhodosra, ahol kántorként tevékenykedett és szerény birtoka volt. Irod.: családi inf. Fodor Imrétől</p>
