{"id":13709,"date":"2025-07-15T12:37:30","date_gmt":"2025-07-15T10:37:30","guid":{"rendered":"https:\/\/uj.adatbank.ro\/lexikon\/termek\/laszlo-polikarp-miklos-arp\/"},"modified":"2025-07-15T12:37:30","modified_gmt":"2025-07-15T10:37:30","slug":"laszlo-polikarp-miklos-arp","status":"publish","type":"product","link":"https:\/\/uj.adatbank.ro\/lexikon\/termek\/laszlo-polikarp-miklos-arp\/","title":{"rendered":"L\u00c1SZL\u00d3 Polik\u00e1rp Mikl\u00f3s, ARP."},"content":{"rendered":"<p>Nagygalambfalva, 1849. okt. 10., \u2020 Sz\u00e1szmedgyes, 1910. m\u00e1j. 15.: pedag\u00f3gus, Ferenc-rendi szerzetes, tartom\u00e1nyf\u0151n\u00f6k. \u2013 A Polik\u00e1rp nevet a rendbe val\u00f3 bel\u00e9p\u00e9skor vette fel Mikh\u00e1z\u00e1n (1865. szept. 3.), felszentelt\u00e9k (1872. aug. 12.). Gyulafeh\u00e9rv\u00e1rott filoz\u00f3fi\u00e1t, a pesti k\u00f6zponti papnevel\u0151 int\u00e9zetben teol\u00f3gi\u00e1t tanult, papp\u00e1 szentelt\u00e9k (1872. aug. 12.). A cs\u00edksomly\u00f3i gimn. tan\u00e1ra (1872\u201375), \u00fajoncmesterk\u00e9nt a Provincia n\u00f6vend\u00e9kei tan\u00edt\u00e1s\u00e1t vette \u00e1t, 28 \u00e9vig volt ott (1875\u20131903), Nagyszebenben h\u00e1zf\u0151n\u00f6k \u00e9s definitor (1880\u201383), az erd\u00e9lyi ferences rendtartom\u00e1ny f\u0151n\u00f6ke (1883\u20131903), custos (1889\u20131905); a Mari\u00e1nus rendtartom\u00e1ny visitator gener\u00e1lisa (1889\u2013).Exminister Custosk\u00e9nt r\u00e9szt vett a Rom\u00e1ban tartott Capitulum Generalen (1889) \u00e9s szint\u00e9n ebben az \u00e9vben megkezdte az erd\u00e9lyi Provincia reformj\u00e1t. A mo.-i Marianus Provincia Visit\u00e1tor Gener\u00e1lis\u00e1v\u00e1 nevezt\u00e9k ki (1890), itt is bevezette a reformot. H\u00e1zf\u0151n\u00f6k Vajdahunyadon (1892 \u00e9s 1897), Mikh\u00e1z\u00e1n (1893\u201396), Torock\u00f3szentgy\u00f6rgy\u00f6n (1897). A mikh\u00e1zi h\u00e1zf\u0151n\u00f6ks\u00e9ge idej\u00e9n k\u00e1poln\u00e1t \u00e9s bar\u00e1th\u00e1zat \u00e9p\u00edtett a szov\u00e1tai Medvet\u00f3 k\u00f6zel\u00e9be (1896), minden \u00e1cs \u00e9s asztalos munk\u00e1t a szerzetesek v\u00e9geztek. Ezt a k\u00e1poln\u00e1t lebontott\u00e1k \u00e9s \u00faj k\u00e1poln\u00e1t \u00e9p\u00edtettek (1838\u201339. j\u00fal.). R\u00e9szt vett a XIII. Le\u00f3 p\u00e1pa \u00e1ltal kiadott ferences rendi szab\u00e1lyok el\u0151k\u00e9sz\u00edt\u00e9s\u00e9ben \u00e9s kidolgoz\u00e1s\u00e1ban (1897), melyekkel a rend mindh\u00e1rom \u00e1g\u00e1ban (ferencesek, minorit\u00e1k, kapucinusok) v\u00e9grehajtott\u00e1k a reformokat. Commissarius provinci\u00e1lis (1898\u2013), ism\u00e9t tartom\u00e1nyf\u0151n\u00f6k volt (1899\u20131905). Mint Minister Provinci\u00e1lis r\u00e9szt vett a R\u00f3mai Capitulum Generale-n (1901 \u00e9s 1903), Definitor Gener\u00e1liss\u00e1 v\u00e1lasztott\u00e1k \u00e9s Rom\u00e1ba helyezt\u00e9k (1903\u2013). Mint Definitor Gener\u00e1lis a mo.-i Capistrana Provincia \u00e9s a 2. lengyel Provincia Visit\u00e1tor Gener\u00e1lis\u00e1v\u00e1 is kinevezt\u00e9k. A rend r\u00f3mai k\u00f6zpontj\u00e1ban tan\u00e1csos \u00e9s a kapisztr\u00e1nus rendtartom\u00e1ny visitator gener\u00e1lisa (1903\u201309). Betegen t\u00e9rt haza, Medgyesen megoper\u00e1lt\u00e1k, ami ut\u00e1n t\u00f6bb\u00e9 nem mis\u00e9zhetett. Majl\u00e1th p\u00fcsp\u00f6k els\u0151 \u00e9veiben minden b\u00e9rm\u00e1l\u00f3\u00fatj\u00e1ra mag\u00e1val vitte k\u00eds\u00e9r\u0151nek \u00e9s sz\u00f3noknak. A Szt Ferenc H\u00edrn\u00f6ke c. lap egyik alap\u00edt\u00f3ja volt. Cikke a K\u00f6zm\u0171vel\u0151d\u00e9s-ben. \u2013 <strong>F. m.:<\/strong> Monza Pacifik, P.: T\u00edz napi lelki gyakorlat. (Olaszb\u00f3l ford. Egy m. Ferences Atya; Kv., 1909 k). <br \/><strong>Irod.:<\/strong> Boros Fortun\u00e1t: L. P. (Erd\u00e9lyi kat. nagyok. Kv., 1941); Czirj\u00e1k 3; Guly\u00e1s; Gy\u00f6rgy: A ferencrendiek; MKL; Sz\u00e1z \u00e9ves a Medve t\u00f3 (N\u00fa., 1995. m\u00e1j. 26.); Szov\u00e1ta; \u00daM\u00c9L<\/br><\/p>\n","protected":false},"excerpt":{"rendered":"<p>Nagygalambfalva, 1849. okt. 10., \u2020 Sz\u00e1szmedgyes, 1910. m\u00e1j. 15.: pedag\u00f3gus, Ferenc-rendi szerzetes, tartom\u00e1nyf\u0151n\u00f6k. \u2013 A Polik\u00e1rp nevet a rendbe val\u00f3 bel\u00e9p\u00e9skor vette fel Mikh\u00e1z\u00e1n (1865. szept. 3.), felszentelt\u00e9k (1872. aug. 12.). Gyulafeh\u00e9rv\u00e1rott filoz\u00f3fi\u00e1t, a pesti k\u00f6zponti papnevel\u0151 int\u00e9zetben teol\u00f3gi\u00e1t tanult, papp\u00e1 szentelt\u00e9k (1872. aug. 12.). A cs\u00edksomly\u00f3i gimn. tan\u00e1ra (1872\u201375), \u00fajoncmesterk\u00e9nt a Provincia n\u00f6vend\u00e9kei tan\u00edt\u00e1s\u00e1t [&hellip;]<\/p>\n","protected":false},"featured_media":0,"comment_status":"open","ping_status":"closed","template":"","meta":[],"product_brand":[],"product_cat":[137],"product_tag":[],"class_list":{"0":"post-13709","1":"product","2":"type-product","3":"status-publish","5":"product_cat-maros-megyei-eletrajzi-lexikon","7":"first","8":"instock","9":"shipping-taxable","10":"product-type-simple"},"_links":{"self":[{"href":"https:\/\/uj.adatbank.ro\/lexikon\/wp-json\/wp\/v2\/product\/13709","targetHints":{"allow":["GET"]}}],"collection":[{"href":"https:\/\/uj.adatbank.ro\/lexikon\/wp-json\/wp\/v2\/product"}],"about":[{"href":"https:\/\/uj.adatbank.ro\/lexikon\/wp-json\/wp\/v2\/types\/product"}],"replies":[{"embeddable":true,"href":"https:\/\/uj.adatbank.ro\/lexikon\/wp-json\/wp\/v2\/comments?post=13709"}],"wp:attachment":[{"href":"https:\/\/uj.adatbank.ro\/lexikon\/wp-json\/wp\/v2\/media?parent=13709"}],"wp:term":[{"taxonomy":"product_brand","embeddable":true,"href":"https:\/\/uj.adatbank.ro\/lexikon\/wp-json\/wp\/v2\/product_brand?post=13709"},{"taxonomy":"product_cat","embeddable":true,"href":"https:\/\/uj.adatbank.ro\/lexikon\/wp-json\/wp\/v2\/product_cat?post=13709"},{"taxonomy":"product_tag","embeddable":true,"href":"https:\/\/uj.adatbank.ro\/lexikon\/wp-json\/wp\/v2\/product_tag?post=13709"}],"curies":[{"name":"wp","href":"https:\/\/api.w.org\/{rel}","templated":true}]}}

LÁSZLÓ Polikárp Miklós, ARP.

<p>Nagygalambfalva, 1849. okt. 10., † Szászmedgyes, 1910. máj. 15.: pedagógus, Ferenc-rendi szerzetes, tartományfőnök. – A Polikárp nevet a rendbe való belépéskor vette fel Mikházán (1865. szept. 3.), felszentelték (1872. aug. 12.). Gyulafehérvárott filozófiát, a pesti központi papnevelő intézetben teológiát tanult, pappá szentelték (1872. aug. 12.). A csíksomlyói gimn. tanára (1872–75), újoncmesterként a Provincia növendékei tanítását vette át, 28 évig volt ott (1875–1903), Nagyszebenben házfőnök és definitor (1880–83), az erdélyi ferences rendtartomány főnöke (1883–1903), custos (1889–1905); a Mariánus rendtartomány visitator generálisa (1889–).Exminister Custosként részt vett a Romában tartott Capitulum Generalen (1889) és szintén ebben az évben megkezdte az erdélyi Provincia reformját. A mo.-i Marianus Provincia Visitátor Generálisává nevezték ki (1890), itt is bevezette a reformot. Házfőnök Vajdahunyadon (1892 és 1897), Mikházán (1893–96), Torockószentgyörgyön (1897). A mikházi házfőnöksége idején kápolnát és barátházat épített a szovátai Medvetó közelébe (1896), minden ács és asztalos munkát a szerzetesek végeztek. Ezt a kápolnát lebontották és új kápolnát építettek (1838–39. júl.). Részt vett a XIII. Leó pápa által kiadott ferences rendi szabályok előkészítésében és kidolgozásában (1897), melyekkel a rend mindhárom ágában (ferencesek, minoriták, kapucinusok) végrehajtották a reformokat. Commissarius provinciális (1898–), ismét tartományfőnök volt (1899–1905). Mint Minister Provinciális részt vett a Római Capitulum Generale-n (1901 és 1903), Definitor Generálissá választották és Romába helyezték (1903–). Mint Definitor Generális a mo.-i Capistrana Provincia és a 2. lengyel Provincia Visitátor Generálisává is kinevezték. A rend római központjában tanácsos és a kapisztránus rendtartomány visitator generálisa (1903–09). Betegen tért haza, Medgyesen megoperálták, ami után többé nem misézhetett. Majláth püspök első éveiben minden bérmálóútjára magával vitte kísérőnek és szónoknak. A Szt Ferenc Hírnöke c. lap egyik alapítója volt. Cikke a Közművelődés-ben. – <strong>F. m.:</strong> Monza Pacifik, P.: Tíz napi lelki gyakorlat. (Olaszból ford. Egy m. Ferences Atya; Kv., 1909 k). <br /><strong>Irod.:</strong> Boros Fortunát: L. P. (Erdélyi kat. nagyok. Kv., 1941); Czirják 3; Gulyás; György: A ferencrendiek; MKL; Száz éves a Medve tó (Nú., 1995. máj. 26.); Szováta; ÚMÉL</br></p>

<p>Nagygalambfalva, 1849. okt. 10., † Szászmedgyes, 1910. máj. 15.: pedagógus, Ferenc-rendi szerzetes, tartományfőnök. – A Polikárp nevet a rendbe való belépéskor vette fel Mikházán (1865. szept. 3.), felszentelték (1872. aug. 12.). Gyulafehérvárott filozófiát, a pesti központi papnevelő intézetben teológiát tanult, pappá szentelték (1872. aug. 12.). A csíksomlyói gimn. tanára (1872–75), újoncmesterként a Provincia növendékei tanítását [&hellip;]</p>
