{"id":13716,"date":"2025-07-15T12:37:43","date_gmt":"2025-07-15T10:37:43","guid":{"rendered":"https:\/\/uj.adatbank.ro\/lexikon\/termek\/laszlo-zoltan-erno\/"},"modified":"2025-07-15T12:37:43","modified_gmt":"2025-07-15T10:37:43","slug":"laszlo-zoltan-erno","status":"publish","type":"product","link":"https:\/\/uj.adatbank.ro\/lexikon\/termek\/laszlo-zoltan-erno\/","title":{"rendered":"L\u00c1SZL\u00d3 Zolt\u00e1n Ern\u0151"},"content":{"rendered":"<p>Nagyszeben, 1937. j\u00fan. 24., \u2020 Mv., 2002. febr. 12.: ref. lelk\u00e9sz. \u2013 A kv.-i Protest\u00e1ns Teol\u00f3giai Int. (1958) \u00e9s a kv.-i BBTE K\u00f6zgazdas\u00e1gi Kar\u00e1nak v\u00e9gzettje (1977). H\u00e9derf\u00e1j\u00e1n lelk\u00e9sz (1958\u201359), Brass\u00f3ban esperesi seg\u00e9dlelk\u00e9sz (1959\u201360), D\u00e9sfalv\u00e1n lelk\u00e9sz (1959\u201362), Medgyesen \u00e9p\u00edt\u00e9sztechnikus majd termel\u00e9si oszt\u00e1lyvezet\u0151 (1962\u20131972, 1972\u20131973), hetente k\u00f6zm\u0171vel\u0151d\u00e9si esteket szervezett, el\u0151ad\u00e1sokat tartott. Mv.-en technikus k\u00f6zgazd\u00e1sz (1973\u201385). Lelkip\u00e1sztor Maroscsap\u00f3n , (1985\u201394), beszolg\u00e1lt Ol\u00e1hdell\u0151n (1988- 1996) Marosugr\u00e1n (1994\u201396), Mv.-en (1996\u201399) lelkip\u00e1sztor, majd a mv.-i Ref. Koll. \u00e9s a Bod P\u00e9ter Ref. Eg\u00e9szs\u00e9g\u00fcgyi Diak\u00f3nisszak\u00e9pz\u0151 F\u0151isk. igazgat\u00f3ja, a K\u00e1ntortan\u00edt\u00f3k\u00e9pz\u0151 F\u0151iskola tan\u00e1ra. Vezette a Maros megyei Ref. Egyh\u00e1zmegye vall\u00e1stan\u00e1rainak tev\u00e9kenys\u00e9g\u00e9t, tov\u00e1bbk\u00e9pz\u0151 tanfolyamokat szervezett, el\u0151ad\u00e1sokat tartott. \u2013 <strong>F. m.:<\/strong> H\u00e9derf\u00e1ja k\u00f6zs\u00e9g monogr\u00e1fi\u00e1ja (1959); Erd\u00e9lyi Ref. Szemle c\u00edmt\u00e1ra (szerk. 1954\u20131958). <br \/><strong>Irod.:<\/strong> Cs\u00e1ky; EMKK  2000; [Nekrol\u00f3g] (N\u00fa., 2002. febr. 14.)<\/br><\/p>\n","protected":false},"excerpt":{"rendered":"<p>Nagyszeben, 1937. j\u00fan. 24., \u2020 Mv., 2002. febr. 12.: ref. lelk\u00e9sz. \u2013 A kv.-i Protest\u00e1ns Teol\u00f3giai Int. (1958) \u00e9s a kv.-i BBTE K\u00f6zgazdas\u00e1gi Kar\u00e1nak v\u00e9gzettje (1977). H\u00e9derf\u00e1j\u00e1n lelk\u00e9sz (1958\u201359), Brass\u00f3ban esperesi seg\u00e9dlelk\u00e9sz (1959\u201360), D\u00e9sfalv\u00e1n lelk\u00e9sz (1959\u201362), Medgyesen \u00e9p\u00edt\u00e9sztechnikus majd termel\u00e9si oszt\u00e1lyvezet\u0151 (1962\u20131972, 1972\u20131973), hetente k\u00f6zm\u0171vel\u0151d\u00e9si esteket szervezett, el\u0151ad\u00e1sokat tartott. Mv.-en technikus k\u00f6zgazd\u00e1sz (1973\u201385). Lelkip\u00e1sztor Maroscsap\u00f3n [&hellip;]<\/p>\n","protected":false},"featured_media":0,"comment_status":"open","ping_status":"closed","template":"","meta":[],"product_brand":[],"product_cat":[137],"product_tag":[],"class_list":{"0":"post-13716","1":"product","2":"type-product","3":"status-publish","5":"product_cat-maros-megyei-eletrajzi-lexikon","7":"first","8":"instock","9":"shipping-taxable","10":"product-type-simple"},"_links":{"self":[{"href":"https:\/\/uj.adatbank.ro\/lexikon\/wp-json\/wp\/v2\/product\/13716","targetHints":{"allow":["GET"]}}],"collection":[{"href":"https:\/\/uj.adatbank.ro\/lexikon\/wp-json\/wp\/v2\/product"}],"about":[{"href":"https:\/\/uj.adatbank.ro\/lexikon\/wp-json\/wp\/v2\/types\/product"}],"replies":[{"embeddable":true,"href":"https:\/\/uj.adatbank.ro\/lexikon\/wp-json\/wp\/v2\/comments?post=13716"}],"wp:attachment":[{"href":"https:\/\/uj.adatbank.ro\/lexikon\/wp-json\/wp\/v2\/media?parent=13716"}],"wp:term":[{"taxonomy":"product_brand","embeddable":true,"href":"https:\/\/uj.adatbank.ro\/lexikon\/wp-json\/wp\/v2\/product_brand?post=13716"},{"taxonomy":"product_cat","embeddable":true,"href":"https:\/\/uj.adatbank.ro\/lexikon\/wp-json\/wp\/v2\/product_cat?post=13716"},{"taxonomy":"product_tag","embeddable":true,"href":"https:\/\/uj.adatbank.ro\/lexikon\/wp-json\/wp\/v2\/product_tag?post=13716"}],"curies":[{"name":"wp","href":"https:\/\/api.w.org\/{rel}","templated":true}]}}

LÁSZLÓ Zoltán Ernő

<p>Nagyszeben, 1937. jún. 24., † Mv., 2002. febr. 12.: ref. lelkész. – A kv.-i Protestáns Teológiai Int. (1958) és a kv.-i BBTE Közgazdasági Karának végzettje (1977). Héderfáján lelkész (1958–59), Brassóban esperesi segédlelkész (1959–60), Désfalván lelkész (1959–62), Medgyesen építésztechnikus majd termelési osztályvezető (1962–1972, 1972–1973), hetente közművelődési esteket szervezett, előadásokat tartott. Mv.-en technikus közgazdász (1973–85). Lelkipásztor Maroscsapón , (1985–94), beszolgált Oláhdellőn (1988- 1996) Marosugrán (1994–96), Mv.-en (1996–99) lelkipásztor, majd a mv.-i Ref. Koll. és a Bod Péter Ref. Egészségügyi Diakónisszaképző Főisk. igazgatója, a Kántortanítóképző Főiskola tanára. Vezette a Maros megyei Ref. Egyházmegye vallástanárainak tevékenységét, továbbképző tanfolyamokat szervezett, előadásokat tartott. – <strong>F. m.:</strong> Héderfája község monográfiája (1959); Erdélyi Ref. Szemle címtára (szerk. 1954–1958). <br /><strong>Irod.:</strong> Csáky; EMKK  2000; [Nekrológ] (Nú., 2002. febr. 14.)</br></p>

<p>Nagyszeben, 1937. jún. 24., † Mv., 2002. febr. 12.: ref. lelkész. – A kv.-i Protestáns Teológiai Int. (1958) és a kv.-i BBTE Közgazdasági Karának végzettje (1977). Héderfáján lelkész (1958–59), Brassóban esperesi segédlelkész (1959–60), Désfalván lelkész (1959–62), Medgyesen építésztechnikus majd termelési osztályvezető (1962–1972, 1972–1973), hetente közművelődési esteket szervezett, előadásokat tartott. Mv.-en technikus közgazdász (1973–85). Lelkipásztor Maroscsapón [&hellip;]</p>
