{"id":13717,"date":"2025-07-15T12:37:44","date_gmt":"2025-07-15T10:37:44","guid":{"rendered":"https:\/\/uj.adatbank.ro\/lexikon\/termek\/laszlo-zsuzsanna-m\/"},"modified":"2025-07-15T12:37:44","modified_gmt":"2025-07-15T10:37:44","slug":"laszlo-zsuzsanna-m","status":"publish","type":"product","link":"https:\/\/uj.adatbank.ro\/lexikon\/termek\/laszlo-zsuzsanna-m\/","title":{"rendered":"L\u00c1SZL\u00d3 Zsuzs\u00e1nna M."},"content":{"rendered":"<p>Cs\u00edkszereda, 1949. nov. 9., \u2020 Mv., 1986. m\u00e1j. 14 v. 28.: fest\u0151m\u0171v\u00e9sz. \u2013 A mv.-i K\u00e9pz\u0151m\u0171v\u00e9szeti L\u00edc.-ban tanult. A kv.-i Ion Andreescu K\u00e9pz\u0151m\u0171v\u00e9szeti F\u0151iskol\u00e1n v\u00e9gzett (1969\u201373). Rajztan\u00e1r a cs\u00edkszeredai faipari iskol\u00e1ban (1973\u201375). A cs\u00edkszeredai m\u00fazeum munkat\u00e1rsak\u00e9nt (1975\u201382) jelent\u0151s m\u00e9rt\u00e9kben j\u00e1rult hozz\u00e1 az int\u00e9zm\u00e9ny szakszer\u0171 m\u0171k\u00f6d\u00e9s\u00e9hez; r\u00e9szt vett Nagy Imre szerte\u00e1gaz\u00f3 m\u0171v\u00e9szi hagyat\u00e9k\u00e1nak lelt\u00e1roz\u00e1s\u00e1ban. Mv.-en \u00e9lt (1982\u2013) A Maros megyei Kisipari Termel\u0151 Sz\u00f6vetkezeti K\u00f6zpont munkat\u00e1rsa. Festm\u00e9nyei nagym\u00e9ret\u0171 kompoz\u00edci\u00f3s t\u00e9m\u00e1k: M\u00e1d\u00e9falvi veszedelem, Kontraszt \u00e9s harm\u00f3nia, Periszk\u00f3p. Hal\u00e1l\u00e1nak 25. \u00e9vfordul\u00f3j\u00e1ra a csal\u00e1d \u00e9s a K\u00e9pz\u0151m\u0171v\u00e9szek Sz\u00f6vets\u00e9g\u00e9nek mv.-i fi\u00f3kja eml\u00e9kki\u00e1ll\u00edt\u00e1ssal eml\u00e9kezett meg. \u2013 <strong>F. ki\u00e1ll.:<\/strong> Cs\u00edkszereda (1974, 1980); Buk. (1976); Nagyszeben (1980); Gyergy\u00f3szentmikl\u00f3s (1981); Sz\u00e9kelykereszt\u00far (1983); <strong>Eml\u00e9kki\u00e1ll.:<\/strong> (Mv., 2011. j\u00fan.). <br \/><strong>Irod.:<\/strong> artportal; Gyergy\u00f3sz\u00e1rhegyi BME; Moln\u00e1r; Nagy Botond: Arcokba, otthon: L. Zs. eml\u00e9kki\u00e1ll\u00edt\u00e1s\u00e1r\u00f3l (N\u00fa., 2011. j\u00fan. 17.); Szab\u00f3 \u2013 K\u00e1llai 2.;  Szab\u00f3 \u2013 K\u00e1llai<\/br><\/p>\n","protected":false},"excerpt":{"rendered":"<p>Cs\u00edkszereda, 1949. nov. 9., \u2020 Mv., 1986. m\u00e1j. 14 v. 28.: fest\u0151m\u0171v\u00e9sz. \u2013 A mv.-i K\u00e9pz\u0151m\u0171v\u00e9szeti L\u00edc.-ban tanult. A kv.-i Ion Andreescu K\u00e9pz\u0151m\u0171v\u00e9szeti F\u0151iskol\u00e1n v\u00e9gzett (1969\u201373). Rajztan\u00e1r a cs\u00edkszeredai faipari iskol\u00e1ban (1973\u201375). A cs\u00edkszeredai m\u00fazeum munkat\u00e1rsak\u00e9nt (1975\u201382) jelent\u0151s m\u00e9rt\u00e9kben j\u00e1rult hozz\u00e1 az int\u00e9zm\u00e9ny szakszer\u0171 m\u0171k\u00f6d\u00e9s\u00e9hez; r\u00e9szt vett Nagy Imre szerte\u00e1gaz\u00f3 m\u0171v\u00e9szi hagyat\u00e9k\u00e1nak lelt\u00e1roz\u00e1s\u00e1ban. Mv.-en \u00e9lt [&hellip;]<\/p>\n","protected":false},"featured_media":0,"comment_status":"open","ping_status":"closed","template":"","meta":[],"product_brand":[],"product_cat":[137],"product_tag":[],"class_list":{"0":"post-13717","1":"product","2":"type-product","3":"status-publish","5":"product_cat-maros-megyei-eletrajzi-lexikon","7":"first","8":"instock","9":"shipping-taxable","10":"product-type-simple"},"_links":{"self":[{"href":"https:\/\/uj.adatbank.ro\/lexikon\/wp-json\/wp\/v2\/product\/13717","targetHints":{"allow":["GET"]}}],"collection":[{"href":"https:\/\/uj.adatbank.ro\/lexikon\/wp-json\/wp\/v2\/product"}],"about":[{"href":"https:\/\/uj.adatbank.ro\/lexikon\/wp-json\/wp\/v2\/types\/product"}],"replies":[{"embeddable":true,"href":"https:\/\/uj.adatbank.ro\/lexikon\/wp-json\/wp\/v2\/comments?post=13717"}],"wp:attachment":[{"href":"https:\/\/uj.adatbank.ro\/lexikon\/wp-json\/wp\/v2\/media?parent=13717"}],"wp:term":[{"taxonomy":"product_brand","embeddable":true,"href":"https:\/\/uj.adatbank.ro\/lexikon\/wp-json\/wp\/v2\/product_brand?post=13717"},{"taxonomy":"product_cat","embeddable":true,"href":"https:\/\/uj.adatbank.ro\/lexikon\/wp-json\/wp\/v2\/product_cat?post=13717"},{"taxonomy":"product_tag","embeddable":true,"href":"https:\/\/uj.adatbank.ro\/lexikon\/wp-json\/wp\/v2\/product_tag?post=13717"}],"curies":[{"name":"wp","href":"https:\/\/api.w.org\/{rel}","templated":true}]}}

LÁSZLÓ Zsuzsánna M.

<p>Csíkszereda, 1949. nov. 9., † Mv., 1986. máj. 14 v. 28.: festőművész. – A mv.-i Képzőművészeti Líc.-ban tanult. A kv.-i Ion Andreescu Képzőművészeti Főiskolán végzett (1969–73). Rajztanár a csíkszeredai faipari iskolában (1973–75). A csíkszeredai múzeum munkatársaként (1975–82) jelentős mértékben járult hozzá az intézmény szakszerű működéséhez; részt vett Nagy Imre szerteágazó művészi hagyatékának leltározásában. Mv.-en élt (1982–) A Maros megyei Kisipari Termelő Szövetkezeti Központ munkatársa. Festményei nagyméretű kompozíciós témák: Mádéfalvi veszedelem, Kontraszt és harmónia, Periszkóp. Halálának 25. évfordulójára a család és a Képzőművészek Szövetségének mv.-i fiókja emlékkiállítással emlékezett meg. – <strong>F. kiáll.:</strong> Csíkszereda (1974, 1980); Buk. (1976); Nagyszeben (1980); Gyergyószentmiklós (1981); Székelykeresztúr (1983); <strong>Emlékkiáll.:</strong> (Mv., 2011. jún.). <br /><strong>Irod.:</strong> artportal; Gyergyószárhegyi BME; Molnár; Nagy Botond: Arcokba, otthon: L. Zs. emlékkiállításáról (Nú., 2011. jún. 17.); Szabó – Kállai 2.;  Szabó – Kállai</br></p>

<p>Csíkszereda, 1949. nov. 9., † Mv., 1986. máj. 14 v. 28.: festőművész. – A mv.-i Képzőművészeti Líc.-ban tanult. A kv.-i Ion Andreescu Képzőművészeti Főiskolán végzett (1969–73). Rajztanár a csíkszeredai faipari iskolában (1973–75). A csíkszeredai múzeum munkatársaként (1975–82) jelentős mértékben járult hozzá az intézmény szakszerű működéséhez; részt vett Nagy Imre szerteágazó művészi hagyatékának leltározásában. Mv.-en élt [&hellip;]</p>
