{"id":13718,"date":"2025-07-15T12:37:46","date_gmt":"2025-07-15T10:37:46","guid":{"rendered":"https:\/\/uj.adatbank.ro\/lexikon\/termek\/laszlo-i-laszlo-szent-laszlo\/"},"modified":"2025-07-15T12:37:46","modified_gmt":"2025-07-15T10:37:46","slug":"laszlo-i-laszlo-szent-laszlo","status":"publish","type":"product","link":"https:\/\/uj.adatbank.ro\/lexikon\/termek\/laszlo-i-laszlo-szent-laszlo\/","title":{"rendered":"L\u00c1SZL\u00d3, I. L\u00e1szl\u00f3, Szent L\u00e1szl\u00f3"},"content":{"rendered":"<p>1040.,\u2020 Nyitra, 1095. j\u00fal. 29.: m. kir\u00e1ly. \u2013 Maros megy\u00e9ben Ny\u00e1r\u00e1dszentl\u00e1szl\u00f3 viseli a nev\u00e9t. Szent L\u00e1szl\u00f3 k\u00e9pe, olajfestm\u00e9ny a 18. sz\u00e1zadb\u00f3l a mikh\u00e1zi kolostor f\u0151olt\u00e1r\u00e1n \u00e9s a mv.-i f\u0151t\u00e9ri pl\u00e9b\u00e1niatemplom \u00e9szakkeleti k\u00e1polna-olt\u00e1r\u00e1n (1750). A ny\u00e1r\u00e1dszentl\u00e1szl\u00f3i unit\u00e1rius templom: a falu nevezetes Szent L\u00e1szl\u00f3 m\u0171eml\u00e9kteploma r.kat templomnak \u00e9p\u00fclt (1400-as \u00e9vek v\u00e9g\u00e9n), k\u00fcl\u00f6n emelt\u00e9k a tornyot (1496), amelyen fresk\u00f3maradv\u00e1nyok tal\u00e1lhat\u00f3k az 1497-es \u00e9vsz\u00e1mmal (1896-ban t\u00e1rt\u00e1k fel \u0151ket). Az erd\u00e9lyi reform\u00e1ci\u00f3 idej\u00e9n a falu lakoss\u00e1ga \u00e1tt\u00e9rt az unit. vall\u00e1sra, a templom is unit. templom lett, \u00e9s az ma is (1568\u2013). A templomot k\u00f6r\u00fclvev\u0151 temet\u0151ben nyugszik a Nagy D\u00e9nes, sz\u00e9kely nemes csal\u00e1dja, akiknek \u00f3ri\u00e1si birtokaik voltak a vid\u00e9ken. A torony alatt a Sig\u00e9r f\u00f6ldbirtokos csal\u00e1d s\u00edrboltja tal\u00e1lhat\u00f3, t\u00f6bbek k\u00f6z\u00f6tt Sig\u00e9r M\u00e1ty\u00e1s, fejedelmi kincst\u00e1rnok s\u00edrja is. <br \/><strong>Irod.:<\/strong> Maros megyei m.3.; MMMM; Pesty 2014<\/br><\/p>\n","protected":false},"excerpt":{"rendered":"<p>1040.,\u2020 Nyitra, 1095. j\u00fal. 29.: m. kir\u00e1ly. \u2013 Maros megy\u00e9ben Ny\u00e1r\u00e1dszentl\u00e1szl\u00f3 viseli a nev\u00e9t. Szent L\u00e1szl\u00f3 k\u00e9pe, olajfestm\u00e9ny a 18. sz\u00e1zadb\u00f3l a mikh\u00e1zi kolostor f\u0151olt\u00e1r\u00e1n \u00e9s a mv.-i f\u0151t\u00e9ri pl\u00e9b\u00e1niatemplom \u00e9szakkeleti k\u00e1polna-olt\u00e1r\u00e1n (1750). A ny\u00e1r\u00e1dszentl\u00e1szl\u00f3i unit\u00e1rius templom: a falu nevezetes Szent L\u00e1szl\u00f3 m\u0171eml\u00e9kteploma r.kat templomnak \u00e9p\u00fclt (1400-as \u00e9vek v\u00e9g\u00e9n), k\u00fcl\u00f6n emelt\u00e9k a tornyot (1496), amelyen [&hellip;]<\/p>\n","protected":false},"featured_media":0,"comment_status":"open","ping_status":"closed","template":"","meta":[],"product_brand":[],"product_cat":[137],"product_tag":[],"class_list":{"0":"post-13718","1":"product","2":"type-product","3":"status-publish","5":"product_cat-maros-megyei-eletrajzi-lexikon","7":"first","8":"instock","9":"shipping-taxable","10":"product-type-simple"},"_links":{"self":[{"href":"https:\/\/uj.adatbank.ro\/lexikon\/wp-json\/wp\/v2\/product\/13718","targetHints":{"allow":["GET"]}}],"collection":[{"href":"https:\/\/uj.adatbank.ro\/lexikon\/wp-json\/wp\/v2\/product"}],"about":[{"href":"https:\/\/uj.adatbank.ro\/lexikon\/wp-json\/wp\/v2\/types\/product"}],"replies":[{"embeddable":true,"href":"https:\/\/uj.adatbank.ro\/lexikon\/wp-json\/wp\/v2\/comments?post=13718"}],"wp:attachment":[{"href":"https:\/\/uj.adatbank.ro\/lexikon\/wp-json\/wp\/v2\/media?parent=13718"}],"wp:term":[{"taxonomy":"product_brand","embeddable":true,"href":"https:\/\/uj.adatbank.ro\/lexikon\/wp-json\/wp\/v2\/product_brand?post=13718"},{"taxonomy":"product_cat","embeddable":true,"href":"https:\/\/uj.adatbank.ro\/lexikon\/wp-json\/wp\/v2\/product_cat?post=13718"},{"taxonomy":"product_tag","embeddable":true,"href":"https:\/\/uj.adatbank.ro\/lexikon\/wp-json\/wp\/v2\/product_tag?post=13718"}],"curies":[{"name":"wp","href":"https:\/\/api.w.org\/{rel}","templated":true}]}}

LÁSZLÓ, I. László, Szent László

<p>1040.,† Nyitra, 1095. júl. 29.: m. király. – Maros megyében Nyárádszentlászló viseli a nevét. Szent László képe, olajfestmény a 18. századból a mikházi kolostor főoltárán és a mv.-i főtéri plébániatemplom északkeleti kápolna-oltárán (1750). A nyárádszentlászlói unitárius templom: a falu nevezetes Szent László műemlékteploma r.kat templomnak épült (1400-as évek végén), külön emelték a tornyot (1496), amelyen freskómaradványok találhatók az 1497-es évszámmal (1896-ban tárták fel őket). Az erdélyi reformáció idején a falu lakossága áttért az unit. vallásra, a templom is unit. templom lett, és az ma is (1568–). A templomot körülvevő temetőben nyugszik a Nagy Dénes, székely nemes családja, akiknek óriási birtokaik voltak a vidéken. A torony alatt a Sigér földbirtokos család sírboltja található, többek között Sigér Mátyás, fejedelmi kincstárnok sírja is. <br /><strong>Irod.:</strong> Maros megyei m.3.; MMMM; Pesty 2014</br></p>

<p>1040.,† Nyitra, 1095. júl. 29.: m. király. – Maros megyében Nyárádszentlászló viseli a nevét. Szent László képe, olajfestmény a 18. századból a mikházi kolostor főoltárán és a mv.-i főtéri plébániatemplom északkeleti kápolna-oltárán (1750). A nyárádszentlászlói unitárius templom: a falu nevezetes Szent László műemlékteploma r.kat templomnak épült (1400-as évek végén), külön emelték a tornyot (1496), amelyen [&hellip;]</p>
