{"id":13721,"date":"2025-07-15T12:37:52","date_gmt":"2025-07-15T10:37:52","guid":{"rendered":"https:\/\/uj.adatbank.ro\/lexikon\/termek\/lates-aurel\/"},"modified":"2025-07-15T12:37:52","modified_gmt":"2025-07-15T10:37:52","slug":"lates-aurel","status":"publish","type":"product","link":"https:\/\/uj.adatbank.ro\/lexikon\/termek\/lates-aurel\/","title":{"rendered":"LATE\u015e Aurel"},"content":{"rendered":"<p>? \u2020 Sz\u00e1szr\u00e9gen, ?: b\u00e9lyeggy\u0171jt\u0151. \u2013 S\u00e1sz\u00e9genben folytatta apja b\u00e9lyeggy\u0171jt\u0151 tev\u00e9kenys\u00e9g\u00e9t, \u00e9s \u00fajralak\u00edtotta a v\u00e1rosi filat\u00e9liai k\u00f6rt (1965. febr. 22.). Megszervezt\u00e9k a v\u00e1rosban az els\u0151 filat\u00e9liai ki\u00e1ll\u00edt\u00e1st (1970. okt. 18.), amelyet a k\u00f6rnyez\u0151 telep\u00fcl\u00e9sekre is elvittek a G\u00f6rg\u00e9ny v\u00f6lgy\u00e9be. A Rom\u00e1n Filat\u00e9liai T\u00e1rsas\u00e1g eredm\u00e9nyes munk\u00e1ss\u00e1g\u00e1t az Insigna de onoare cl. Argint-tal t\u00fcntette ki. Hat\u00e1s\u00e1ra a r\u00e9geni iskol\u00e1kban, a Kult\u00farh\u00e1zban is, b\u00e9lyeggy\u0171jt\u0151 k\u00f6r\u00f6k alakultak. Az iskolai k\u00f6rnek \u0151 lett az eln\u00f6ke, <br \/><strong>Irod.:<\/strong> Regh. Cult. (10., 2010).<\/br><\/p>\n","protected":false},"excerpt":{"rendered":"<p>? \u2020 Sz\u00e1szr\u00e9gen, ?: b\u00e9lyeggy\u0171jt\u0151. \u2013 S\u00e1sz\u00e9genben folytatta apja b\u00e9lyeggy\u0171jt\u0151 tev\u00e9kenys\u00e9g\u00e9t, \u00e9s \u00fajralak\u00edtotta a v\u00e1rosi filat\u00e9liai k\u00f6rt (1965. febr. 22.). Megszervezt\u00e9k a v\u00e1rosban az els\u0151 filat\u00e9liai ki\u00e1ll\u00edt\u00e1st (1970. okt. 18.), amelyet a k\u00f6rnyez\u0151 telep\u00fcl\u00e9sekre is elvittek a G\u00f6rg\u00e9ny v\u00f6lgy\u00e9be. A Rom\u00e1n Filat\u00e9liai T\u00e1rsas\u00e1g eredm\u00e9nyes munk\u00e1ss\u00e1g\u00e1t az Insigna de onoare cl. Argint-tal t\u00fcntette ki. Hat\u00e1s\u00e1ra a [&hellip;]<\/p>\n","protected":false},"featured_media":0,"comment_status":"open","ping_status":"closed","template":"","meta":[],"product_brand":[],"product_cat":[137],"product_tag":[],"class_list":{"0":"post-13721","1":"product","2":"type-product","3":"status-publish","5":"product_cat-maros-megyei-eletrajzi-lexikon","7":"first","8":"instock","9":"shipping-taxable","10":"product-type-simple"},"_links":{"self":[{"href":"https:\/\/uj.adatbank.ro\/lexikon\/wp-json\/wp\/v2\/product\/13721","targetHints":{"allow":["GET"]}}],"collection":[{"href":"https:\/\/uj.adatbank.ro\/lexikon\/wp-json\/wp\/v2\/product"}],"about":[{"href":"https:\/\/uj.adatbank.ro\/lexikon\/wp-json\/wp\/v2\/types\/product"}],"replies":[{"embeddable":true,"href":"https:\/\/uj.adatbank.ro\/lexikon\/wp-json\/wp\/v2\/comments?post=13721"}],"wp:attachment":[{"href":"https:\/\/uj.adatbank.ro\/lexikon\/wp-json\/wp\/v2\/media?parent=13721"}],"wp:term":[{"taxonomy":"product_brand","embeddable":true,"href":"https:\/\/uj.adatbank.ro\/lexikon\/wp-json\/wp\/v2\/product_brand?post=13721"},{"taxonomy":"product_cat","embeddable":true,"href":"https:\/\/uj.adatbank.ro\/lexikon\/wp-json\/wp\/v2\/product_cat?post=13721"},{"taxonomy":"product_tag","embeddable":true,"href":"https:\/\/uj.adatbank.ro\/lexikon\/wp-json\/wp\/v2\/product_tag?post=13721"}],"curies":[{"name":"wp","href":"https:\/\/api.w.org\/{rel}","templated":true}]}}

LATEŞ Aurel

<p>? † Szászrégen, ?: bélyeggyűjtő. – Sászégenben folytatta apja bélyeggyűjtő tevékenységét, és újralakította a városi filatéliai kört (1965. febr. 22.). Megszervezték a városban az első filatéliai kiállítást (1970. okt. 18.), amelyet a környező településekre is elvittek a Görgény völgyébe. A Román Filatéliai Társaság eredményes munkásságát az Insigna de onoare cl. Argint-tal tüntette ki. Hatására a régeni iskolákban, a Kultúrházban is, bélyeggyűjtő körök alakultak. Az iskolai körnek ő lett az elnöke, <br /><strong>Irod.:</strong> Regh. Cult. (10., 2010).</br></p>

<p>? † Szászrégen, ?: bélyeggyűjtő. – Sászégenben folytatta apja bélyeggyűjtő tevékenységét, és újralakította a városi filatéliai kört (1965. febr. 22.). Megszervezték a városban az első filatéliai kiállítást (1970. okt. 18.), amelyet a környező településekre is elvittek a Görgény völgyébe. A Román Filatéliai Társaság eredményes munkásságát az Insigna de onoare cl. Argint-tal tüntette ki. Hatására a [&hellip;]</p>
