{"id":13722,"date":"2025-07-15T12:37:54","date_gmt":"2025-07-15T10:37:54","guid":{"rendered":"https:\/\/uj.adatbank.ro\/lexikon\/termek\/lates-ilie\/"},"modified":"2025-07-15T12:37:54","modified_gmt":"2025-07-15T10:37:54","slug":"lates-ilie","status":"publish","type":"product","link":"https:\/\/uj.adatbank.ro\/lexikon\/termek\/lates-ilie\/","title":{"rendered":"LATE\u015e Ilie"},"content":{"rendered":"<p>? \u2020 Sz\u00e1szr\u00e9gen, ? : b\u00e9lyeggy\u0171jt\u0151. \u2013 Sz\u00e1szr\u00e9genben birtok\u00e1ban volt (1900-as \u00e9vek elej\u00e9n) sok els\u0151 kiad\u00e1s\u00fa rom\u00e1n b\u00e9lyeg: Cap de bour (1858); Principatele unite; Cuza \u00e9s m\u00e1sok. Tagja volt az els\u0151 r\u00e9geni B\u00e9lyeggy\u0171jt\u0151 Egyes\u00fcletnek, amely a 19. sz. v\u00e9g\u00e9n alakult, de a II.vh. ut\u00e1n besz\u00fcntette tev\u00e9kenys\u00e9g\u00e9t (1945). B\u00e9lyeggy\u0171jt\u0151 szenved\u00e9ly\u00e9t ebben a v\u00e1rosban k\u00e9s\u0151bb, m\u00e1sok folytatt\u00e1k, akik ott l\u00e9trehozt\u00e1k a filat\u00e9liai k\u00f6rt (1965. febr. 22.). <br \/><strong>Irod.:<\/strong> Regh. Cult. (10., 2010)<\/br><\/p>\n","protected":false},"excerpt":{"rendered":"<p>? \u2020 Sz\u00e1szr\u00e9gen, ? : b\u00e9lyeggy\u0171jt\u0151. \u2013 Sz\u00e1szr\u00e9genben birtok\u00e1ban volt (1900-as \u00e9vek elej\u00e9n) sok els\u0151 kiad\u00e1s\u00fa rom\u00e1n b\u00e9lyeg: Cap de bour (1858); Principatele unite; Cuza \u00e9s m\u00e1sok. Tagja volt az els\u0151 r\u00e9geni B\u00e9lyeggy\u0171jt\u0151 Egyes\u00fcletnek, amely a 19. sz. v\u00e9g\u00e9n alakult, de a II.vh. ut\u00e1n besz\u00fcntette tev\u00e9kenys\u00e9g\u00e9t (1945). B\u00e9lyeggy\u0171jt\u0151 szenved\u00e9ly\u00e9t ebben a v\u00e1rosban k\u00e9s\u0151bb, m\u00e1sok folytatt\u00e1k, [&hellip;]<\/p>\n","protected":false},"featured_media":0,"comment_status":"open","ping_status":"closed","template":"","meta":[],"product_brand":[],"product_cat":[137],"product_tag":[],"class_list":{"0":"post-13722","1":"product","2":"type-product","3":"status-publish","5":"product_cat-maros-megyei-eletrajzi-lexikon","7":"first","8":"instock","9":"shipping-taxable","10":"product-type-simple"},"_links":{"self":[{"href":"https:\/\/uj.adatbank.ro\/lexikon\/wp-json\/wp\/v2\/product\/13722","targetHints":{"allow":["GET"]}}],"collection":[{"href":"https:\/\/uj.adatbank.ro\/lexikon\/wp-json\/wp\/v2\/product"}],"about":[{"href":"https:\/\/uj.adatbank.ro\/lexikon\/wp-json\/wp\/v2\/types\/product"}],"replies":[{"embeddable":true,"href":"https:\/\/uj.adatbank.ro\/lexikon\/wp-json\/wp\/v2\/comments?post=13722"}],"wp:attachment":[{"href":"https:\/\/uj.adatbank.ro\/lexikon\/wp-json\/wp\/v2\/media?parent=13722"}],"wp:term":[{"taxonomy":"product_brand","embeddable":true,"href":"https:\/\/uj.adatbank.ro\/lexikon\/wp-json\/wp\/v2\/product_brand?post=13722"},{"taxonomy":"product_cat","embeddable":true,"href":"https:\/\/uj.adatbank.ro\/lexikon\/wp-json\/wp\/v2\/product_cat?post=13722"},{"taxonomy":"product_tag","embeddable":true,"href":"https:\/\/uj.adatbank.ro\/lexikon\/wp-json\/wp\/v2\/product_tag?post=13722"}],"curies":[{"name":"wp","href":"https:\/\/api.w.org\/{rel}","templated":true}]}}

LATEŞ Ilie

<p>? † Szászrégen, ? : bélyeggyűjtő. – Szászrégenben birtokában volt (1900-as évek elején) sok első kiadású román bélyeg: Cap de bour (1858); Principatele unite; Cuza és mások. Tagja volt az első régeni Bélyeggyűjtő Egyesületnek, amely a 19. sz. végén alakult, de a II.vh. után beszüntette tevékenységét (1945). Bélyeggyűjtő szenvedélyét ebben a városban később, mások folytatták, akik ott létrehozták a filatéliai kört (1965. febr. 22.). <br /><strong>Irod.:</strong> Regh. Cult. (10., 2010)</br></p>

<p>? † Szászrégen, ? : bélyeggyűjtő. – Szászrégenben birtokában volt (1900-as évek elején) sok első kiadású román bélyeg: Cap de bour (1858); Principatele unite; Cuza és mások. Tagja volt az első régeni Bélyeggyűjtő Egyesületnek, amely a 19. sz. végén alakult, de a II.vh. után beszüntette tevékenységét (1945). Bélyeggyűjtő szenvedélyét ebben a városban később, mások folytatták, [&hellip;]</p>
