{"id":13724,"date":"2025-07-15T12:37:58","date_gmt":"2025-07-15T10:37:58","guid":{"rendered":"https:\/\/uj.adatbank.ro\/lexikon\/termek\/laurean-linca\/"},"modified":"2025-07-15T12:37:58","modified_gmt":"2025-07-15T10:37:58","slug":"laurean-linca","status":"publish","type":"product","link":"https:\/\/uj.adatbank.ro\/lexikon\/termek\/laurean-linca\/","title":{"rendered":"LAUREAN, Linca"},"content":{"rendered":"<p>Uzdiszentp\u00e9ter,1927. m\u00e1rc. 29 \u2020 Uzdiszentp\u00e9ter,1994: tisztvisel\u0151. \u2013 Elemi isk.-t a sz\u00fcl\u0151faluj\u00e1ban v\u00e9gzett (1940), azut\u00e1n a csal\u00e1ddal p\u00e1sztorkodott. Katonas\u00e1got R\u0103d\u0103u\u0163iban, Buk.-ben, Zimnicean \u00e9s Turnu M\u0103gurelen v\u00e9gzett a hat\u00e1r\u0151r\u00f6kn\u00e9l (1949\u20131951). Hazat\u00e9r\u00e9se ut\u00e1n a m\u0171vel\u0151d\u00e9si h\u00e1z igazgat\u00f3ja (1951\u20131953), majd p\u00e9nzt\u00e1ros \u00e9s \u00e1ruszak\u00e9rt\u0151 a falu fogyaszt\u00e1si sz\u00f6vetkezet\u00e9n\u00e9l, annak az eln\u00f6ke (1953\u20131969). Nagy n\u00e9pszer\u0171s\u00e9gneg \u00f6rvendett a faluban, ez\u00e9rt k\u00f6zs\u00e9gi polg\u00e1rmesternek ill. a n\u00e9ptan\u00e1cs aleln\u00f6k\u00e9v\u00e9 v\u00e1lasztott\u00e1k meg, amely funkci\u00f3t nyugd\u00edjaz\u00e1s\u00e1ig t\u00f6lt\u00f6tte be (1987).T\u00f6bb alkalommal vett r\u00e9szt Buk.-ben \u00e9s Kv.-on tov\u00e1bbk\u00e9pz\u0151 tanfolyamokon. <br \/><strong>Irod.:<\/strong> Radu, Ioan T: S\u00e2npetru de C\u00e2mpie, Studiu monografic (2003)<\/br><\/p>\n","protected":false},"excerpt":{"rendered":"<p>Uzdiszentp\u00e9ter,1927. m\u00e1rc. 29 \u2020 Uzdiszentp\u00e9ter,1994: tisztvisel\u0151. \u2013 Elemi isk.-t a sz\u00fcl\u0151faluj\u00e1ban v\u00e9gzett (1940), azut\u00e1n a csal\u00e1ddal p\u00e1sztorkodott. Katonas\u00e1got R\u0103d\u0103u\u0163iban, Buk.-ben, Zimnicean \u00e9s Turnu M\u0103gurelen v\u00e9gzett a hat\u00e1r\u0151r\u00f6kn\u00e9l (1949\u20131951). Hazat\u00e9r\u00e9se ut\u00e1n a m\u0171vel\u0151d\u00e9si h\u00e1z igazgat\u00f3ja (1951\u20131953), majd p\u00e9nzt\u00e1ros \u00e9s \u00e1ruszak\u00e9rt\u0151 a falu fogyaszt\u00e1si sz\u00f6vetkezet\u00e9n\u00e9l, annak az eln\u00f6ke (1953\u20131969). Nagy n\u00e9pszer\u0171s\u00e9gneg \u00f6rvendett a faluban, ez\u00e9rt k\u00f6zs\u00e9gi polg\u00e1rmesternek [&hellip;]<\/p>\n","protected":false},"featured_media":0,"comment_status":"open","ping_status":"closed","template":"","meta":[],"product_brand":[],"product_cat":[137],"product_tag":[],"class_list":{"0":"post-13724","1":"product","2":"type-product","3":"status-publish","5":"product_cat-maros-megyei-eletrajzi-lexikon","7":"first","8":"instock","9":"shipping-taxable","10":"product-type-simple"},"_links":{"self":[{"href":"https:\/\/uj.adatbank.ro\/lexikon\/wp-json\/wp\/v2\/product\/13724","targetHints":{"allow":["GET"]}}],"collection":[{"href":"https:\/\/uj.adatbank.ro\/lexikon\/wp-json\/wp\/v2\/product"}],"about":[{"href":"https:\/\/uj.adatbank.ro\/lexikon\/wp-json\/wp\/v2\/types\/product"}],"replies":[{"embeddable":true,"href":"https:\/\/uj.adatbank.ro\/lexikon\/wp-json\/wp\/v2\/comments?post=13724"}],"wp:attachment":[{"href":"https:\/\/uj.adatbank.ro\/lexikon\/wp-json\/wp\/v2\/media?parent=13724"}],"wp:term":[{"taxonomy":"product_brand","embeddable":true,"href":"https:\/\/uj.adatbank.ro\/lexikon\/wp-json\/wp\/v2\/product_brand?post=13724"},{"taxonomy":"product_cat","embeddable":true,"href":"https:\/\/uj.adatbank.ro\/lexikon\/wp-json\/wp\/v2\/product_cat?post=13724"},{"taxonomy":"product_tag","embeddable":true,"href":"https:\/\/uj.adatbank.ro\/lexikon\/wp-json\/wp\/v2\/product_tag?post=13724"}],"curies":[{"name":"wp","href":"https:\/\/api.w.org\/{rel}","templated":true}]}}

<p>Uzdiszentpéter,1927. márc. 29 † Uzdiszentpéter,1994: tisztviselő. – Elemi isk.-t a szülőfalujában végzett (1940), azután a családdal pásztorkodott. Katonaságot Rădăuţiban, Buk.-ben, Zimnicean és Turnu Măgurelen végzett a határőröknél (1949–1951). Hazatérése után a művelődési ház igazgatója (1951–1953), majd pénztáros és áruszakértő a falu fogyasztási szövetkezeténél, annak az elnöke (1953–1969). Nagy népszerűségneg örvendett a faluban, ezért községi polgármesternek ill. a néptanács alelnökévé választották meg, amely funkciót nyugdíjazásáig töltötte be (1987).Több alkalommal vett részt Buk.-ben és Kv.-on továbbképző tanfolyamokon. <br /><strong>Irod.:</strong> Radu, Ioan T: Sânpetru de Câmpie, Studiu monografic (2003)</br></p>

<p>Uzdiszentpéter,1927. márc. 29 † Uzdiszentpéter,1994: tisztviselő. – Elemi isk.-t a szülőfalujában végzett (1940), azután a családdal pásztorkodott. Katonaságot Rădăuţiban, Buk.-ben, Zimnicean és Turnu Măgurelen végzett a határőröknél (1949–1951). Hazatérése után a művelődési ház igazgatója (1951–1953), majd pénztáros és áruszakértő a falu fogyasztási szövetkezeténél, annak az elnöke (1953–1969). Nagy népszerűségneg örvendett a faluban, ezért községi polgármesternek [&hellip;]</p>
