{"id":13730,"date":"2025-07-15T12:38:11","date_gmt":"2025-07-15T10:38:11","guid":{"rendered":"https:\/\/uj.adatbank.ro\/lexikon\/termek\/laurentiu-v-ioan\/"},"modified":"2025-07-15T12:38:11","modified_gmt":"2025-07-15T10:38:11","slug":"laurentiu-v-ioan","status":"publish","type":"product","link":"https:\/\/uj.adatbank.ro\/lexikon\/termek\/laurentiu-v-ioan\/","title":{"rendered":"LAUREN\u0162IU V. Ioan"},"content":{"rendered":"<p>Uzdiszentp\u00e9ter, 1905.,\u2020 Uzdiszentp\u00e9ter,1987: tisztvisel\u0151. \u2013 Sz\u00fcl\u0151faluja k\u00f6zs\u00e9gh\u00e1z\u00e1n titk\u00e1rk\u00e9nt dolgozott. A Nemzeti Parasztp\u00e1rt helyi vezet\u0151je volt. A rendszerv\u00e1lt\u00e1s ut\u00e1n elt\u00e1vol\u00edtott\u00e1k posztj\u00e1r\u00f3l (1948), oszt\u00e1lyellens\u00e9gk\u00e9nt \u00fcld\u00f6zt\u00e9k, a szekurit\u00e1t\u00e9 letartoztatta, Mv.-re hurcolt\u00e1k, koncepci\u00f3s pert ind\u00edtottak ellene (1956), \u00e9s 8 \u00e9vi b\u00f6rt\u00f6nre \u00edt\u00e9lt\u00e9k, amib\u0151l Poarta Alban t\u00f6lt\u00f6tt n\u00e9gy \u00e9vet (1958\u20131962), majd a Duna-Fekete tenger csatorn\u00e1hoz vitt\u00e9k. Eg\u00e9szs\u00e9ge megromlott, ez\u00e9rt szabadon engedt\u00e9k (1964). K\u00e9s\u0151bb rehabilit\u00e1lt\u00e1k, A mez\u0151gazdas\u00e1gban dolgozott hal\u00e1l\u00e1ig. Letart\u00f3ztat\u00e1sa ut\u00e1n, a csal\u00e1dja is sokat szenvedett.-<br \/><strong>Irod.:<\/strong> Ioan T. Radu, Ioan T.: S\u00e2npetru de C\u00e2mpie: Studiu monografic (Tg. Mure\u015f, 2003.); Todea 2013<\/br><\/p>\n","protected":false},"excerpt":{"rendered":"<p>Uzdiszentp\u00e9ter, 1905.,\u2020 Uzdiszentp\u00e9ter,1987: tisztvisel\u0151. \u2013 Sz\u00fcl\u0151faluja k\u00f6zs\u00e9gh\u00e1z\u00e1n titk\u00e1rk\u00e9nt dolgozott. A Nemzeti Parasztp\u00e1rt helyi vezet\u0151je volt. A rendszerv\u00e1lt\u00e1s ut\u00e1n elt\u00e1vol\u00edtott\u00e1k posztj\u00e1r\u00f3l (1948), oszt\u00e1lyellens\u00e9gk\u00e9nt \u00fcld\u00f6zt\u00e9k, a szekurit\u00e1t\u00e9 letartoztatta, Mv.-re hurcolt\u00e1k, koncepci\u00f3s pert ind\u00edtottak ellene (1956), \u00e9s 8 \u00e9vi b\u00f6rt\u00f6nre \u00edt\u00e9lt\u00e9k, amib\u0151l Poarta Alban t\u00f6lt\u00f6tt n\u00e9gy \u00e9vet (1958\u20131962), majd a Duna-Fekete tenger csatorn\u00e1hoz vitt\u00e9k. Eg\u00e9szs\u00e9ge megromlott, ez\u00e9rt szabadon [&hellip;]<\/p>\n","protected":false},"featured_media":0,"comment_status":"open","ping_status":"closed","template":"","meta":[],"product_brand":[],"product_cat":[137],"product_tag":[],"class_list":{"0":"post-13730","1":"product","2":"type-product","3":"status-publish","5":"product_cat-maros-megyei-eletrajzi-lexikon","7":"first","8":"instock","9":"shipping-taxable","10":"product-type-simple"},"_links":{"self":[{"href":"https:\/\/uj.adatbank.ro\/lexikon\/wp-json\/wp\/v2\/product\/13730","targetHints":{"allow":["GET"]}}],"collection":[{"href":"https:\/\/uj.adatbank.ro\/lexikon\/wp-json\/wp\/v2\/product"}],"about":[{"href":"https:\/\/uj.adatbank.ro\/lexikon\/wp-json\/wp\/v2\/types\/product"}],"replies":[{"embeddable":true,"href":"https:\/\/uj.adatbank.ro\/lexikon\/wp-json\/wp\/v2\/comments?post=13730"}],"wp:attachment":[{"href":"https:\/\/uj.adatbank.ro\/lexikon\/wp-json\/wp\/v2\/media?parent=13730"}],"wp:term":[{"taxonomy":"product_brand","embeddable":true,"href":"https:\/\/uj.adatbank.ro\/lexikon\/wp-json\/wp\/v2\/product_brand?post=13730"},{"taxonomy":"product_cat","embeddable":true,"href":"https:\/\/uj.adatbank.ro\/lexikon\/wp-json\/wp\/v2\/product_cat?post=13730"},{"taxonomy":"product_tag","embeddable":true,"href":"https:\/\/uj.adatbank.ro\/lexikon\/wp-json\/wp\/v2\/product_tag?post=13730"}],"curies":[{"name":"wp","href":"https:\/\/api.w.org\/{rel}","templated":true}]}}

LAURENŢIU V. Ioan

<p>Uzdiszentpéter, 1905.,† Uzdiszentpéter,1987: tisztviselő. – Szülőfaluja községházán titkárként dolgozott. A Nemzeti Parasztpárt helyi vezetője volt. A rendszerváltás után eltávolították posztjáról (1948), osztályellenségként üldözték, a szekuritáté letartoztatta, Mv.-re hurcolták, koncepciós pert indítottak ellene (1956), és 8 évi börtönre ítélték, amiből Poarta Alban töltött négy évet (1958–1962), majd a Duna-Fekete tenger csatornához vitték. Egészsége megromlott, ezért szabadon engedték (1964). Később rehabilitálták, A mezőgazdaságban dolgozott haláláig. Letartóztatása után, a családja is sokat szenvedett.-<br /><strong>Irod.:</strong> Ioan T. Radu, Ioan T.: Sânpetru de Câmpie: Studiu monografic (Tg. Mureş, 2003.); Todea 2013</br></p>

<p>Uzdiszentpéter, 1905.,† Uzdiszentpéter,1987: tisztviselő. – Szülőfaluja községházán titkárként dolgozott. A Nemzeti Parasztpárt helyi vezetője volt. A rendszerváltás után eltávolították posztjáról (1948), osztályellenségként üldözték, a szekuritáté letartoztatta, Mv.-re hurcolták, koncepciós pert indítottak ellene (1956), és 8 évi börtönre ítélték, amiből Poarta Alban töltött négy évet (1958–1962), majd a Duna-Fekete tenger csatornához vitték. Egészsége megromlott, ezért szabadon [&hellip;]</p>
