{"id":13735,"date":"2025-07-15T12:38:21","date_gmt":"2025-07-15T10:38:21","guid":{"rendered":"https:\/\/uj.adatbank.ro\/lexikon\/termek\/lazar-adam-csikvacsari\/"},"modified":"2025-07-15T12:38:21","modified_gmt":"2025-07-15T10:38:21","slug":"lazar-adam-csikvacsari","status":"publish","type":"product","link":"https:\/\/uj.adatbank.ro\/lexikon\/termek\/lazar-adam-csikvacsari\/","title":{"rendered":"L\u00c1Z\u00c1R \u00c1d\u00e1m, cs\u00edkvacs\u00e1ri"},"content":{"rendered":"<p>Mv., 1821. dec. 24.,\u2020 Mv., 1891. m\u00e1rc. 2.: \u00fcgyv\u00e9d, ogy.-i k\u00e9pvisel\u0151, birtokos. \u2013 L. J\u00e1nos, Mv. f\u0151bir\u00e1ja \u00e9s Peielle M\u00e1ria fia. \u2013 Jogoi tanulm\u00e1nyok ut\u00e1n \u00fcgyv\u00e9d lett. A k\u00e9pvisel\u0151h\u00e1znak tagja (1869-, 1881\u201384; 1884\u201387 s azut\u00e1n is az 1875\u201378. ogy.-t kiv\u00e9ve) mindig a mv.-i ker\u00fcletet k\u00e9pviselte a F\u00fcggetlens\u00e9gi P\u00e1rt programj\u00e1val. A KMTT tagja (1873). A mv.-i Dalk\u00f6r eln\u00f6ke (1870. k.). \u0150 volt a szoborbizotts\u00e1g eln\u00f6ke, amikor az Aradi Zsigmond szobr\u00e1sz munk\u00e1j\u00e1t, a Sz\u00e9kely V\u00e9rtanuk Obeliszkj\u00e9t fel\u00e1ll\u00edttatta a Postar\u00e9ten, majd a leleplez\u00e9si \u00fcnneps\u00e9gen a d\u00edszbesz\u00e9det is \u0151 tartotta.(1875. j\u00fan. 27.). A mv.-i G\u00f6r\u00f6g-h\u00e1zra elhelyezett Pet\u0151fi- eml\u00e9kt\u00e1bla (Jablonszky Vince szobr\u00e1szm\u0171v\u00e9sz k\u00e9sz\u00edtette) avat\u00f3 \u00fcnneps\u00e9g\u00e9n besz\u00e9det mondott (1884. szept. 28). Az MTE (1884) \u00e9s az EMKE mv.-i v\u00e1rosi v\u00e1lasztm\u00e1ny\u00e1nak alap\u00edt\u00f3tagja (1885). Kezdem\u00e9nyez\u00e9s\u00e9re a v\u00e1ros t\u00f6rv\u00e9nyhat\u00f3s\u00e1gi bizotts\u00e1ga Kossuth Lajost a v\u00e1ros d\u00edszpolg\u00e1r\u00e1v\u00e1 avatta (1888. m\u00e1rc.) \u00e9s Mv. f\u0151ter\u00e9n fel\u00e1ll\u00edtott\u00e1k a eg\u00e9szalakos r\u00e9zszobr\u00e1t (1899.j\u00fan.11.). T\u00f6rv\u00e9nyhat\u00f3 bizotts\u00e1gi- \u00e9s iskolasz\u00e9ki tagk\u00e9nt v\u00e9grendelet\u00e9ben (1890) nagy \u00f6sszeget hagyom\u00e1nyozott a polg\u00e1ri iskol\u00e1nak, ezt alap\u00edtv\u00e1nyk\u00e9nt kezelt\u00e9k (1894\u2013). Cikkei a Marosvid\u00e9kben (1879. 7.: Bolyai Farkasnak eml\u00e9kk\u00f6vet), a Magyar Polg\u00e1rban (1880. 195.: Z\u00e1rsz\u00f3 Pet\u0151fi elt\u00fcn\u00e9s\u00e9hez), a Koszor\u00faban (1884. Pet\u0151fi \u00e9let\u00e9b\u0151l az utols\u00f3 napok), a Jogtudom\u00e1nyi K\u00f6zl\u00f6nyben (1886. Okiratok visszatart\u00e1sa b\u00fcntetend\u0151 cselekm\u00e9nyt k\u00e9pez-e?), az Aradi Ujs\u00e1gban (1889. 73. Pet\u0151fi utols\u00f3 napjai.). Orsz\u00e1ggy\u0171l\u00e9si besz\u00e9dei a Napl\u00f3kban (1869\u201372., 1872\u20131875., 1881\u201384., 1884\u201387.); Levelei K. Papp Mikl\u00f3shoz, (Mv., 1871. j\u00fal. 15. \u00e9s Bp., 1874. m\u00e1j. 18.). \u2013 <strong>F. m.:<\/strong> Foh\u00e1sz. (Mv.,1849); Sz\u00f3zat Mv. v\u00e1laszt\u00f3 polg\u00e1raihoz. (Mv, 1849; Programmbesz\u00e9d. (Mv.,1872); Besz\u00e1mol\u00f3 \u00e9s programmbesz\u00e9d. (Mv., 1884). <br \/><strong>Irod.:<\/strong> Bojtor Endre: Az 1869 \u00e9vi \u00e1pr. 20-ra \u00f6sszeh\u00edvott orsz\u00e1ggy\u0171l\u00e9s k\u00e9pvisel\u0151h\u00e1za tagjainak bet\u0171soros n\u00e9v &#8211; \u00e9s lakjegyz\u00e9ke (Bp., 1872); De\u00e1k Lajos: Visszatekint\u00e9s a dalk\u00f6r m\u00faltj\u00e1ra = Eml\u00e9kk\u00f6nyv (szerk. Farkas D\u00e1niel; Mv., 1883); Haller J\u00f3zsef: C\u00e1folat az \u00f6zv. F\u00f6ldv\u00e1ri J\u00f3zsefn\u00e9 gr. Haller M\u00e1ria \u00e1ltal a Magyarnemegy\u00e9ben 1887. m\u00e1rc. hav\u00e1ban kiadott \u201dL\u00e1z\u00e1r \u00c1d\u00e1m hites \u00fcgyv\u00e9d \u00e9s orsz\u00e1ggy\u0171l\u00e9si k\u00e9pvisel\u0151 \u00fcgyv\u00e9di \u00fczelmeir\u0151l\u201d c. r\u00f6piratra (Sz\u00e9kelyudvarhely, 1887); Id\u0151t\u00e1r 2; KMTT; Kr\u00f3n. F\u00fcz. (1939. 4\/6); L\u00e1z\u00e1r csal\u00e1d; Nemes; S\u00e1ndor; P\u00e1l-Antal 2003; P\u00e1l-Anatal \u2013 Szab\u00f3 2.; Sikl\u00f3sy; Szinnyei<\/br><\/p>\n","protected":false},"excerpt":{"rendered":"<p>Mv., 1821. dec. 24.,\u2020 Mv., 1891. m\u00e1rc. 2.: \u00fcgyv\u00e9d, ogy.-i k\u00e9pvisel\u0151, birtokos. \u2013 L. J\u00e1nos, Mv. f\u0151bir\u00e1ja \u00e9s Peielle M\u00e1ria fia. \u2013 Jogoi tanulm\u00e1nyok ut\u00e1n \u00fcgyv\u00e9d lett. A k\u00e9pvisel\u0151h\u00e1znak tagja (1869-, 1881\u201384; 1884\u201387 s azut\u00e1n is az 1875\u201378. ogy.-t kiv\u00e9ve) mindig a mv.-i ker\u00fcletet k\u00e9pviselte a F\u00fcggetlens\u00e9gi P\u00e1rt programj\u00e1val. A KMTT tagja (1873). A mv.-i [&hellip;]<\/p>\n","protected":false},"featured_media":0,"comment_status":"open","ping_status":"closed","template":"","meta":[],"product_brand":[],"product_cat":[137],"product_tag":[],"class_list":{"0":"post-13735","1":"product","2":"type-product","3":"status-publish","5":"product_cat-maros-megyei-eletrajzi-lexikon","7":"first","8":"instock","9":"shipping-taxable","10":"product-type-simple"},"_links":{"self":[{"href":"https:\/\/uj.adatbank.ro\/lexikon\/wp-json\/wp\/v2\/product\/13735","targetHints":{"allow":["GET"]}}],"collection":[{"href":"https:\/\/uj.adatbank.ro\/lexikon\/wp-json\/wp\/v2\/product"}],"about":[{"href":"https:\/\/uj.adatbank.ro\/lexikon\/wp-json\/wp\/v2\/types\/product"}],"replies":[{"embeddable":true,"href":"https:\/\/uj.adatbank.ro\/lexikon\/wp-json\/wp\/v2\/comments?post=13735"}],"wp:attachment":[{"href":"https:\/\/uj.adatbank.ro\/lexikon\/wp-json\/wp\/v2\/media?parent=13735"}],"wp:term":[{"taxonomy":"product_brand","embeddable":true,"href":"https:\/\/uj.adatbank.ro\/lexikon\/wp-json\/wp\/v2\/product_brand?post=13735"},{"taxonomy":"product_cat","embeddable":true,"href":"https:\/\/uj.adatbank.ro\/lexikon\/wp-json\/wp\/v2\/product_cat?post=13735"},{"taxonomy":"product_tag","embeddable":true,"href":"https:\/\/uj.adatbank.ro\/lexikon\/wp-json\/wp\/v2\/product_tag?post=13735"}],"curies":[{"name":"wp","href":"https:\/\/api.w.org\/{rel}","templated":true}]}}

LÁZÁR Ádám, csíkvacsári

<p>Mv., 1821. dec. 24.,† Mv., 1891. márc. 2.: ügyvéd, ogy.-i képviselő, birtokos. – L. János, Mv. főbirája és Peielle Mária fia. – Jogoi tanulmányok után ügyvéd lett. A képviselőháznak tagja (1869-, 1881–84; 1884–87 s azután is az 1875–78. ogy.-t kivéve) mindig a mv.-i kerületet képviselte a Függetlenségi Párt programjával. A KMTT tagja (1873). A mv.-i Dalkör elnöke (1870. k.). Ő volt a szoborbizottság elnöke, amikor az Aradi Zsigmond szobrász munkáját, a Székely Vértanuk Obeliszkjét felállíttatta a Postaréten, majd a leleplezési ünnepségen a díszbeszédet is ő tartotta.(1875. jún. 27.). A mv.-i Görög-házra elhelyezett Petőfi- emléktábla (Jablonszky Vince szobrászművész készítette) avató ünnepségén beszédet mondott (1884. szept. 28). Az MTE (1884) és az EMKE mv.-i városi választmányának alapítótagja (1885). Kezdeményezésére a város törvényhatósági bizottsága Kossuth Lajost a város díszpolgárává avatta (1888. márc.) és Mv. főterén felállították a egészalakos rézszobrát (1899.jún.11.). Törvényható bizottsági- és iskolaszéki tagként végrendeletében (1890) nagy összeget hagyományozott a polgári iskolának, ezt alapítványként kezelték (1894–). Cikkei a Marosvidékben (1879. 7.: Bolyai Farkasnak emlékkövet), a Magyar Polgárban (1880. 195.: Zárszó Petőfi eltünéséhez), a Koszorúban (1884. Petőfi életéből az utolsó napok), a Jogtudományi Közlönyben (1886. Okiratok visszatartása büntetendő cselekményt képez-e?), az Aradi Ujságban (1889. 73. Petőfi utolsó napjai.). Országgyűlési beszédei a Naplókban (1869–72., 1872–1875., 1881–84., 1884–87.); Levelei K. Papp Miklóshoz, (Mv., 1871. júl. 15. és Bp., 1874. máj. 18.). – <strong>F. m.:</strong> Fohász. (Mv.,1849); Szózat Mv. választó polgáraihoz. (Mv, 1849; Programmbeszéd. (Mv.,1872); Beszámoló és programmbeszéd. (Mv., 1884). <br /><strong>Irod.:</strong> Bojtor Endre: Az 1869 évi ápr. 20-ra összehívott országgyűlés képviselőháza tagjainak betűsoros név &#8211; és lakjegyzéke (Bp., 1872); Deák Lajos: Visszatekintés a dalkör múltjára = Emlékkönyv (szerk. Farkas Dániel; Mv., 1883); Haller József: Cáfolat az özv. Földvári Józsefné gr. Haller Mária által a Magyarnemegyében 1887. márc. havában kiadott ”Lázár Ádám hites ügyvéd és országgyűlési képviselő ügyvédi üzelmeiről” c. röpiratra (Székelyudvarhely, 1887); Időtár 2; KMTT; Krón. Füz. (1939. 4/6); Lázár család; Nemes; Sándor; Pál-Antal 2003; Pál-Anatal – Szabó 2.; Siklósy; Szinnyei</br></p>

<p>Mv., 1821. dec. 24.,† Mv., 1891. márc. 2.: ügyvéd, ogy.-i képviselő, birtokos. – L. János, Mv. főbirája és Peielle Mária fia. – Jogoi tanulmányok után ügyvéd lett. A képviselőháznak tagja (1869-, 1881–84; 1884–87 s azután is az 1875–78. ogy.-t kivéve) mindig a mv.-i kerületet képviselte a Függetlenségi Párt programjával. A KMTT tagja (1873). A mv.-i [&hellip;]</p>
