{"id":13736,"date":"2025-07-15T12:38:22","date_gmt":"2025-07-15T10:38:22","guid":{"rendered":"https:\/\/uj.adatbank.ro\/lexikon\/termek\/lazar-adam-szarhegyi-gr\/"},"modified":"2025-07-15T12:38:22","modified_gmt":"2025-07-15T10:38:22","slug":"lazar-adam-szarhegyi-gr","status":"publish","type":"product","link":"https:\/\/uj.adatbank.ro\/lexikon\/termek\/lazar-adam-szarhegyi-gr\/","title":{"rendered":"L\u00c1Z\u00c1R \u00c1d\u00e1m, sz\u00e1rhegyi gr."},"content":{"rendered":"<p>K\u00f3r\u00f3d, 1712. k. \u2020 1779.: f\u00f6ldbirtokos. \u2013 Ferenc (1675\u20131742) \u00e9s k\u0151r\u00f6sszegi \u00e9s adorj\u00e1ni gr. Cs\u00e1ky Zsuzsanna (\u2020 1715) fia. Feles\u00e9ge: 1. vargyasi D\u00e1niel Anna, le\u00e1nyuk Anna br. B\u00e1lintith Gy\u00f6rgyn\u00e9 (1780); 2. B\u00f6jthe Ter\u00e9zia (\u2020 1802), esk\u00fcv\u0151 (1762),). \u2013 F\u00f6ldbirtokos Sz\u00e9kelyv\u00e9ck\u00e9n, Mv-en tulajdonnal rendelkezett (1786). Feles\u00e9g\u00e9vel Daniel Ann\u00e1v\u00e1l v\u00e9grendeletileg adom\u00e1nyt tettek a ferenceseknek mis\u00e9re (1757). <br \/><strong>Irod.:<\/strong> Id\u0151t\u00e1r 1; Nagy Iv\u00e1n; P\u00e1l-Antal 2009, P\u00e1lmay 4<\/br><\/p>\n","protected":false},"excerpt":{"rendered":"<p>K\u00f3r\u00f3d, 1712. k. \u2020 1779.: f\u00f6ldbirtokos. \u2013 Ferenc (1675\u20131742) \u00e9s k\u0151r\u00f6sszegi \u00e9s adorj\u00e1ni gr. Cs\u00e1ky Zsuzsanna (\u2020 1715) fia. Feles\u00e9ge: 1. vargyasi D\u00e1niel Anna, le\u00e1nyuk Anna br. B\u00e1lintith Gy\u00f6rgyn\u00e9 (1780); 2. B\u00f6jthe Ter\u00e9zia (\u2020 1802), esk\u00fcv\u0151 (1762),). \u2013 F\u00f6ldbirtokos Sz\u00e9kelyv\u00e9ck\u00e9n, Mv-en tulajdonnal rendelkezett (1786). Feles\u00e9g\u00e9vel Daniel Ann\u00e1v\u00e1l v\u00e9grendeletileg adom\u00e1nyt tettek a ferenceseknek mis\u00e9re (1757). Irod.: [&hellip;]<\/p>\n","protected":false},"featured_media":0,"comment_status":"open","ping_status":"closed","template":"","meta":[],"product_brand":[],"product_cat":[137],"product_tag":[],"class_list":{"0":"post-13736","1":"product","2":"type-product","3":"status-publish","5":"product_cat-maros-megyei-eletrajzi-lexikon","7":"first","8":"instock","9":"shipping-taxable","10":"product-type-simple"},"_links":{"self":[{"href":"https:\/\/uj.adatbank.ro\/lexikon\/wp-json\/wp\/v2\/product\/13736","targetHints":{"allow":["GET"]}}],"collection":[{"href":"https:\/\/uj.adatbank.ro\/lexikon\/wp-json\/wp\/v2\/product"}],"about":[{"href":"https:\/\/uj.adatbank.ro\/lexikon\/wp-json\/wp\/v2\/types\/product"}],"replies":[{"embeddable":true,"href":"https:\/\/uj.adatbank.ro\/lexikon\/wp-json\/wp\/v2\/comments?post=13736"}],"wp:attachment":[{"href":"https:\/\/uj.adatbank.ro\/lexikon\/wp-json\/wp\/v2\/media?parent=13736"}],"wp:term":[{"taxonomy":"product_brand","embeddable":true,"href":"https:\/\/uj.adatbank.ro\/lexikon\/wp-json\/wp\/v2\/product_brand?post=13736"},{"taxonomy":"product_cat","embeddable":true,"href":"https:\/\/uj.adatbank.ro\/lexikon\/wp-json\/wp\/v2\/product_cat?post=13736"},{"taxonomy":"product_tag","embeddable":true,"href":"https:\/\/uj.adatbank.ro\/lexikon\/wp-json\/wp\/v2\/product_tag?post=13736"}],"curies":[{"name":"wp","href":"https:\/\/api.w.org\/{rel}","templated":true}]}}

LÁZÁR Ádám, szárhegyi gr.

<p>Kóród, 1712. k. † 1779.: földbirtokos. – Ferenc (1675–1742) és kőrösszegi és adorjáni gr. Csáky Zsuzsanna († 1715) fia. Felesége: 1. vargyasi Dániel Anna, leányuk Anna br. Bálintith Györgyné (1780); 2. Böjthe Terézia († 1802), esküvő (1762),). – Földbirtokos Székelyvéckén, Mv-en tulajdonnal rendelkezett (1786). Feleségével Daniel Annávál végrendeletileg adományt tettek a ferenceseknek misére (1757). <br /><strong>Irod.:</strong> Időtár 1; Nagy Iván; Pál-Antal 2009, Pálmay 4</br></p>

<p>Kóród, 1712. k. † 1779.: földbirtokos. – Ferenc (1675–1742) és kőrösszegi és adorjáni gr. Csáky Zsuzsanna († 1715) fia. Felesége: 1. vargyasi Dániel Anna, leányuk Anna br. Bálintith Györgyné (1780); 2. Böjthe Terézia († 1802), esküvő (1762),). – Földbirtokos Székelyvéckén, Mv-en tulajdonnal rendelkezett (1786). Feleségével Daniel Annávál végrendeletileg adományt tettek a ferenceseknek misére (1757). Irod.: [&hellip;]</p>
