{"id":13737,"date":"2025-07-15T12:38:26","date_gmt":"2025-07-15T10:38:26","guid":{"rendered":"https:\/\/uj.adatbank.ro\/lexikon\/termek\/lazar-adam-szarhegyi-gr-2\/"},"modified":"2025-07-15T12:38:26","modified_gmt":"2025-07-15T10:38:26","slug":"lazar-adam-szarhegyi-gr-2","status":"publish","type":"product","link":"https:\/\/uj.adatbank.ro\/lexikon\/termek\/lazar-adam-szarhegyi-gr-2\/","title":{"rendered":"L\u00c1Z\u00c1R \u00c1d\u00e1m, sz\u00e1rhegyi gr."},"content":{"rendered":"<p>Sz\u00e9kelymoson, 1863 okt. 24., \u2020 Sz\u00e9kelyudvarhely, 1905. febr. 4.: \u00edr\u00f3, f\u0151isp\u00e1ni titk\u00e1r, jegyz\u0151. \u2013 D\u00e9nes (1816- Moson, 1881) honv\u00e9dezredes \u00e9s Rindsmaul Ad\u00e9l (1838. j\u00fal.\u20131888. febr. 23.) fia. Feles\u00e9ge nagyv\u00e1radi P\u00e1szt\u00f3hy Katalin (1870\u20131905. febr. 27) Gyermekei: Anna, Tibor (1892\u2013), B\u00e1lint, D\u00e9nes (1894\u20131984), M\u00e1ria (1900. febr. 11. \u2013). \u2013 F\u00f6ldbirtokos Sz\u00e9kelymosonban. Katonatiszt, Udvarhely v\u00e1rmegyei tisztvisel\u0151, sz\u00e9kelyudvarhelyi f\u0151isp\u00e1ni titk\u00e1r (1896\u2013), majd jegyz\u0151 volt. A Kis-K\u00fck\u00fcll\u0151 munkat\u00e1rsa (1894. szept. 1.\u2013), \u00edrt m\u00e9g t\u00e1rc\u00e1kat, k\u00f6ltem\u00e9nyeket az Udvarhelyi H\u00edrad\u00f3ban, a kv.-i Ellenz\u00e9kben. N\u00e9psz\u00ednm\u0171veket \u00edrt: Leg\u00e9nyk\u00e9r\u0151 c\u00edmmel.\u2013 <strong>F. m.:<\/strong> Sz\u00e9kely k\u00e9rd\u00e9s (Sz\u00e9kelyudvarhely, 1902). <br \/><strong>Irod.:<\/strong> Gudenus, Guly\u00e1s; Ny\u00e1r\u00e1dszereda k\u00f6zs\u00e9g; P\u00e1lmay; Sepsisz\u00e9ki; Szinnyei<\/br><\/p>\n","protected":false},"excerpt":{"rendered":"<p>Sz\u00e9kelymoson, 1863 okt. 24., \u2020 Sz\u00e9kelyudvarhely, 1905. febr. 4.: \u00edr\u00f3, f\u0151isp\u00e1ni titk\u00e1r, jegyz\u0151. \u2013 D\u00e9nes (1816- Moson, 1881) honv\u00e9dezredes \u00e9s Rindsmaul Ad\u00e9l (1838. j\u00fal.\u20131888. febr. 23.) fia. Feles\u00e9ge nagyv\u00e1radi P\u00e1szt\u00f3hy Katalin (1870\u20131905. febr. 27) Gyermekei: Anna, Tibor (1892\u2013), B\u00e1lint, D\u00e9nes (1894\u20131984), M\u00e1ria (1900. febr. 11. \u2013). \u2013 F\u00f6ldbirtokos Sz\u00e9kelymosonban. Katonatiszt, Udvarhely v\u00e1rmegyei tisztvisel\u0151, sz\u00e9kelyudvarhelyi f\u0151isp\u00e1ni [&hellip;]<\/p>\n","protected":false},"featured_media":0,"comment_status":"open","ping_status":"closed","template":"","meta":[],"product_brand":[],"product_cat":[137],"product_tag":[],"class_list":{"0":"post-13737","1":"product","2":"type-product","3":"status-publish","5":"product_cat-maros-megyei-eletrajzi-lexikon","7":"first","8":"instock","9":"shipping-taxable","10":"product-type-simple"},"_links":{"self":[{"href":"https:\/\/uj.adatbank.ro\/lexikon\/wp-json\/wp\/v2\/product\/13737","targetHints":{"allow":["GET"]}}],"collection":[{"href":"https:\/\/uj.adatbank.ro\/lexikon\/wp-json\/wp\/v2\/product"}],"about":[{"href":"https:\/\/uj.adatbank.ro\/lexikon\/wp-json\/wp\/v2\/types\/product"}],"replies":[{"embeddable":true,"href":"https:\/\/uj.adatbank.ro\/lexikon\/wp-json\/wp\/v2\/comments?post=13737"}],"wp:attachment":[{"href":"https:\/\/uj.adatbank.ro\/lexikon\/wp-json\/wp\/v2\/media?parent=13737"}],"wp:term":[{"taxonomy":"product_brand","embeddable":true,"href":"https:\/\/uj.adatbank.ro\/lexikon\/wp-json\/wp\/v2\/product_brand?post=13737"},{"taxonomy":"product_cat","embeddable":true,"href":"https:\/\/uj.adatbank.ro\/lexikon\/wp-json\/wp\/v2\/product_cat?post=13737"},{"taxonomy":"product_tag","embeddable":true,"href":"https:\/\/uj.adatbank.ro\/lexikon\/wp-json\/wp\/v2\/product_tag?post=13737"}],"curies":[{"name":"wp","href":"https:\/\/api.w.org\/{rel}","templated":true}]}}

LÁZÁR Ádám, szárhegyi gr.

<p>Székelymoson, 1863 okt. 24., † Székelyudvarhely, 1905. febr. 4.: író, főispáni titkár, jegyző. – Dénes (1816- Moson, 1881) honvédezredes és Rindsmaul Adél (1838. júl.–1888. febr. 23.) fia. Felesége nagyváradi Pásztóhy Katalin (1870–1905. febr. 27) Gyermekei: Anna, Tibor (1892–), Bálint, Dénes (1894–1984), Mária (1900. febr. 11. –). – Földbirtokos Székelymosonban. Katonatiszt, Udvarhely vármegyei tisztviselő, székelyudvarhelyi főispáni titkár (1896–), majd jegyző volt. A Kis-Küküllő munkatársa (1894. szept. 1.–), írt még tárcákat, költeményeket az Udvarhelyi Híradóban, a kv.-i Ellenzékben. Népszínműveket írt: Legénykérő címmel.– <strong>F. m.:</strong> Székely kérdés (Székelyudvarhely, 1902). <br /><strong>Irod.:</strong> Gudenus, Gulyás; Nyárádszereda község; Pálmay; Sepsiszéki; Szinnyei</br></p>

<p>Székelymoson, 1863 okt. 24., † Székelyudvarhely, 1905. febr. 4.: író, főispáni titkár, jegyző. – Dénes (1816- Moson, 1881) honvédezredes és Rindsmaul Adél (1838. júl.–1888. febr. 23.) fia. Felesége nagyváradi Pásztóhy Katalin (1870–1905. febr. 27) Gyermekei: Anna, Tibor (1892–), Bálint, Dénes (1894–1984), Mária (1900. febr. 11. –). – Földbirtokos Székelymosonban. Katonatiszt, Udvarhely vármegyei tisztviselő, székelyudvarhelyi főispáni [&hellip;]</p>
