{"id":13740,"date":"2025-07-15T12:38:31","date_gmt":"2025-07-15T10:38:31","guid":{"rendered":"https:\/\/uj.adatbank.ro\/lexikon\/termek\/lazar-andras-szarhegyi\/"},"modified":"2025-07-15T12:38:31","modified_gmt":"2025-07-15T10:38:31","slug":"lazar-andras-szarhegyi","status":"publish","type":"product","link":"https:\/\/uj.adatbank.ro\/lexikon\/termek\/lazar-andras-szarhegyi\/","title":{"rendered":"L\u00c1Z\u00c1R Andr\u00e1s, sz\u00e1rhegyi"},"content":{"rendered":"<p>? \u2020 ?: birtokos. \u2013 Apja B\u00e1lint kir\u00e1lyb\u00edr\u00f3, sz\u00e9khadnagy.- Az els\u0151 a csal\u00e1db\u00f3l, aki sz\u00e1rhegyi el\u0151nevet viselt (1482), \u0151 a Gyulak\u00fati \u00e1g alap\u00edt\u00f3ja. Feles\u00e9ge hozom\u00e1nyak\u00e9nt Szeredaszentanna birtokosa lett. H\u00e9t gyermeke volt. Fiai: Bern\u00e1rd, J\u00e1nos, Istv\u00e1n, Ferenc, Mih\u00e1ly a sz\u00e1rhegyi \u00e1g folytat\u00f3i. \u2013 J\u00e1nos \u00e9s Ferenc kapta a ny\u00e1r\u00e1dszentannai birtokot. Marossz\u00e9ken a kisfaludi birtokot \u00e9s h\u00e1rom l\u00f3f\u0151\u00f6r\u00f6ks\u00e9get vett esztergomi Sz\u00e9kely Ferenct\u0151l 1000 arany forint\u00e9rt (a szerz\u0151d\u00e9st al\u00e1\u00edrt\u00e1k Bud\u00e1n, 1507. nov. 13.). Benefalva sz\u00e9kely lakosai szabadokk\u00e1 v\u00e1ltak a L. A. oklevele \u00e9rtelm\u00e9ben, aki szentgy\u00f6rgyi T\u00f3th Mikl\u00f3st a sz\u00e9kelyf\u00f6ldr\u0151l sz\u00e1m\u0171zte \u00e9s a falu lak\u00f3it szabad sz\u00e9kelyekk\u00e9 tette. Ezt k\u00e9s\u0151bb Szapolyai J\u00e1nos erd\u00e9lyi vajda megsemmis\u00edtette \u00e9s T\u00f3th Mikl\u00f3s fi\u00e1nak J\u00e1nosnak visszaadta juss\u00e1t (1619). Mint sz\u00e9kely f\u0151nemes eln\u00f6k\u00f6lt a vajd\u00e1k t\u00falkap\u00e1sai \u00e9s egy\u00e9b panaszok miatt \u00f6sszeh\u00edvott agyagfalvi gy\u0171l\u00e9sen (1509). Fia Ferenc, Ferenc-Ferdin\u00e1dp\u00e1rti volt, ez\u00e9rt J\u00e1nos kir\u00e1ly lefejeztette \u00e9s elkoboztatta Kisfaludot t\u0151le \u00e9s azt szentgy\u00f6rgyi T\u00f3th J\u00e1nosnak adom\u00e1nyozta (1529). M\u00e1sik fia J\u00e1nos m\u00e1r szentannai el\u0151nevet viselt. <br \/><strong>Irod.:<\/strong> Em\u0151d; Id\u0151t\u00e1r 1; Kelemen Lajos 1982; Keresztes Gyula: \u00d6r\u00f6ks\u00e9g\u00fcnk 66.: Maros-(Sz\u00e9kely) V\u00e1s\u00e1rhely udvarh\u00e1zai; Kornis; Rugonfalvi Kiss; Sebesty\u00e9n Mih\u00e1ly; SzOkl, 1<\/br><\/p>\n","protected":false},"excerpt":{"rendered":"<p>? \u2020 ?: birtokos. \u2013 Apja B\u00e1lint kir\u00e1lyb\u00edr\u00f3, sz\u00e9khadnagy.- Az els\u0151 a csal\u00e1db\u00f3l, aki sz\u00e1rhegyi el\u0151nevet viselt (1482), \u0151 a Gyulak\u00fati \u00e1g alap\u00edt\u00f3ja. Feles\u00e9ge hozom\u00e1nyak\u00e9nt Szeredaszentanna birtokosa lett. H\u00e9t gyermeke volt. Fiai: Bern\u00e1rd, J\u00e1nos, Istv\u00e1n, Ferenc, Mih\u00e1ly a sz\u00e1rhegyi \u00e1g folytat\u00f3i. \u2013 J\u00e1nos \u00e9s Ferenc kapta a ny\u00e1r\u00e1dszentannai birtokot. Marossz\u00e9ken a kisfaludi birtokot \u00e9s h\u00e1rom [&hellip;]<\/p>\n","protected":false},"featured_media":0,"comment_status":"open","ping_status":"closed","template":"","meta":[],"product_brand":[],"product_cat":[137],"product_tag":[],"class_list":{"0":"post-13740","1":"product","2":"type-product","3":"status-publish","5":"product_cat-maros-megyei-eletrajzi-lexikon","7":"first","8":"instock","9":"shipping-taxable","10":"product-type-simple"},"_links":{"self":[{"href":"https:\/\/uj.adatbank.ro\/lexikon\/wp-json\/wp\/v2\/product\/13740","targetHints":{"allow":["GET"]}}],"collection":[{"href":"https:\/\/uj.adatbank.ro\/lexikon\/wp-json\/wp\/v2\/product"}],"about":[{"href":"https:\/\/uj.adatbank.ro\/lexikon\/wp-json\/wp\/v2\/types\/product"}],"replies":[{"embeddable":true,"href":"https:\/\/uj.adatbank.ro\/lexikon\/wp-json\/wp\/v2\/comments?post=13740"}],"wp:attachment":[{"href":"https:\/\/uj.adatbank.ro\/lexikon\/wp-json\/wp\/v2\/media?parent=13740"}],"wp:term":[{"taxonomy":"product_brand","embeddable":true,"href":"https:\/\/uj.adatbank.ro\/lexikon\/wp-json\/wp\/v2\/product_brand?post=13740"},{"taxonomy":"product_cat","embeddable":true,"href":"https:\/\/uj.adatbank.ro\/lexikon\/wp-json\/wp\/v2\/product_cat?post=13740"},{"taxonomy":"product_tag","embeddable":true,"href":"https:\/\/uj.adatbank.ro\/lexikon\/wp-json\/wp\/v2\/product_tag?post=13740"}],"curies":[{"name":"wp","href":"https:\/\/api.w.org\/{rel}","templated":true}]}}

LÁZÁR András, szárhegyi

<p>? † ?: birtokos. – Apja Bálint királybíró, székhadnagy.- Az első a családból, aki szárhegyi előnevet viselt (1482), ő a Gyulakúti ág alapítója. Felesége hozományaként Szeredaszentanna birtokosa lett. Hét gyermeke volt. Fiai: Bernárd, János, István, Ferenc, Mihály a szárhegyi ág folytatói. – János és Ferenc kapta a nyárádszentannai birtokot. Marosszéken a kisfaludi birtokot és három lófőörökséget vett esztergomi Székely Ferenctől 1000 arany forintért (a szerződést aláírták Budán, 1507. nov. 13.). Benefalva székely lakosai szabadokká váltak a L. A. oklevele értelmében, aki szentgyörgyi Tóth Miklóst a székelyföldről száműzte és a falu lakóit szabad székelyekké tette. Ezt később Szapolyai János erdélyi vajda megsemmisítette és Tóth Miklós fiának Jánosnak visszaadta jussát (1619). Mint székely főnemes elnökölt a vajdák túlkapásai és egyéb panaszok miatt összehívott agyagfalvi gyűlésen (1509). Fia Ferenc, Ferenc-Ferdinádpárti volt, ezért János király lefejeztette és elkoboztatta Kisfaludot tőle és azt szentgyörgyi Tóth Jánosnak adományozta (1529). Másik fia János már szentannai előnevet viselt. <br /><strong>Irod.:</strong> Emőd; Időtár 1; Kelemen Lajos 1982; Keresztes Gyula: Örökségünk 66.: Maros-(Székely) Vásárhely udvarházai; Kornis; Rugonfalvi Kiss; Sebestyén Mihály; SzOkl, 1</br></p>

<p>? † ?: birtokos. – Apja Bálint királybíró, székhadnagy.- Az első a családból, aki szárhegyi előnevet viselt (1482), ő a Gyulakúti ág alapítója. Felesége hozományaként Szeredaszentanna birtokosa lett. Hét gyermeke volt. Fiai: Bernárd, János, István, Ferenc, Mihály a szárhegyi ág folytatói. – János és Ferenc kapta a nyárádszentannai birtokot. Marosszéken a kisfaludi birtokot és három [&hellip;]</p>
