{"id":13741,"date":"2025-07-15T12:38:32","date_gmt":"2025-07-15T10:38:32","guid":{"rendered":"https:\/\/uj.adatbank.ro\/lexikon\/termek\/lazar-andras-szarhegyi-2\/"},"modified":"2025-07-15T12:38:32","modified_gmt":"2025-07-15T10:38:32","slug":"lazar-andras-szarhegyi-2","status":"publish","type":"product","link":"https:\/\/uj.adatbank.ro\/lexikon\/termek\/lazar-andras-szarhegyi-2\/","title":{"rendered":"L\u00c1Z\u00c1R Andr\u00e1s, sz\u00e1rhegyi"},"content":{"rendered":"<p>? \u2020 1597.: birtokos, cs\u00edki f\u0151kir\u00e1lyb\u00edr\u00f3. \u2013 L. Istv\u00e1n \u00e9s Bog\u00e1thi Ilona fia. Feles\u00e9ge Sombori Erzs\u00e9bet. Fia Istv\u00e1n (\u2020.1644) a sz\u00e1rhegyi kast\u00e9ly \u00e9p\u00edttet\u0151je. \u0150 nevelte sz\u00e1rhegyi kast\u00e9ly\u00e1ban n\u0151v\u00e9re L. Druzsi\u00e1n\u00e1nak (\u2020 1592) gyermekeit ikt\u00e1ri Bethlen G\u00e1bort \u00e9s Istv\u00e1nt apjuk hal\u00e1la ut\u00e1n. K\u00e1szonsz\u00e9k majd Cs\u00edk- \u00e9s Gyergy\u00f3sz\u00e9k kir\u00e1lyb\u00edr\u00e1ja (1593\u201397). A kisfaludi malm\u00e1nak r\u00e9szesed\u00e9s\u00e9t a mv.-i ap\u00e1c\u00e1knak hagyom\u00e1nyozta (1549). Katonaember volt, Moldov\u00e1ban csat\u00e1ban esett el. <br \/><strong>Irod.:<\/strong> Em\u0151d; Id\u0151t\u00e1r 1; Kelemen Lajos 1982; Keresztes Gyula: \u00d6r\u00f6ks\u00e9g\u00fcnk 66.: Maros-(Sz\u00e9kely) V\u00e1s\u00e1rhely udvarh\u00e1zai; Kornis; L\u00e9sty\u00e1n \u2013 templomok 1; Rugonfalvi Kiss; Sebesty\u00e9n Mih\u00e1ly; SzOkl, 1<\/br><\/p>\n","protected":false},"excerpt":{"rendered":"<p>? \u2020 1597.: birtokos, cs\u00edki f\u0151kir\u00e1lyb\u00edr\u00f3. \u2013 L. Istv\u00e1n \u00e9s Bog\u00e1thi Ilona fia. Feles\u00e9ge Sombori Erzs\u00e9bet. Fia Istv\u00e1n (\u2020.1644) a sz\u00e1rhegyi kast\u00e9ly \u00e9p\u00edttet\u0151je. \u0150 nevelte sz\u00e1rhegyi kast\u00e9ly\u00e1ban n\u0151v\u00e9re L. Druzsi\u00e1n\u00e1nak (\u2020 1592) gyermekeit ikt\u00e1ri Bethlen G\u00e1bort \u00e9s Istv\u00e1nt apjuk hal\u00e1la ut\u00e1n. K\u00e1szonsz\u00e9k majd Cs\u00edk- \u00e9s Gyergy\u00f3sz\u00e9k kir\u00e1lyb\u00edr\u00e1ja (1593\u201397). A kisfaludi malm\u00e1nak r\u00e9szesed\u00e9s\u00e9t a mv.-i ap\u00e1c\u00e1knak [&hellip;]<\/p>\n","protected":false},"featured_media":0,"comment_status":"open","ping_status":"closed","template":"","meta":[],"product_brand":[],"product_cat":[137],"product_tag":[],"class_list":{"0":"post-13741","1":"product","2":"type-product","3":"status-publish","5":"product_cat-maros-megyei-eletrajzi-lexikon","7":"first","8":"instock","9":"shipping-taxable","10":"product-type-simple"},"_links":{"self":[{"href":"https:\/\/uj.adatbank.ro\/lexikon\/wp-json\/wp\/v2\/product\/13741","targetHints":{"allow":["GET"]}}],"collection":[{"href":"https:\/\/uj.adatbank.ro\/lexikon\/wp-json\/wp\/v2\/product"}],"about":[{"href":"https:\/\/uj.adatbank.ro\/lexikon\/wp-json\/wp\/v2\/types\/product"}],"replies":[{"embeddable":true,"href":"https:\/\/uj.adatbank.ro\/lexikon\/wp-json\/wp\/v2\/comments?post=13741"}],"wp:attachment":[{"href":"https:\/\/uj.adatbank.ro\/lexikon\/wp-json\/wp\/v2\/media?parent=13741"}],"wp:term":[{"taxonomy":"product_brand","embeddable":true,"href":"https:\/\/uj.adatbank.ro\/lexikon\/wp-json\/wp\/v2\/product_brand?post=13741"},{"taxonomy":"product_cat","embeddable":true,"href":"https:\/\/uj.adatbank.ro\/lexikon\/wp-json\/wp\/v2\/product_cat?post=13741"},{"taxonomy":"product_tag","embeddable":true,"href":"https:\/\/uj.adatbank.ro\/lexikon\/wp-json\/wp\/v2\/product_tag?post=13741"}],"curies":[{"name":"wp","href":"https:\/\/api.w.org\/{rel}","templated":true}]}}

LÁZÁR András, szárhegyi

<p>? † 1597.: birtokos, csíki főkirálybíró. – L. István és Bogáthi Ilona fia. Felesége Sombori Erzsébet. Fia István (†.1644) a szárhegyi kastély építtetője. Ő nevelte szárhegyi kastélyában nővére L. Druzsiánának († 1592) gyermekeit iktári Bethlen Gábort és Istvánt apjuk halála után. Kászonszék majd Csík- és Gyergyószék királybírája (1593–97). A kisfaludi malmának részesedését a mv.-i apácáknak hagyományozta (1549). Katonaember volt, Moldovában csatában esett el. <br /><strong>Irod.:</strong> Emőd; Időtár 1; Kelemen Lajos 1982; Keresztes Gyula: Örökségünk 66.: Maros-(Székely) Vásárhely udvarházai; Kornis; Léstyán – templomok 1; Rugonfalvi Kiss; Sebestyén Mihály; SzOkl, 1</br></p>

<p>? † 1597.: birtokos, csíki főkirálybíró. – L. István és Bogáthi Ilona fia. Felesége Sombori Erzsébet. Fia István (†.1644) a szárhegyi kastély építtetője. Ő nevelte szárhegyi kastélyában nővére L. Druzsiánának († 1592) gyermekeit iktári Bethlen Gábort és Istvánt apjuk halála után. Kászonszék majd Csík- és Gyergyószék királybírája (1593–97). A kisfaludi malmának részesedését a mv.-i apácáknak [&hellip;]</p>
