{"id":13742,"date":"2025-07-15T12:38:34","date_gmt":"2025-07-15T10:38:34","guid":{"rendered":"https:\/\/uj.adatbank.ro\/lexikon\/termek\/lazar-anna-szarhegyi-gr\/"},"modified":"2025-07-15T12:38:34","modified_gmt":"2025-07-15T10:38:34","slug":"lazar-anna-szarhegyi-gr","status":"publish","type":"product","link":"https:\/\/uj.adatbank.ro\/lexikon\/termek\/lazar-anna-szarhegyi-gr\/","title":{"rendered":"L\u00c1Z\u00c1R Anna, sz\u00e1rhegyi gr."},"content":{"rendered":"<p>1778.?\u20131842: szept. 27 ? K\u00f6rtv\u00e9lyf\u00e1j\u00e1n temett\u00e9k. \u2013 F\u00e9rje: 1. gr. Tolgalagi Gy\u00f6rgy. L\u00e1nyaik: T. Zsuzs\u00e1nna, Korda \u00c1d\u00e1mn\u00e9; Druzsi\u00e1na gr. T\u00f3ldy L\u0151rincn\u00e9. 2. Bethlen J\u00e1nos (? \u2013 1836.?), korm\u00e1nysz\u00e9ki titoknok. <br \/><strong>Irod.:<\/strong> Lev\u00e9lt\u00e1ri gy\u00e1szj.<\/br><\/p>\n","protected":false},"excerpt":{"rendered":"<p>1778.?\u20131842: szept. 27 ? K\u00f6rtv\u00e9lyf\u00e1j\u00e1n temett\u00e9k. \u2013 F\u00e9rje: 1. gr. Tolgalagi Gy\u00f6rgy. L\u00e1nyaik: T. Zsuzs\u00e1nna, Korda \u00c1d\u00e1mn\u00e9; Druzsi\u00e1na gr. T\u00f3ldy L\u0151rincn\u00e9. 2. Bethlen J\u00e1nos (? \u2013 1836.?), korm\u00e1nysz\u00e9ki titoknok. Irod.: Lev\u00e9lt\u00e1ri gy\u00e1szj.<\/p>\n","protected":false},"featured_media":0,"comment_status":"open","ping_status":"closed","template":"","meta":[],"product_brand":[],"product_cat":[137],"product_tag":[],"class_list":{"0":"post-13742","1":"product","2":"type-product","3":"status-publish","5":"product_cat-maros-megyei-eletrajzi-lexikon","7":"first","8":"instock","9":"shipping-taxable","10":"product-type-simple"},"_links":{"self":[{"href":"https:\/\/uj.adatbank.ro\/lexikon\/wp-json\/wp\/v2\/product\/13742","targetHints":{"allow":["GET"]}}],"collection":[{"href":"https:\/\/uj.adatbank.ro\/lexikon\/wp-json\/wp\/v2\/product"}],"about":[{"href":"https:\/\/uj.adatbank.ro\/lexikon\/wp-json\/wp\/v2\/types\/product"}],"replies":[{"embeddable":true,"href":"https:\/\/uj.adatbank.ro\/lexikon\/wp-json\/wp\/v2\/comments?post=13742"}],"wp:attachment":[{"href":"https:\/\/uj.adatbank.ro\/lexikon\/wp-json\/wp\/v2\/media?parent=13742"}],"wp:term":[{"taxonomy":"product_brand","embeddable":true,"href":"https:\/\/uj.adatbank.ro\/lexikon\/wp-json\/wp\/v2\/product_brand?post=13742"},{"taxonomy":"product_cat","embeddable":true,"href":"https:\/\/uj.adatbank.ro\/lexikon\/wp-json\/wp\/v2\/product_cat?post=13742"},{"taxonomy":"product_tag","embeddable":true,"href":"https:\/\/uj.adatbank.ro\/lexikon\/wp-json\/wp\/v2\/product_tag?post=13742"}],"curies":[{"name":"wp","href":"https:\/\/api.w.org\/{rel}","templated":true}]}}