{"id":13743,"date":"2025-07-15T12:38:36","date_gmt":"2025-07-15T10:38:36","guid":{"rendered":"https:\/\/uj.adatbank.ro\/lexikon\/termek\/lazar-anna-szarhegyi-gr-szekely-davidne\/"},"modified":"2025-07-15T12:38:36","modified_gmt":"2025-07-15T10:38:36","slug":"lazar-anna-szarhegyi-gr-szekely-davidne","status":"publish","type":"product","link":"https:\/\/uj.adatbank.ro\/lexikon\/termek\/lazar-anna-szarhegyi-gr-szekely-davidne\/","title":{"rendered":"L\u00c1Z\u00c1R Anna, sz\u00e1rhegyi gr.,Sz\u00e9kely D\u00e1vidn\u00e9"},"content":{"rendered":"<p>? \u2020\u00a0Mv., 1804. m\u00e1rc. 8., a mv.-i bar\u00e1tok templom kript\u00e1j\u00e1ba temett\u00e9k el.: f\u00f6ldbirtokos. \u2013 L. G\u00e1bor (\u20201775. febr. 17) \u00e9s csap\u00f3i Ku\u00fan Kl\u00e1ra le\u00e1nya. F\u00e9rje killy\u00e9ni \u00e9s liszny\u00f3i Sz\u00e9kely D\u00e1vid (\u20201800) erd\u00e9lyi f\u0151korm\u00e1nysz\u00e9ki tan\u00e1csos \u00e9s tartom\u00e1nyi kancell\u00e1r (esk\u00fcv\u0151: 1768). Gyermekei: Mih\u00e1ly, J\u00e1nos. \u2013 Dedr\u00e1di birtokr\u00e9sz\u00e9t a gr. L\u00e1z\u00e1r Istv\u00e1n ol\u00e1hcsesztvei csek\u00e9ly birtok\u00e1val cser\u00e9lte f\u00f6l (1771). <br \/><strong>Irod.:<\/strong> Gudenus; Nagy Iv\u00e1n; P\u00e1lmay<\/br><\/p>\n","protected":false},"excerpt":{"rendered":"<p>? \u2020\u00a0Mv., 1804. m\u00e1rc. 8., a mv.-i bar\u00e1tok templom kript\u00e1j\u00e1ba temett\u00e9k el.: f\u00f6ldbirtokos. \u2013 L. G\u00e1bor (\u20201775. febr. 17) \u00e9s csap\u00f3i Ku\u00fan Kl\u00e1ra le\u00e1nya. F\u00e9rje killy\u00e9ni \u00e9s liszny\u00f3i Sz\u00e9kely D\u00e1vid (\u20201800) erd\u00e9lyi f\u0151korm\u00e1nysz\u00e9ki tan\u00e1csos \u00e9s tartom\u00e1nyi kancell\u00e1r (esk\u00fcv\u0151: 1768). Gyermekei: Mih\u00e1ly, J\u00e1nos. \u2013 Dedr\u00e1di birtokr\u00e9sz\u00e9t a gr. L\u00e1z\u00e1r Istv\u00e1n ol\u00e1hcsesztvei csek\u00e9ly birtok\u00e1val cser\u00e9lte f\u00f6l (1771). [&hellip;]<\/p>\n","protected":false},"featured_media":0,"comment_status":"open","ping_status":"closed","template":"","meta":[],"product_brand":[],"product_cat":[137],"product_tag":[],"class_list":{"0":"post-13743","1":"product","2":"type-product","3":"status-publish","5":"product_cat-maros-megyei-eletrajzi-lexikon","7":"first","8":"instock","9":"shipping-taxable","10":"product-type-simple"},"_links":{"self":[{"href":"https:\/\/uj.adatbank.ro\/lexikon\/wp-json\/wp\/v2\/product\/13743","targetHints":{"allow":["GET"]}}],"collection":[{"href":"https:\/\/uj.adatbank.ro\/lexikon\/wp-json\/wp\/v2\/product"}],"about":[{"href":"https:\/\/uj.adatbank.ro\/lexikon\/wp-json\/wp\/v2\/types\/product"}],"replies":[{"embeddable":true,"href":"https:\/\/uj.adatbank.ro\/lexikon\/wp-json\/wp\/v2\/comments?post=13743"}],"wp:attachment":[{"href":"https:\/\/uj.adatbank.ro\/lexikon\/wp-json\/wp\/v2\/media?parent=13743"}],"wp:term":[{"taxonomy":"product_brand","embeddable":true,"href":"https:\/\/uj.adatbank.ro\/lexikon\/wp-json\/wp\/v2\/product_brand?post=13743"},{"taxonomy":"product_cat","embeddable":true,"href":"https:\/\/uj.adatbank.ro\/lexikon\/wp-json\/wp\/v2\/product_cat?post=13743"},{"taxonomy":"product_tag","embeddable":true,"href":"https:\/\/uj.adatbank.ro\/lexikon\/wp-json\/wp\/v2\/product_tag?post=13743"}],"curies":[{"name":"wp","href":"https:\/\/api.w.org\/{rel}","templated":true}]}}

LÁZÁR Anna, szárhegyi gr.,Székely Dávidné

<p>? † Mv., 1804. márc. 8., a mv.-i barátok templom kriptájába temették el.: földbirtokos. – L. Gábor (†1775. febr. 17) és csapói Kuún Klára leánya. Férje killyéni és lisznyói Székely Dávid (†1800) erdélyi főkormányszéki tanácsos és tartományi kancellár (esküvő: 1768). Gyermekei: Mihály, János. – Dedrádi birtokrészét a gr. Lázár István oláhcsesztvei csekély birtokával cserélte föl (1771). <br /><strong>Irod.:</strong> Gudenus; Nagy Iván; Pálmay</br></p>

<p>? † Mv., 1804. márc. 8., a mv.-i barátok templom kriptájába temették el.: földbirtokos. – L. Gábor (†1775. febr. 17) és csapói Kuún Klára leánya. Férje killyéni és lisznyói Székely Dávid (†1800) erdélyi főkormányszéki tanácsos és tartományi kancellár (esküvő: 1768). Gyermekei: Mihály, János. – Dedrádi birtokrészét a gr. Lázár István oláhcsesztvei csekély birtokával cserélte föl (1771). [&hellip;]</p>
