{"id":13747,"date":"2025-07-15T12:38:41","date_gmt":"2025-07-15T10:38:41","guid":{"rendered":"https:\/\/uj.adatbank.ro\/lexikon\/termek\/lazar-arpad-szarhegyi-gr\/"},"modified":"2025-07-15T12:38:41","modified_gmt":"2025-07-15T10:38:41","slug":"lazar-arpad-szarhegyi-gr","status":"publish","type":"product","link":"https:\/\/uj.adatbank.ro\/lexikon\/termek\/lazar-arpad-szarhegyi-gr\/","title":{"rendered":"L\u00c1Z\u00c1R \u00c1rp\u00e1d, sz\u00e1rhegyi gr."},"content":{"rendered":"<p>Bencenc, 1860. szept. 2.,\u2020\u00a0Bp., 1942. okt 22.: medgyesfalvi f\u00f6ldbirtokos, EMKE alap\u00edt\u00f3tag. \u2013 L. K\u00e1lm\u00e1n (1827\u20131874) \u00e9s s\u00e1rdi Sim\u00e9n Am\u00e1lia (1835-Mv., \u2013 1907. m\u00e1rc. 28) fia. Testv\u00e9rei: L. Berta (\u2020\u00a01924. m\u00e1rc. 14.); L. K\u00e1lm\u00e1n; L. Mikl\u00f3s; Feles\u00e9ge: K\u0151szeghv\u00e1ri G\u00fcnsburg Margit (Pozsony 1880-Bp., 1971. jan. 4). Gyermekeik: Imre \u00c1rp\u00e1d (1902-?), \u00c9va (1899\u20131981), Margit (1901\u20131878). \u2013 Az EMKE alap\u00edt\u00f3tagja, r\u00e9szt vett a kv.-i alap\u00edt\u00f3\u00fcl\u00e9sen (1885.\u00e1pr. 12). L.-kast\u00e9lyban lakott Medgyesfalv\u00e1n. Az MTE rendes tagja (1884). K\u00f6z\u00f6lt a kv.-i Ellenz\u00e9kben \u00e9s a Haz\u00e1nk-ban <br \/><strong>Irod.:<\/strong> B\u00f6l\u00f6ni Domokos: Isten a f\u0151 gondvisel\u0151: Faluj\u00e1r\u00e1s (N\u00fa., 1993. aug. 25.); Gudenus; Guly\u00e1s; S\u00e1ndor; Sikl\u00f3sy<\/br><\/p>\n","protected":false},"excerpt":{"rendered":"<p>Bencenc, 1860. szept. 2.,\u2020\u00a0Bp., 1942. okt 22.: medgyesfalvi f\u00f6ldbirtokos, EMKE alap\u00edt\u00f3tag. \u2013 L. K\u00e1lm\u00e1n (1827\u20131874) \u00e9s s\u00e1rdi Sim\u00e9n Am\u00e1lia (1835-Mv., \u2013 1907. m\u00e1rc. 28) fia. Testv\u00e9rei: L. Berta (\u2020\u00a01924. m\u00e1rc. 14.); L. K\u00e1lm\u00e1n; L. Mikl\u00f3s; Feles\u00e9ge: K\u0151szeghv\u00e1ri G\u00fcnsburg Margit (Pozsony 1880-Bp., 1971. jan. 4). Gyermekeik: Imre \u00c1rp\u00e1d (1902-?), \u00c9va (1899\u20131981), Margit (1901\u20131878). \u2013 Az EMKE [&hellip;]<\/p>\n","protected":false},"featured_media":0,"comment_status":"open","ping_status":"closed","template":"","meta":[],"product_brand":[],"product_cat":[137],"product_tag":[],"class_list":{"0":"post-13747","1":"product","2":"type-product","3":"status-publish","5":"product_cat-maros-megyei-eletrajzi-lexikon","7":"first","8":"instock","9":"shipping-taxable","10":"product-type-simple"},"_links":{"self":[{"href":"https:\/\/uj.adatbank.ro\/lexikon\/wp-json\/wp\/v2\/product\/13747","targetHints":{"allow":["GET"]}}],"collection":[{"href":"https:\/\/uj.adatbank.ro\/lexikon\/wp-json\/wp\/v2\/product"}],"about":[{"href":"https:\/\/uj.adatbank.ro\/lexikon\/wp-json\/wp\/v2\/types\/product"}],"replies":[{"embeddable":true,"href":"https:\/\/uj.adatbank.ro\/lexikon\/wp-json\/wp\/v2\/comments?post=13747"}],"wp:attachment":[{"href":"https:\/\/uj.adatbank.ro\/lexikon\/wp-json\/wp\/v2\/media?parent=13747"}],"wp:term":[{"taxonomy":"product_brand","embeddable":true,"href":"https:\/\/uj.adatbank.ro\/lexikon\/wp-json\/wp\/v2\/product_brand?post=13747"},{"taxonomy":"product_cat","embeddable":true,"href":"https:\/\/uj.adatbank.ro\/lexikon\/wp-json\/wp\/v2\/product_cat?post=13747"},{"taxonomy":"product_tag","embeddable":true,"href":"https:\/\/uj.adatbank.ro\/lexikon\/wp-json\/wp\/v2\/product_tag?post=13747"}],"curies":[{"name":"wp","href":"https:\/\/api.w.org\/{rel}","templated":true}]}}

LÁZÁR Árpád, szárhegyi gr.

<p>Bencenc, 1860. szept. 2.,† Bp., 1942. okt 22.: medgyesfalvi földbirtokos, EMKE alapítótag. – L. Kálmán (1827–1874) és sárdi Simén Amália (1835-Mv., – 1907. márc. 28) fia. Testvérei: L. Berta († 1924. márc. 14.); L. Kálmán; L. Miklós; Felesége: Kőszeghvári Günsburg Margit (Pozsony 1880-Bp., 1971. jan. 4). Gyermekeik: Imre Árpád (1902-?), Éva (1899–1981), Margit (1901–1878). – Az EMKE alapítótagja, részt vett a kv.-i alapítóülésen (1885.ápr. 12). L.-kastélyban lakott Medgyesfalván. Az MTE rendes tagja (1884). Közölt a kv.-i Ellenzékben és a Hazánk-ban <br /><strong>Irod.:</strong> Bölöni Domokos: Isten a fő gondviselő: Falujárás (Nú., 1993. aug. 25.); Gudenus; Gulyás; Sándor; Siklósy</br></p>

<p>Bencenc, 1860. szept. 2.,† Bp., 1942. okt 22.: medgyesfalvi földbirtokos, EMKE alapítótag. – L. Kálmán (1827–1874) és sárdi Simén Amália (1835-Mv., – 1907. márc. 28) fia. Testvérei: L. Berta († 1924. márc. 14.); L. Kálmán; L. Miklós; Felesége: Kőszeghvári Günsburg Margit (Pozsony 1880-Bp., 1971. jan. 4). Gyermekeik: Imre Árpád (1902-?), Éva (1899–1981), Margit (1901–1878). – Az EMKE [&hellip;]</p>
