{"id":13750,"date":"2025-07-15T12:38:49","date_gmt":"2025-07-15T10:38:49","guid":{"rendered":"https:\/\/uj.adatbank.ro\/lexikon\/termek\/lazar-benedek-csikvacsarcsi\/"},"modified":"2025-07-15T12:38:49","modified_gmt":"2025-07-15T10:38:49","slug":"lazar-benedek-csikvacsarcsi","status":"publish","type":"product","link":"https:\/\/uj.adatbank.ro\/lexikon\/termek\/lazar-benedek-csikvacsarcsi\/","title":{"rendered":"L\u00c1Z\u00c1R Benedek, cs\u00edkvacs\u00e1rcsi"},"content":{"rendered":"<p>? \u2020\u00a0?: jegyz\u0151, t\u0171zolt\u00f3parancsnok, rend\u0151rf\u0151n\u00f6k. \u2013 L. J\u00e1nos mv.-i f\u0151b\u00edr\u00f3 (1792\u20131863) \u00e9s Peielle M\u00e1ria (1798\u20131864) fia. \u00c1d\u00e1m \u00fcgyv\u00e9d testv\u00e9re. -Mv.-en jegyz\u0151k\u00e9nt r\u00e9szt vett Pesty Frigyes eg\u00e9sz Mo.-ra \u00e9s Erd\u00e9lyre kiterjedt helyn\u00e9vgy\u0171jt\u00e9s\u00e9ben (1864\u201365), k\u00f6z\u00f6lte Mv.helyneveit. A v\u00e1rosi t\u00f6rv\u00e9nyhat\u00f3s\u00e1gi bizotts\u00e1g tagja, tan\u00e1csos \u00e9s polg\u00e1rmester helyettes (1872\u2013), Mv.-i rend\u0151rkapit\u00e1ny (1878\u201389). Kidolgozta a b\u00e9rkocsik \u00e9s t\u00e1rsas kocsik v\u00e1rosi rendszab\u00e1lyait (1880). Lemondott a t\u0171zolt\u00f3-parancsnoki tiszt\u00e9r\u0151l (1886. m\u00e1j. 26.), Az Orsz\u00e1gos K\u00f3rh\u00e1zi bizotts\u00e1g tagja (1881), jelen volt a k\u00f3rh\u00e1z alapk\u0151lerak\u00e1s\u00e1n\u00e1l (1889. j\u00fal. 19.) Az EMKE mv.-i v\u00e1rosi v\u00e1lasztm\u00e1ny\u00e1nak tagja (1887). Elrendelte egy mv.-i sz\u00e9khely\u0171 v\u00e1rosi \u00e9s megyei betegseg\u00e9lyez\u0151-p\u00e9nzt\u00e1r fel\u00e1ll\u00edt\u00e1s\u00e1t (1892. \u00e1pr. 18.). A Kossuth-szobor-\u00e1ll\u00edt\u00f3 bizotts\u00e1g eln\u00f6ke (1894\u201399. j\u00fan. 11. a leleplez\u00e9s napja.).A Kereskedelmi Kamara levelez\u0151i tagjai k\u00f6z\u00e9 v\u00e1lasztott\u00e1k (1896. szept. 20.). Nyugd\u00edjaz\u00e1s\u00e1t k\u00e9rte 38 \u00e9vi k\u00f6zszolg\u00e1lat ut\u00e1n (1900. nov. 17.), hely\u00e9re Ger\u00e9b Lajos rend\u0151rb\u00edr\u00f3 ker\u00fclt. A m\u00e1rcius 15. \u00e1lland\u00f3 bizotts\u00e1g eln\u00f6ke Oroszl\u00e1ny Istv\u00e1n lemond\u00e1sa ut\u00e1n (1901.m\u00e1rc. 9.\u2013). \u2013 <strong>F. m.:<\/strong> Mv. sz. k. v\u00e1rosi \u00e9s marostordamegyei Ker\u00fcleti Betegseg\u00e9lyz\u0151 P\u00e9nzt\u00e1r alapszab\u00e1lyai (Mv., 1892). <br \/><strong>Irod.:<\/strong> F\u00fcl\u00f6p\u2013Ferencz; Id\u0151t\u00e1r 2; 5\/1, 5\/2; Kn\u00f6pfler Vilmos: A mv.-i orsz\u00e1gos k\u00f3rh\u00e1z alap\u00edt\u00e1s\u00e1nak \u00e9s fejl\u0151d\u00e9s\u00e9nek r\u00f6vid v\u00e1zlata (Mv, 1882); Marosi-KZST; Pesty 2014; S\u00e1ndor; Szentgy\u00f6rgyi<\/br><\/p>\n","protected":false},"excerpt":{"rendered":"<p>? \u2020\u00a0?: jegyz\u0151, t\u0171zolt\u00f3parancsnok, rend\u0151rf\u0151n\u00f6k. \u2013 L. J\u00e1nos mv.-i f\u0151b\u00edr\u00f3 (1792\u20131863) \u00e9s Peielle M\u00e1ria (1798\u20131864) fia. \u00c1d\u00e1m \u00fcgyv\u00e9d testv\u00e9re. -Mv.-en jegyz\u0151k\u00e9nt r\u00e9szt vett Pesty Frigyes eg\u00e9sz Mo.-ra \u00e9s Erd\u00e9lyre kiterjedt helyn\u00e9vgy\u0171jt\u00e9s\u00e9ben (1864\u201365), k\u00f6z\u00f6lte Mv.helyneveit. A v\u00e1rosi t\u00f6rv\u00e9nyhat\u00f3s\u00e1gi bizotts\u00e1g tagja, tan\u00e1csos \u00e9s polg\u00e1rmester helyettes (1872\u2013), Mv.-i rend\u0151rkapit\u00e1ny (1878\u201389). Kidolgozta a b\u00e9rkocsik \u00e9s t\u00e1rsas kocsik v\u00e1rosi rendszab\u00e1lyait [&hellip;]<\/p>\n","protected":false},"featured_media":0,"comment_status":"open","ping_status":"closed","template":"","meta":[],"product_brand":[],"product_cat":[137],"product_tag":[],"class_list":{"0":"post-13750","1":"product","2":"type-product","3":"status-publish","5":"product_cat-maros-megyei-eletrajzi-lexikon","7":"first","8":"instock","9":"shipping-taxable","10":"product-type-simple"},"_links":{"self":[{"href":"https:\/\/uj.adatbank.ro\/lexikon\/wp-json\/wp\/v2\/product\/13750","targetHints":{"allow":["GET"]}}],"collection":[{"href":"https:\/\/uj.adatbank.ro\/lexikon\/wp-json\/wp\/v2\/product"}],"about":[{"href":"https:\/\/uj.adatbank.ro\/lexikon\/wp-json\/wp\/v2\/types\/product"}],"replies":[{"embeddable":true,"href":"https:\/\/uj.adatbank.ro\/lexikon\/wp-json\/wp\/v2\/comments?post=13750"}],"wp:attachment":[{"href":"https:\/\/uj.adatbank.ro\/lexikon\/wp-json\/wp\/v2\/media?parent=13750"}],"wp:term":[{"taxonomy":"product_brand","embeddable":true,"href":"https:\/\/uj.adatbank.ro\/lexikon\/wp-json\/wp\/v2\/product_brand?post=13750"},{"taxonomy":"product_cat","embeddable":true,"href":"https:\/\/uj.adatbank.ro\/lexikon\/wp-json\/wp\/v2\/product_cat?post=13750"},{"taxonomy":"product_tag","embeddable":true,"href":"https:\/\/uj.adatbank.ro\/lexikon\/wp-json\/wp\/v2\/product_tag?post=13750"}],"curies":[{"name":"wp","href":"https:\/\/api.w.org\/{rel}","templated":true}]}}

LÁZÁR Benedek, csíkvacsárcsi

<p>? † ?: jegyző, tűzoltóparancsnok, rendőrfőnök. – L. János mv.-i főbíró (1792–1863) és Peielle Mária (1798–1864) fia. Ádám ügyvéd testvére. -Mv.-en jegyzőként részt vett Pesty Frigyes egész Mo.-ra és Erdélyre kiterjedt helynévgyűjtésében (1864–65), közölte Mv.helyneveit. A városi törvényhatósági bizottság tagja, tanácsos és polgármester helyettes (1872–), Mv.-i rendőrkapitány (1878–89). Kidolgozta a bérkocsik és társas kocsik városi rendszabályait (1880). Lemondott a tűzoltó-parancsnoki tisztéről (1886. máj. 26.), Az Országos Kórházi bizottság tagja (1881), jelen volt a kórház alapkőlerakásánál (1889. júl. 19.) Az EMKE mv.-i városi választmányának tagja (1887). Elrendelte egy mv.-i székhelyű városi és megyei betegsegélyező-pénztár felállítását (1892. ápr. 18.). A Kossuth-szobor-állító bizottság elnöke (1894–99. jún. 11. a leleplezés napja.).A Kereskedelmi Kamara levelezői tagjai közé választották (1896. szept. 20.). Nyugdíjazását kérte 38 évi közszolgálat után (1900. nov. 17.), helyére Geréb Lajos rendőrbíró került. A március 15. állandó bizottság elnöke Oroszlány István lemondása után (1901.márc. 9.–). – <strong>F. m.:</strong> Mv. sz. k. városi és marostordamegyei Kerületi Betegsegélyző Pénztár alapszabályai (Mv., 1892). <br /><strong>Irod.:</strong> Fülöp–Ferencz; Időtár 2; 5/1, 5/2; Knöpfler Vilmos: A mv.-i országos kórház alapításának és fejlődésének rövid vázlata (Mv, 1882); Marosi-KZST; Pesty 2014; Sándor; Szentgyörgyi</br></p>

<p>? † ?: jegyző, tűzoltóparancsnok, rendőrfőnök. – L. János mv.-i főbíró (1792–1863) és Peielle Mária (1798–1864) fia. Ádám ügyvéd testvére. -Mv.-en jegyzőként részt vett Pesty Frigyes egész Mo.-ra és Erdélyre kiterjedt helynévgyűjtésében (1864–65), közölte Mv.helyneveit. A városi törvényhatósági bizottság tagja, tanácsos és polgármester helyettes (1872–), Mv.-i rendőrkapitány (1878–89). Kidolgozta a bérkocsik és társas kocsik városi rendszabályait [&hellip;]</p>
