{"id":13754,"date":"2025-07-15T12:38:56","date_gmt":"2025-07-15T10:38:56","guid":{"rendered":"https:\/\/uj.adatbank.ro\/lexikon\/termek\/lazar-david\/"},"modified":"2025-07-15T12:38:56","modified_gmt":"2025-07-15T10:38:56","slug":"lazar-david","status":"publish","type":"product","link":"https:\/\/uj.adatbank.ro\/lexikon\/termek\/lazar-david\/","title":{"rendered":"LAZ\u0102R, David"},"content":{"rendered":"<p>? \u2020 ?: g.kat.\/ ort. pap. \u2013 Maroskereszt\u00faron volt g. kat. pap (1940\u201347), majd ortodox papk\u00e9nt m\u0171k\u00f6d\u00f6tt Meggyesfalv\u00e1n (1947\u201359), Remeteszegen (1957\u201358) \u00e9s m\u00e9g sok m\u00e1s ny\u00e1r\u00e1dmenti par\u00f3ki\u00e1n teljes\u00edtett szolg\u00e1latot. Misszi\u00f3s-papi \u00e9s adminisztrat\u00edv feldatokat teljes\u00edtett. \u00c9rdemei elismer\u00e9sek\u00e9nt nevezt\u00e9k ki mv.-i esperesnek (1957. dec.\u2013), az ortodox Katedr\u00e1lisban szolg\u00e1lt esperesk\u00e9nt (1960. febr. 28.- 78), majd mint lelk\u00e9sz m\u0171k\u00f6d\u00f6tt (1987-ig). Mint esperes seg\u00edtette a ny\u00e1r\u00e1dmrenti par\u00f3ki\u00e1kat g\u00e1z- \u00e9s villany bevezet\u00e9s\u00e9vel, \u00faj par\u00f3ki\u00e1kat l\u00e9tes\u00edtett, berendezte \u00e9s visszaszerezte az esperess\u00e9g \u00e9p\u00fcleteit, t\u00e1mogatta az \u00f6reg \u00e9s beteg papokat, pl. Al. Runcant \u00e9s seg\u00edtette a szeg\u00e9ny par\u00f3ki\u00e1kat. Szerz\u0151d\u00e9st k\u00f6t\u00f6tt Sz\u00f6v\u00e9rfi K\u00e1roly b\u00e1dogossal \u00e9s \u00fajrafedette a katedr\u00e1list, megegyezett Nicolae Stoica tan\u00e1r-fest\u0151m\u0171v\u00e9sszel a katedr\u00e1lis festm\u00e9nyeinek elk\u00e9sz\u00edt\u00e9s\u00e9ben. <br \/><strong>Irod.:<\/strong> B\u0103ciu\u0163, Nicolae \u2013 \u015eincan, Gheorghe Nicolae: Biserica de piatr\u0103 \u201e\u00cen\u0103l\u0163area Domnului\u201d T\u00e2rgu-Mure\u015f (Vatra veche, nr. 11., 2009); Criste\u015fti \u2013 Mure\u015f; \u015eincan 2006; \u015eincan\u2013B\u0103ciu\u0163 2006<\/br><\/p>\n","protected":false},"excerpt":{"rendered":"<p>? \u2020 ?: g.kat.\/ ort. pap. \u2013 Maroskereszt\u00faron volt g. kat. pap (1940\u201347), majd ortodox papk\u00e9nt m\u0171k\u00f6d\u00f6tt Meggyesfalv\u00e1n (1947\u201359), Remeteszegen (1957\u201358) \u00e9s m\u00e9g sok m\u00e1s ny\u00e1r\u00e1dmenti par\u00f3ki\u00e1n teljes\u00edtett szolg\u00e1latot. Misszi\u00f3s-papi \u00e9s adminisztrat\u00edv feldatokat teljes\u00edtett. \u00c9rdemei elismer\u00e9sek\u00e9nt nevezt\u00e9k ki mv.-i esperesnek (1957. dec.\u2013), az ortodox Katedr\u00e1lisban szolg\u00e1lt esperesk\u00e9nt (1960. febr. 28.- 78), majd mint lelk\u00e9sz m\u0171k\u00f6d\u00f6tt [&hellip;]<\/p>\n","protected":false},"featured_media":0,"comment_status":"open","ping_status":"closed","template":"","meta":[],"product_brand":[],"product_cat":[137],"product_tag":[],"class_list":{"0":"post-13754","1":"product","2":"type-product","3":"status-publish","5":"product_cat-maros-megyei-eletrajzi-lexikon","7":"first","8":"instock","9":"shipping-taxable","10":"product-type-simple"},"_links":{"self":[{"href":"https:\/\/uj.adatbank.ro\/lexikon\/wp-json\/wp\/v2\/product\/13754","targetHints":{"allow":["GET"]}}],"collection":[{"href":"https:\/\/uj.adatbank.ro\/lexikon\/wp-json\/wp\/v2\/product"}],"about":[{"href":"https:\/\/uj.adatbank.ro\/lexikon\/wp-json\/wp\/v2\/types\/product"}],"replies":[{"embeddable":true,"href":"https:\/\/uj.adatbank.ro\/lexikon\/wp-json\/wp\/v2\/comments?post=13754"}],"wp:attachment":[{"href":"https:\/\/uj.adatbank.ro\/lexikon\/wp-json\/wp\/v2\/media?parent=13754"}],"wp:term":[{"taxonomy":"product_brand","embeddable":true,"href":"https:\/\/uj.adatbank.ro\/lexikon\/wp-json\/wp\/v2\/product_brand?post=13754"},{"taxonomy":"product_cat","embeddable":true,"href":"https:\/\/uj.adatbank.ro\/lexikon\/wp-json\/wp\/v2\/product_cat?post=13754"},{"taxonomy":"product_tag","embeddable":true,"href":"https:\/\/uj.adatbank.ro\/lexikon\/wp-json\/wp\/v2\/product_tag?post=13754"}],"curies":[{"name":"wp","href":"https:\/\/api.w.org\/{rel}","templated":true}]}}

LAZĂR, David

<p>? † ?: g.kat./ ort. pap. – Maroskeresztúron volt g. kat. pap (1940–47), majd ortodox papként működött Meggyesfalván (1947–59), Remeteszegen (1957–58) és még sok más nyárádmenti parókián teljesített szolgálatot. Missziós-papi és adminisztratív feldatokat teljesített. Érdemei elismeréseként nevezték ki mv.-i esperesnek (1957. dec.–), az ortodox Katedrálisban szolgált esperesként (1960. febr. 28.- 78), majd mint lelkész működött (1987-ig). Mint esperes segítette a nyárádmrenti parókiákat gáz- és villany bevezetésével, új parókiákat létesített, berendezte és visszaszerezte az esperesség épületeit, támogatta az öreg és beteg papokat, pl. Al. Runcant és segítette a szegény parókiákat. Szerződést kötött Szövérfi Károly bádogossal és újrafedette a katedrálist, megegyezett Nicolae Stoica tanár-festőművésszel a katedrális festményeinek elkészítésében. <br /><strong>Irod.:</strong> Băciuţ, Nicolae – Şincan, Gheorghe Nicolae: Biserica de piatră „Înălţarea Domnului” Târgu-Mureş (Vatra veche, nr. 11., 2009); Cristeşti – Mureş; Şincan 2006; Şincan–Băciuţ 2006</br></p>

<p>? † ?: g.kat./ ort. pap. – Maroskeresztúron volt g. kat. pap (1940–47), majd ortodox papként működött Meggyesfalván (1947–59), Remeteszegen (1957–58) és még sok más nyárádmenti parókián teljesített szolgálatot. Missziós-papi és adminisztratív feldatokat teljesített. Érdemei elismeréseként nevezték ki mv.-i esperesnek (1957. dec.–), az ortodox Katedrálisban szolgált esperesként (1960. febr. 28.- 78), majd mint lelkész működött [&hellip;]</p>
