{"id":13758,"date":"2025-07-15T12:39:03","date_gmt":"2025-07-15T10:39:03","guid":{"rendered":"https:\/\/uj.adatbank.ro\/lexikon\/termek\/lazar-eszter-szarhegyi-gr-bernald-denesne\/"},"modified":"2025-07-15T12:39:03","modified_gmt":"2025-07-15T10:39:03","slug":"lazar-eszter-szarhegyi-gr-bernald-denesne","status":"publish","type":"product","link":"https:\/\/uj.adatbank.ro\/lexikon\/termek\/lazar-eszter-szarhegyi-gr-bernald-denesne\/","title":{"rendered":"L\u00c1Z\u00c1R Eszter, sz\u00e1rhegyi gr.; Bern\u00e1ld D\u00e9nesn\u00e9"},"content":{"rendered":"<p>1825. m\u00e1rc. 19., \u2020 ?: \u00edr\u00f3n\u0151, a n\u0151i \u00e1pol\u00f3int\u00e9zet eln\u00f6ke.. \u2013 Gr. L. J\u00f3zsef (1782- Mv., 1865) \u00e9s P\u00e9chy Eszter l\u00e1nya. F\u00e9rje: als\u00f3csern\u00e1toni Bern\u00e1ld D\u00e9nes, v\u00e1rhegyi birtokos.Gyermekeik: Oliv\u00e9r, Eszter, J\u00f3zsef h\u00edrlap\u00edr\u00f3 Bp.-en (*1863). Anyja hal\u00e1la ut\u00e1n hol Medgyesfalv\u00e1n, hol Mv.\u2013en lakott; f\u00e9rjhezmenetele ut\u00e1n V\u00e1rhegyen tart\u00f3zkodott. Lovagl\u00e1s, agar\u00e1szat, vad\u00e1szat voltak kedveltebb mulats\u00e1gai.Csal\u00e1dj\u00e1val egy\u00fctt lelkes h\u00edve a forradalomnak. Ki\u00e9ltv\u00e1nyban sz\u00f3l\u00edtotta fel Marosmegye h\u00f6lgyeit melynek nyom\u00e1n az \u00e9desapja Poklos utcai h\u00e1z\u00e1ban a v\u00e1ros gazdagabb asszonyai megalap\u00edtott\u00e1k a N\u0151i \u00c1pol\u00f3 Int\u00e9zetet vagy a Kossuth \u00c1pol\u00f3 N\u0151egyletet, aminek eln\u00f6ke volt (1849. m\u00e1j\u20135).). Sokat tett a forradalmi harcokban megsebes\u00fclt katon\u00e1k \u00e1pol\u00e1sa \u00e9rdek\u00e9ben, a sebes\u00fclt katon\u00e1k sz\u00e1m\u00e1ra ruh\u00e1t gy\u0171jt\u00f6tt..A forradalom lever\u00e9se ut\u00e1n Loderer hadb\u00edr\u00f3 kihallgatta, meggyesfalvi h\u00e1z\u00e1ba kellett k\u00f6lt\u00f6znie, megfigyel\u00e9s alatt tartott\u00e1k. H\u00e1zukba egy t\u00e1bornok k\u00f6lt\u00f6z\u00f6tt, majd b\u00e9rlsk\u00e1dk\u00e9nt haszn\u00e1lt\u00e1k. Csak az 1857-es amnesztia rendelet ut\u00e1n kapt\u00e1k vissza a v\u00e1s\u00e1rhelyi f\u0151t\u00e9ri h\u00e1zukkal egy\u00fctt. A forradalom lever\u00e1se ut\u00e1n 4000 ft. adosarc megfizet\u00e9s\u00e9re k\u00f6telezte az osztr\u00e1k hatalom. A Szov\u00e1t\u00e1n \u00e9p\u00fcl\u0151 r. kat k\u00e1polna felszerelts\u00e9g\u00e9ben komoly seg\u00edts\u00e9get adott (1888). Jakab Elek visszaeml\u00e9kez\u00e9s\u00e9ben Teleki Blank\u00e1hoz hasonl\u00edtja, ami a forradalom idej\u00e9n j\u00e1tszott szerep\u00e9t illeti \u2013 <strong>F. m.:<\/strong> Egy sz\u00e9kely le\u00e1ny. (gr. L. E.) felsz\u00f3l\u00edt\u00e1s nemzeti ruh\u00e1ba \u00f6lt\u00f6z\u00e9sre; Felsz\u00f3l\u00edt\u00e1s beteg\u00e1pol\u00f3 egylet alak\u00edt\u00e1s\u00e1ra \u00e1pr. 30. (Mv., 1849). <br \/><strong>Irod.:<\/strong> 1848\u20131849 Transilvania; Birtalan J\u00e1nos K : Mv. L\u00e1z\u00e1r Esztere 1848\u201349-ben (N\u00fa. 2018. m\u00e1rc 9); Gracza Gy\u00f6rgy: Az 1848\u201349 ki magyar szabads\u00e1gharc t\u00f6rt\u00e9nete (Bp., 1894\u201398); Id\u0151t\u00e1r 2; K\u0151v\u00e1ry L\u00e1szl\u00f3 1861; P\u00e1lmay, Szinnyei; Szinnyei J<\/br><\/p>\n","protected":false},"excerpt":{"rendered":"<p>1825. m\u00e1rc. 19., \u2020 ?: \u00edr\u00f3n\u0151, a n\u0151i \u00e1pol\u00f3int\u00e9zet eln\u00f6ke.. \u2013 Gr. L. J\u00f3zsef (1782- Mv., 1865) \u00e9s P\u00e9chy Eszter l\u00e1nya. F\u00e9rje: als\u00f3csern\u00e1toni Bern\u00e1ld D\u00e9nes, v\u00e1rhegyi birtokos.Gyermekeik: Oliv\u00e9r, Eszter, J\u00f3zsef h\u00edrlap\u00edr\u00f3 Bp.-en (*1863). Anyja hal\u00e1la ut\u00e1n hol Medgyesfalv\u00e1n, hol Mv.\u2013en lakott; f\u00e9rjhezmenetele ut\u00e1n V\u00e1rhegyen tart\u00f3zkodott. Lovagl\u00e1s, agar\u00e1szat, vad\u00e1szat voltak kedveltebb mulats\u00e1gai.Csal\u00e1dj\u00e1val egy\u00fctt lelkes h\u00edve a [&hellip;]<\/p>\n","protected":false},"featured_media":0,"comment_status":"open","ping_status":"closed","template":"","meta":[],"product_brand":[],"product_cat":[137],"product_tag":[],"class_list":{"0":"post-13758","1":"product","2":"type-product","3":"status-publish","5":"product_cat-maros-megyei-eletrajzi-lexikon","7":"first","8":"instock","9":"shipping-taxable","10":"product-type-simple"},"_links":{"self":[{"href":"https:\/\/uj.adatbank.ro\/lexikon\/wp-json\/wp\/v2\/product\/13758","targetHints":{"allow":["GET"]}}],"collection":[{"href":"https:\/\/uj.adatbank.ro\/lexikon\/wp-json\/wp\/v2\/product"}],"about":[{"href":"https:\/\/uj.adatbank.ro\/lexikon\/wp-json\/wp\/v2\/types\/product"}],"replies":[{"embeddable":true,"href":"https:\/\/uj.adatbank.ro\/lexikon\/wp-json\/wp\/v2\/comments?post=13758"}],"wp:attachment":[{"href":"https:\/\/uj.adatbank.ro\/lexikon\/wp-json\/wp\/v2\/media?parent=13758"}],"wp:term":[{"taxonomy":"product_brand","embeddable":true,"href":"https:\/\/uj.adatbank.ro\/lexikon\/wp-json\/wp\/v2\/product_brand?post=13758"},{"taxonomy":"product_cat","embeddable":true,"href":"https:\/\/uj.adatbank.ro\/lexikon\/wp-json\/wp\/v2\/product_cat?post=13758"},{"taxonomy":"product_tag","embeddable":true,"href":"https:\/\/uj.adatbank.ro\/lexikon\/wp-json\/wp\/v2\/product_tag?post=13758"}],"curies":[{"name":"wp","href":"https:\/\/api.w.org\/{rel}","templated":true}]}}

LÁZÁR Eszter, szárhegyi gr.; Bernáld Dénesné

<p>1825. márc. 19., † ?: írónő, a női ápolóintézet elnöke.. – Gr. L. József (1782- Mv., 1865) és Péchy Eszter lánya. Férje: alsócsernátoni Bernáld Dénes, várhegyi birtokos.Gyermekeik: Olivér, Eszter, József hírlapíró Bp.-en (*1863). Anyja halála után hol Medgyesfalván, hol Mv.–en lakott; férjhezmenetele után Várhegyen tartózkodott. Lovaglás, agarászat, vadászat voltak kedveltebb mulatságai.Családjával együtt lelkes híve a forradalomnak. Kiéltványban szólította fel Marosmegye hölgyeit melynek nyomán az édesapja Poklos utcai házában a város gazdagabb asszonyai megalapították a Női Ápoló Intézetet vagy a Kossuth Ápoló Nőegyletet, aminek elnöke volt (1849. máj–5).). Sokat tett a forradalmi harcokban megsebesült katonák ápolása érdekében, a sebesült katonák számára ruhát gyűjtött..A forradalom leverése után Loderer hadbíró kihallgatta, meggyesfalvi házába kellett költöznie, megfigyelés alatt tartották. Házukba egy tábornok költözött, majd bérlskádként használták. Csak az 1857-es amnesztia rendelet után kapták vissza a vásárhelyi főtéri házukkal együtt. A forradalom leveráse után 4000 ft. adosarc megfizetésére kötelezte az osztrák hatalom. A Szovátán épülő r. kat kápolna felszereltségében komoly segítséget adott (1888). Jakab Elek visszaemlékezésében Teleki Blankához hasonlítja, ami a forradalom idején játszott szerepét illeti – <strong>F. m.:</strong> Egy székely leány. (gr. L. E.) felszólítás nemzeti ruhába öltözésre; Felszólítás betegápoló egylet alakítására ápr. 30. (Mv., 1849). <br /><strong>Irod.:</strong> 1848–1849 Transilvania; Birtalan János K : Mv. Lázár Esztere 1848–49-ben (Nú. 2018. márc 9); Gracza György: Az 1848–49 ki magyar szabadságharc története (Bp., 1894–98); Időtár 2; Kőváry László 1861; Pálmay, Szinnyei; Szinnyei J</br></p>

<p>1825. márc. 19., † ?: írónő, a női ápolóintézet elnöke.. – Gr. L. József (1782- Mv., 1865) és Péchy Eszter lánya. Férje: alsócsernátoni Bernáld Dénes, várhegyi birtokos.Gyermekeik: Olivér, Eszter, József hírlapíró Bp.-en (*1863). Anyja halála után hol Medgyesfalván, hol Mv.–en lakott; férjhezmenetele után Várhegyen tartózkodott. Lovaglás, agarászat, vadászat voltak kedveltebb mulatságai.Családjával együtt lelkes híve a [&hellip;]</p>
