{"id":13759,"date":"2025-07-15T12:39:06","date_gmt":"2025-07-15T10:39:06","guid":{"rendered":"https:\/\/uj.adatbank.ro\/lexikon\/termek\/lazar-eugen\/"},"modified":"2025-07-15T12:39:06","modified_gmt":"2025-07-15T10:39:06","slug":"lazar-eugen","status":"publish","type":"product","link":"https:\/\/uj.adatbank.ro\/lexikon\/termek\/lazar-eugen\/","title":{"rendered":"LAZ\u0102R, Eugen"},"content":{"rendered":"<p>Mv., 1903. j\u00fal. 6., \u2020 Kv., 1993. jan. 25. : karmester, a Kv.-i Rom\u00e1n Opera igazgat\u00f3ja (1954\u201355). A T\u00f3th L\u0151rinc dr\u00e1m\u00e1ja nyom\u00e1n Egressy B\u00e9ni sz\u00f6veg\u00e9vel j\u00e1tszott Hunyadi L\u00e1szl\u00f3 el\u0151ad\u00e1s az opera els\u0151 sz\u00edni\u00e9vadj\u00e1ban ker\u00fclt bemutat\u00e1sra 1949. november 3-\u00e1n a kv.-i Magyar Oper\u00e1ban. Rendez\u0151je D\u2019Andr\u00e9 Albert, seg\u00e9drendez\u0151je J\u00e1nosh\u00e1zy Gy\u00f6rgy, karmestere Laz\u0103r Eugen, a Rom\u00e1n Opera m\u0171v\u00e9sze volt (1949. nov, 3). \u2013 Ezt ki kell eg\u00e9sz\u00edteni !!!<br \/><strong>Irod.:<\/strong> Clujeni ai sec. 20, Todea 2013<\/br><\/p>\n","protected":false},"excerpt":{"rendered":"<p>Mv., 1903. j\u00fal. 6., \u2020 Kv., 1993. jan. 25. : karmester, a Kv.-i Rom\u00e1n Opera igazgat\u00f3ja (1954\u201355). A T\u00f3th L\u0151rinc dr\u00e1m\u00e1ja nyom\u00e1n Egressy B\u00e9ni sz\u00f6veg\u00e9vel j\u00e1tszott Hunyadi L\u00e1szl\u00f3 el\u0151ad\u00e1s az opera els\u0151 sz\u00edni\u00e9vadj\u00e1ban ker\u00fclt bemutat\u00e1sra 1949. november 3-\u00e1n a kv.-i Magyar Oper\u00e1ban. Rendez\u0151je D\u2019Andr\u00e9 Albert, seg\u00e9drendez\u0151je J\u00e1nosh\u00e1zy Gy\u00f6rgy, karmestere Laz\u0103r Eugen, a Rom\u00e1n Opera m\u0171v\u00e9sze [&hellip;]<\/p>\n","protected":false},"featured_media":0,"comment_status":"open","ping_status":"closed","template":"","meta":[],"product_brand":[],"product_cat":[137],"product_tag":[],"class_list":{"0":"post-13759","1":"product","2":"type-product","3":"status-publish","5":"product_cat-maros-megyei-eletrajzi-lexikon","7":"first","8":"instock","9":"shipping-taxable","10":"product-type-simple"},"_links":{"self":[{"href":"https:\/\/uj.adatbank.ro\/lexikon\/wp-json\/wp\/v2\/product\/13759","targetHints":{"allow":["GET"]}}],"collection":[{"href":"https:\/\/uj.adatbank.ro\/lexikon\/wp-json\/wp\/v2\/product"}],"about":[{"href":"https:\/\/uj.adatbank.ro\/lexikon\/wp-json\/wp\/v2\/types\/product"}],"replies":[{"embeddable":true,"href":"https:\/\/uj.adatbank.ro\/lexikon\/wp-json\/wp\/v2\/comments?post=13759"}],"wp:attachment":[{"href":"https:\/\/uj.adatbank.ro\/lexikon\/wp-json\/wp\/v2\/media?parent=13759"}],"wp:term":[{"taxonomy":"product_brand","embeddable":true,"href":"https:\/\/uj.adatbank.ro\/lexikon\/wp-json\/wp\/v2\/product_brand?post=13759"},{"taxonomy":"product_cat","embeddable":true,"href":"https:\/\/uj.adatbank.ro\/lexikon\/wp-json\/wp\/v2\/product_cat?post=13759"},{"taxonomy":"product_tag","embeddable":true,"href":"https:\/\/uj.adatbank.ro\/lexikon\/wp-json\/wp\/v2\/product_tag?post=13759"}],"curies":[{"name":"wp","href":"https:\/\/api.w.org\/{rel}","templated":true}]}}

LAZĂR, Eugen

<p>Mv., 1903. júl. 6., † Kv., 1993. jan. 25. : karmester, a Kv.-i Román Opera igazgatója (1954–55). A Tóth Lőrinc drámája nyomán Egressy Béni szövegével játszott Hunyadi László előadás az opera első színiévadjában került bemutatásra 1949. november 3-án a kv.-i Magyar Operában. Rendezője D’André Albert, segédrendezője Jánosházy György, karmestere Lazăr Eugen, a Román Opera művésze volt (1949. nov, 3). – Ezt ki kell egészíteni !!!<br /><strong>Irod.:</strong> Clujeni ai sec. 20, Todea 2013</br></p>

<p>Mv., 1903. júl. 6., † Kv., 1993. jan. 25. : karmester, a Kv.-i Román Opera igazgatója (1954–55). A Tóth Lőrinc drámája nyomán Egressy Béni szövegével játszott Hunyadi László előadás az opera első színiévadjában került bemutatásra 1949. november 3-án a kv.-i Magyar Operában. Rendezője D’André Albert, segédrendezője Jánosházy György, karmestere Lazăr Eugen, a Román Opera művésze [&hellip;]</p>
