{"id":13769,"date":"2025-07-15T12:39:29","date_gmt":"2025-07-15T10:39:29","guid":{"rendered":"https:\/\/uj.adatbank.ro\/lexikon\/termek\/lazar-gyorgy-gr-szarhegyi\/"},"modified":"2025-07-15T12:39:29","modified_gmt":"2025-07-15T10:39:29","slug":"lazar-gyorgy-gr-szarhegyi","status":"publish","type":"product","link":"https:\/\/uj.adatbank.ro\/lexikon\/termek\/lazar-gyorgy-gr-szarhegyi\/","title":{"rendered":"L\u00c1Z\u00c1R Gy\u00f6rgy, gr., sz\u00e1rhegyi"},"content":{"rendered":"<p>Sz\u00e1rhegy, 1807. m\u00e1rc. 31., \u2020 Sz\u00e1szerked, 1861. \u00e1pr. 24., temet\u00e9s K\u00f6rtv\u00e9lyf\u00e1j\u00e1n: honv\u00e9dt\u00e1bornok, vez\u00e9r\u0151rnagy. \u2013 Zsigmond (1740\u20131820) \u00e9s Klein Anna fia. Feles\u00e9ge: (1833. nov. 21\u2013) M\u00f3ga Eleonora (1814. jan. 23.,- Sz\u00e1szerked, 1892. m\u00e1rc. 20, tem. K\u00f6rtv\u00e9lyf\u00e1ja, m\u00e1rc. 23). Esk. 1833). Gyermekeik: Imre (1836\u2013), Alad\u00e1r. \u2013 Az osztr\u00e1k cs\u00e1sz\u00e1ri hadsereg k\u00f6tel\u00e9k\u00e9be l\u00e9pett (1819\u2013), el\u0151bb sz\u00e1zados, 1848-ban t\u00e1bornoki rangot kapott, de lemondott rangj\u00e1r\u00f3l, \u00f6nk\u00e9nt jelentkezett az osztr\u00e1k sereg f\u0151vez\u00e9r\u00e9n\u00e9l, Windisch-Gratz hercegn\u00e9l (1849. jan. 1.). A hadi t\u00f6rv\u00e9nysz\u00e9k k\u00f6t\u00e9l \u00e1ltali hal\u00e1lra \u00edt\u00e9lte, de kegyelmet kapott, \u00e9s 10 \u00e9vi fogs\u00e1got. Kufstein v\u00e1r\u00e1ba vitt\u00e9k, kegyelmet kapott (1850 aug.). Hal\u00e1l\u00e1ig erkedi birtokain visszavonultan gazd\u00e1lkodott. <br \/><strong>Irod.:<\/strong> Gudenus; MNL; P\u00e1lmay, RNL<\/br><\/p>\n","protected":false},"excerpt":{"rendered":"<p>Sz\u00e1rhegy, 1807. m\u00e1rc. 31., \u2020 Sz\u00e1szerked, 1861. \u00e1pr. 24., temet\u00e9s K\u00f6rtv\u00e9lyf\u00e1j\u00e1n: honv\u00e9dt\u00e1bornok, vez\u00e9r\u0151rnagy. \u2013 Zsigmond (1740\u20131820) \u00e9s Klein Anna fia. Feles\u00e9ge: (1833. nov. 21\u2013) M\u00f3ga Eleonora (1814. jan. 23.,- Sz\u00e1szerked, 1892. m\u00e1rc. 20, tem. K\u00f6rtv\u00e9lyf\u00e1ja, m\u00e1rc. 23). Esk. 1833). Gyermekeik: Imre (1836\u2013), Alad\u00e1r. \u2013 Az osztr\u00e1k cs\u00e1sz\u00e1ri hadsereg k\u00f6tel\u00e9k\u00e9be l\u00e9pett (1819\u2013), el\u0151bb sz\u00e1zados, 1848-ban t\u00e1bornoki [&hellip;]<\/p>\n","protected":false},"featured_media":0,"comment_status":"open","ping_status":"closed","template":"","meta":[],"product_brand":[],"product_cat":[137],"product_tag":[],"class_list":{"0":"post-13769","1":"product","2":"type-product","3":"status-publish","5":"product_cat-maros-megyei-eletrajzi-lexikon","7":"first","8":"instock","9":"shipping-taxable","10":"product-type-simple"},"_links":{"self":[{"href":"https:\/\/uj.adatbank.ro\/lexikon\/wp-json\/wp\/v2\/product\/13769","targetHints":{"allow":["GET"]}}],"collection":[{"href":"https:\/\/uj.adatbank.ro\/lexikon\/wp-json\/wp\/v2\/product"}],"about":[{"href":"https:\/\/uj.adatbank.ro\/lexikon\/wp-json\/wp\/v2\/types\/product"}],"replies":[{"embeddable":true,"href":"https:\/\/uj.adatbank.ro\/lexikon\/wp-json\/wp\/v2\/comments?post=13769"}],"wp:attachment":[{"href":"https:\/\/uj.adatbank.ro\/lexikon\/wp-json\/wp\/v2\/media?parent=13769"}],"wp:term":[{"taxonomy":"product_brand","embeddable":true,"href":"https:\/\/uj.adatbank.ro\/lexikon\/wp-json\/wp\/v2\/product_brand?post=13769"},{"taxonomy":"product_cat","embeddable":true,"href":"https:\/\/uj.adatbank.ro\/lexikon\/wp-json\/wp\/v2\/product_cat?post=13769"},{"taxonomy":"product_tag","embeddable":true,"href":"https:\/\/uj.adatbank.ro\/lexikon\/wp-json\/wp\/v2\/product_tag?post=13769"}],"curies":[{"name":"wp","href":"https:\/\/api.w.org\/{rel}","templated":true}]}}

LÁZÁR György, gr., szárhegyi

<p>Szárhegy, 1807. márc. 31., † Szászerked, 1861. ápr. 24., temetés Körtvélyfáján: honvédtábornok, vezérőrnagy. – Zsigmond (1740–1820) és Klein Anna fia. Felesége: (1833. nov. 21–) Móga Eleonora (1814. jan. 23.,- Szászerked, 1892. márc. 20, tem. Körtvélyfája, márc. 23). Esk. 1833). Gyermekeik: Imre (1836–), Aladár. – Az osztrák császári hadsereg kötelékébe lépett (1819–), előbb százados, 1848-ban tábornoki rangot kapott, de lemondott rangjáról, önként jelentkezett az osztrák sereg fővezérénél, Windisch-Gratz hercegnél (1849. jan. 1.). A hadi törvényszék kötél általi halálra ítélte, de kegyelmet kapott, és 10 évi fogságot. Kufstein várába vitték, kegyelmet kapott (1850 aug.). Haláláig erkedi birtokain visszavonultan gazdálkodott. <br /><strong>Irod.:</strong> Gudenus; MNL; Pálmay, RNL</br></p>

<p>Szárhegy, 1807. márc. 31., † Szászerked, 1861. ápr. 24., temetés Körtvélyfáján: honvédtábornok, vezérőrnagy. – Zsigmond (1740–1820) és Klein Anna fia. Felesége: (1833. nov. 21–) Móga Eleonora (1814. jan. 23.,- Szászerked, 1892. márc. 20, tem. Körtvélyfája, márc. 23). Esk. 1833). Gyermekeik: Imre (1836–), Aladár. – Az osztrák császári hadsereg kötelékébe lépett (1819–), előbb százados, 1848-ban tábornoki [&hellip;]</p>
