{"id":13772,"date":"2025-07-15T12:39:35","date_gmt":"2025-07-15T10:39:35","guid":{"rendered":"https:\/\/uj.adatbank.ro\/lexikon\/termek\/lazar-gyorgy-gyalakuti-2\/"},"modified":"2025-07-15T12:39:35","modified_gmt":"2025-07-15T10:39:35","slug":"lazar-gyorgy-gyalakuti-2","status":"publish","type":"product","link":"https:\/\/uj.adatbank.ro\/lexikon\/termek\/lazar-gyorgy-gyalakuti-2\/","title":{"rendered":"L\u00c1Z\u00c1R Gy\u00f6rgy, gyalakuti"},"content":{"rendered":"<p>? \u2020 Szentdemeter, 1660. nov. 29. A gyulak\u00fatai ref. templomba temett\u00e9k: f\u00f6ldbirtokos, tan\u00e1csos, helytart\u00f3, \u00edt\u00e9l\u0151mester. \u2013 L. J\u00e1nos (\u2020 1626 e.) \u00e9s Bercs\u00e9nyi Borb\u00e1la fia. Feles\u00e9ge: 1. Apaffy Erzs\u00e9betet, kih\u00e1zasit\u00e1sul ezzel a sz\u00e1szzalatnai, tov\u00e1bb\u00e1 a szov\u00e1ti \u00e9s havadt\u0151i r\u00e9szeket kapta, a melyekb\u0151l az els\u0151 birtok\u00e1\u00e9rt Apaffy Istv\u00e1n \u00e9s Boldizs\u00e1r sok\u00e1ig pereltek vele (1642\u2013). K\u00e9t fia lett. 2. feles\u00e9ge hidv\u00e9gi Nemes Ilona. Fiai: Ferenc (\u2020 1653) \u00e9s Imre marossz\u00e9ki f\u0151kir. b\u00edr\u00f3. A Fejedelmi T\u00e1bla \u00fcln\u00f6ke (1649\u201352), \u00edt\u00e9l\u0151mester (1652\u2013), \u0151 \u00edrta al\u00e1 az \u201eApprobata Constitutiokat\u201c (1653), tan\u00e1cs\u00far (1658\u2013). Barcsai \u00c1kos h\u00edvek\u00e9nt kapta a Szolnok megyei t\u0151k\u00e9si birtokot (1659\u2013), a k\u00f6vetkez\u0151 \u00e9vben pedig B\u00fant \u00e9s K\u00f6rtv\u00e9lykaput (1660\u2013), ugyanakkor Barcsai G\u00e1sp\u00e1rral fejedelmi helytart\u00f3. Kem\u00e9ny J\u00e1nos egyik embere \u00e9s k\u00eds\u00e9r\u0151i a Gyulafi f\u00e9le szentdemeteri kast\u00e9lyb\u00f3l kivonszolt\u00e1k a beteg Gy\u00f6rgy\u00f6t \u00e9s meg\u0151lt\u00e9k (1660. nov. 29-\u00e9n), holttest\u00e9t a gyulak\u00fati ref. templomban temett\u00e9k. <br \/><strong>Irod.:<\/strong> Bicsok-Orb\u00e1n; K\u00e1d\u00e1r\u2013 P\u00e1l-Antal; Kraus: Erd\u00e9lyi kr\u00f3nika; Marossz\u00e9ki kr\u00f3nik\u00e1k, 1.; Nagy Iv\u00e1n, Remeteszeg; P\u00e1lmay<\/br><\/p>\n","protected":false},"excerpt":{"rendered":"<p>? \u2020 Szentdemeter, 1660. nov. 29. A gyulak\u00fatai ref. templomba temett\u00e9k: f\u00f6ldbirtokos, tan\u00e1csos, helytart\u00f3, \u00edt\u00e9l\u0151mester. \u2013 L. J\u00e1nos (\u2020 1626 e.) \u00e9s Bercs\u00e9nyi Borb\u00e1la fia. Feles\u00e9ge: 1. Apaffy Erzs\u00e9betet, kih\u00e1zasit\u00e1sul ezzel a sz\u00e1szzalatnai, tov\u00e1bb\u00e1 a szov\u00e1ti \u00e9s havadt\u0151i r\u00e9szeket kapta, a melyekb\u0151l az els\u0151 birtok\u00e1\u00e9rt Apaffy Istv\u00e1n \u00e9s Boldizs\u00e1r sok\u00e1ig pereltek vele (1642\u2013). K\u00e9t fia [&hellip;]<\/p>\n","protected":false},"featured_media":0,"comment_status":"open","ping_status":"closed","template":"","meta":[],"product_brand":[],"product_cat":[137],"product_tag":[],"class_list":{"0":"post-13772","1":"product","2":"type-product","3":"status-publish","5":"product_cat-maros-megyei-eletrajzi-lexikon","7":"first","8":"instock","9":"shipping-taxable","10":"product-type-simple"},"_links":{"self":[{"href":"https:\/\/uj.adatbank.ro\/lexikon\/wp-json\/wp\/v2\/product\/13772","targetHints":{"allow":["GET"]}}],"collection":[{"href":"https:\/\/uj.adatbank.ro\/lexikon\/wp-json\/wp\/v2\/product"}],"about":[{"href":"https:\/\/uj.adatbank.ro\/lexikon\/wp-json\/wp\/v2\/types\/product"}],"replies":[{"embeddable":true,"href":"https:\/\/uj.adatbank.ro\/lexikon\/wp-json\/wp\/v2\/comments?post=13772"}],"wp:attachment":[{"href":"https:\/\/uj.adatbank.ro\/lexikon\/wp-json\/wp\/v2\/media?parent=13772"}],"wp:term":[{"taxonomy":"product_brand","embeddable":true,"href":"https:\/\/uj.adatbank.ro\/lexikon\/wp-json\/wp\/v2\/product_brand?post=13772"},{"taxonomy":"product_cat","embeddable":true,"href":"https:\/\/uj.adatbank.ro\/lexikon\/wp-json\/wp\/v2\/product_cat?post=13772"},{"taxonomy":"product_tag","embeddable":true,"href":"https:\/\/uj.adatbank.ro\/lexikon\/wp-json\/wp\/v2\/product_tag?post=13772"}],"curies":[{"name":"wp","href":"https:\/\/api.w.org\/{rel}","templated":true}]}}

LÁZÁR György, gyalakuti

<p>? † Szentdemeter, 1660. nov. 29. A gyulakútai ref. templomba temették: földbirtokos, tanácsos, helytartó, ítélőmester. – L. János († 1626 e.) és Bercsényi Borbála fia. Felesége: 1. Apaffy Erzsébetet, kiházasitásul ezzel a szászzalatnai, továbbá a szováti és havadtői részeket kapta, a melyekből az első birtokáért Apaffy István és Boldizsár sokáig pereltek vele (1642–). Két fia lett. 2. felesége hidvégi Nemes Ilona. Fiai: Ferenc († 1653) és Imre marosszéki főkir. bíró. A Fejedelmi Tábla ülnöke (1649–52), ítélőmester (1652–), ő írta alá az „Approbata Constitutiokat“ (1653), tanácsúr (1658–). Barcsai Ákos híveként kapta a Szolnok megyei tőkési birtokot (1659–), a következő évben pedig Búnt és Körtvélykaput (1660–), ugyanakkor Barcsai Gáspárral fejedelmi helytartó. Kemény János egyik embere és kísérői a Gyulafi féle szentdemeteri kastélyból kivonszolták a beteg Györgyöt és megőlték (1660. nov. 29-én), holttestét a gyulakúti ref. templomban temették. <br /><strong>Irod.:</strong> Bicsok-Orbán; Kádár– Pál-Antal; Kraus: Erdélyi krónika; Marosszéki krónikák, 1.; Nagy Iván, Remeteszeg; Pálmay</br></p>

<p>? † Szentdemeter, 1660. nov. 29. A gyulakútai ref. templomba temették: földbirtokos, tanácsos, helytartó, ítélőmester. – L. János († 1626 e.) és Bercsényi Borbála fia. Felesége: 1. Apaffy Erzsébetet, kiházasitásul ezzel a szászzalatnai, továbbá a szováti és havadtői részeket kapta, a melyekből az első birtokáért Apaffy István és Boldizsár sokáig pereltek vele (1642–). Két fia [&hellip;]</p>
