{"id":13773,"date":"2025-07-15T12:39:36","date_gmt":"2025-07-15T10:39:36","guid":{"rendered":"https:\/\/uj.adatbank.ro\/lexikon\/termek\/lazar-imre-gyalakuti\/"},"modified":"2025-07-15T12:39:36","modified_gmt":"2025-07-15T10:39:36","slug":"lazar-imre-gyalakuti","status":"publish","type":"product","link":"https:\/\/uj.adatbank.ro\/lexikon\/termek\/lazar-imre-gyalakuti\/","title":{"rendered":"L\u00c1Z\u00c1R Imre, gyalakuti"},"content":{"rendered":"<p>Gyulakuta, 1650 k.,\u2020\u00a0Gyulakuta, 1691 u.: f\u00f6ldbirtokos, f\u0151kir\u00e1lyb\u00edr\u00f3. \u2013 L. Gy\u00f6rgy (\u2020 1660) \u00e9s Apafi Erzs\u00e9bet fia. Nevel\u0151je Uzoni Bal\u00e1zs pap volt. Iskol\u00e1it Szebenben v\u00e9gezte (1668), \u00e9s m\u00e1r ekkor jegyes volt Bethlen Zs\u00f3fi\u00e1val, a kancell\u00e1r B. Mikl\u00f3s hug\u00e1val, ki azonban az egybekel\u00e9s el\u0151tt meghalt (1668), k\u00e9s\u0151bb n\u0151\u00fcl vette hidv\u00e9gi Nemes Kl\u00e1r\u00e1t (1673), \u00e9s ezzel a brass\u00f3i \u00e9s ving\u00e1rdi j\u00f3sz\u00e1gokat kapta. Fia: Gy\u00f6rgy. Sokf\u00e9le felel\u0151ss\u00e9gteljes tiszts\u00e9get t\u00f6lt\u00f6tt be. Egyike azon hazafiaknak, kik a feh\u00e9rv\u00e1ri diet\u00e1n kelt Lig\u00e1t al\u00e1irt\u00e1k (1674). Marossz\u00e9k f\u0151kir\u00e1lybir\u00e1ja (1680\u201390), a fejedelmi t\u00e1bla eln\u00f6ke, \u00e9s az enyedi koll. f\u0151kur\u00e1tora volt. Kidolgozott \u00e9s kiadott egy gy\u00fclekezeti rendszab\u00e1lyt. Sok adom\u00e1nyt juttatott a ref. egyh\u00e1znak. Feles\u00e9ge b\u00edrta Remeteszeget (1694). <br \/><strong>Irod.:<\/strong> Bicsok-Orb\u00e1n; Erd\u00e9lyi f\u00e9niks, Nagy Iv\u00e1n; Gyulakuta \u00e9s egyh\u00e1za; P\u00e1lmay; Pesty 2014; Remeteszeg; SzOkl \u00das 8.<\/br><\/p>\n","protected":false},"excerpt":{"rendered":"<p>Gyulakuta, 1650 k.,\u2020\u00a0Gyulakuta, 1691 u.: f\u00f6ldbirtokos, f\u0151kir\u00e1lyb\u00edr\u00f3. \u2013 L. Gy\u00f6rgy (\u2020 1660) \u00e9s Apafi Erzs\u00e9bet fia. Nevel\u0151je Uzoni Bal\u00e1zs pap volt. Iskol\u00e1it Szebenben v\u00e9gezte (1668), \u00e9s m\u00e1r ekkor jegyes volt Bethlen Zs\u00f3fi\u00e1val, a kancell\u00e1r B. Mikl\u00f3s hug\u00e1val, ki azonban az egybekel\u00e9s el\u0151tt meghalt (1668), k\u00e9s\u0151bb n\u0151\u00fcl vette hidv\u00e9gi Nemes Kl\u00e1r\u00e1t (1673), \u00e9s ezzel a brass\u00f3i [&hellip;]<\/p>\n","protected":false},"featured_media":0,"comment_status":"open","ping_status":"closed","template":"","meta":[],"product_brand":[],"product_cat":[137],"product_tag":[],"class_list":{"0":"post-13773","1":"product","2":"type-product","3":"status-publish","5":"product_cat-maros-megyei-eletrajzi-lexikon","7":"first","8":"instock","9":"shipping-taxable","10":"product-type-simple"},"_links":{"self":[{"href":"https:\/\/uj.adatbank.ro\/lexikon\/wp-json\/wp\/v2\/product\/13773","targetHints":{"allow":["GET"]}}],"collection":[{"href":"https:\/\/uj.adatbank.ro\/lexikon\/wp-json\/wp\/v2\/product"}],"about":[{"href":"https:\/\/uj.adatbank.ro\/lexikon\/wp-json\/wp\/v2\/types\/product"}],"replies":[{"embeddable":true,"href":"https:\/\/uj.adatbank.ro\/lexikon\/wp-json\/wp\/v2\/comments?post=13773"}],"wp:attachment":[{"href":"https:\/\/uj.adatbank.ro\/lexikon\/wp-json\/wp\/v2\/media?parent=13773"}],"wp:term":[{"taxonomy":"product_brand","embeddable":true,"href":"https:\/\/uj.adatbank.ro\/lexikon\/wp-json\/wp\/v2\/product_brand?post=13773"},{"taxonomy":"product_cat","embeddable":true,"href":"https:\/\/uj.adatbank.ro\/lexikon\/wp-json\/wp\/v2\/product_cat?post=13773"},{"taxonomy":"product_tag","embeddable":true,"href":"https:\/\/uj.adatbank.ro\/lexikon\/wp-json\/wp\/v2\/product_tag?post=13773"}],"curies":[{"name":"wp","href":"https:\/\/api.w.org\/{rel}","templated":true}]}}

LÁZÁR Imre, gyalakuti

<p>Gyulakuta, 1650 k.,† Gyulakuta, 1691 u.: földbirtokos, főkirálybíró. – L. György († 1660) és Apafi Erzsébet fia. Nevelője Uzoni Balázs pap volt. Iskoláit Szebenben végezte (1668), és már ekkor jegyes volt Bethlen Zsófiával, a kancellár B. Miklós hugával, ki azonban az egybekelés előtt meghalt (1668), később nőül vette hidvégi Nemes Klárát (1673), és ezzel a brassói és vingárdi jószágokat kapta. Fia: György. Sokféle felelősségteljes tisztséget töltött be. Egyike azon hazafiaknak, kik a fehérvári dietán kelt Ligát aláirták (1674). Marosszék főkirálybirája (1680–90), a fejedelmi tábla elnöke, és az enyedi koll. főkurátora volt. Kidolgozott és kiadott egy gyülekezeti rendszabályt. Sok adományt juttatott a ref. egyháznak. Felesége bírta Remeteszeget (1694). <br /><strong>Irod.:</strong> Bicsok-Orbán; Erdélyi féniks, Nagy Iván; Gyulakuta és egyháza; Pálmay; Pesty 2014; Remeteszeg; SzOkl Ús 8.</br></p>

<p>Gyulakuta, 1650 k.,† Gyulakuta, 1691 u.: földbirtokos, főkirálybíró. – L. György († 1660) és Apafi Erzsébet fia. Nevelője Uzoni Balázs pap volt. Iskoláit Szebenben végezte (1668), és már ekkor jegyes volt Bethlen Zsófiával, a kancellár B. Miklós hugával, ki azonban az egybekelés előtt meghalt (1668), később nőül vette hidvégi Nemes Klárát (1673), és ezzel a brassói [&hellip;]</p>
