{"id":13779,"date":"2025-07-15T12:39:45","date_gmt":"2025-07-15T10:39:45","guid":{"rendered":"https:\/\/uj.adatbank.ro\/lexikon\/termek\/lazar-istvan-gyulakuti-gr\/"},"modified":"2025-07-15T12:39:45","modified_gmt":"2025-07-15T10:39:45","slug":"lazar-istvan-gyulakuti-gr","status":"publish","type":"product","link":"https:\/\/uj.adatbank.ro\/lexikon\/termek\/lazar-istvan-gyulakuti-gr\/","title":{"rendered":"L\u00c1Z\u00c1R Istv\u00e1n, gyulakuti gr."},"content":{"rendered":"<p>Gyulakuta, 1779. aug. 6 , \u2020\u00a0Gyulakuta,1831. nov. 18, temetve Mikh\u00e1z\u00e1za, Ferences kolostor.: cs. k. kamar\u00e1s. \u2013 L. J\u00e1nos (1755\u20131809) \u00e9s g\u00f6ncruszkai Kornis Anna (1758\u20131814) fia. N\u0151tlen. \u2013 Gyulakut\u00e1n lakott mag\u00e1nyosan. Verseket \u00edrt m., n\u00e9met, francia nyelven. <br \/><strong>Irod.:<\/strong> Bir\u00f3 J\u00f3zsef. A bonchidai B\u00e1nffy-kast\u00e9ly csal\u00e1di arck\u00e9pei = Lyka eml\u00e9kk.; Nagy Iv\u00e1n; Pesty 2014<\/br><\/p>\n","protected":false},"excerpt":{"rendered":"<p>Gyulakuta, 1779. aug. 6 , \u2020\u00a0Gyulakuta,1831. nov. 18, temetve Mikh\u00e1z\u00e1za, Ferences kolostor.: cs. k. kamar\u00e1s. \u2013 L. J\u00e1nos (1755\u20131809) \u00e9s g\u00f6ncruszkai Kornis Anna (1758\u20131814) fia. N\u0151tlen. \u2013 Gyulakut\u00e1n lakott mag\u00e1nyosan. Verseket \u00edrt m., n\u00e9met, francia nyelven. Irod.: Bir\u00f3 J\u00f3zsef. A bonchidai B\u00e1nffy-kast\u00e9ly csal\u00e1di arck\u00e9pei = Lyka eml\u00e9kk.; Nagy Iv\u00e1n; Pesty 2014<\/p>\n","protected":false},"featured_media":0,"comment_status":"open","ping_status":"closed","template":"","meta":[],"product_brand":[],"product_cat":[137],"product_tag":[],"class_list":{"0":"post-13779","1":"product","2":"type-product","3":"status-publish","5":"product_cat-maros-megyei-eletrajzi-lexikon","7":"first","8":"instock","9":"shipping-taxable","10":"product-type-simple"},"_links":{"self":[{"href":"https:\/\/uj.adatbank.ro\/lexikon\/wp-json\/wp\/v2\/product\/13779","targetHints":{"allow":["GET"]}}],"collection":[{"href":"https:\/\/uj.adatbank.ro\/lexikon\/wp-json\/wp\/v2\/product"}],"about":[{"href":"https:\/\/uj.adatbank.ro\/lexikon\/wp-json\/wp\/v2\/types\/product"}],"replies":[{"embeddable":true,"href":"https:\/\/uj.adatbank.ro\/lexikon\/wp-json\/wp\/v2\/comments?post=13779"}],"wp:attachment":[{"href":"https:\/\/uj.adatbank.ro\/lexikon\/wp-json\/wp\/v2\/media?parent=13779"}],"wp:term":[{"taxonomy":"product_brand","embeddable":true,"href":"https:\/\/uj.adatbank.ro\/lexikon\/wp-json\/wp\/v2\/product_brand?post=13779"},{"taxonomy":"product_cat","embeddable":true,"href":"https:\/\/uj.adatbank.ro\/lexikon\/wp-json\/wp\/v2\/product_cat?post=13779"},{"taxonomy":"product_tag","embeddable":true,"href":"https:\/\/uj.adatbank.ro\/lexikon\/wp-json\/wp\/v2\/product_tag?post=13779"}],"curies":[{"name":"wp","href":"https:\/\/api.w.org\/{rel}","templated":true}]}}