{"id":13780,"date":"2025-07-15T12:39:46","date_gmt":"2025-07-15T10:39:46","guid":{"rendered":"https:\/\/uj.adatbank.ro\/lexikon\/termek\/lazar-istvan-szarhegyi-gr\/"},"modified":"2025-07-15T12:39:46","modified_gmt":"2025-07-15T10:39:46","slug":"lazar-istvan-szarhegyi-gr","status":"publish","type":"product","link":"https:\/\/uj.adatbank.ro\/lexikon\/termek\/lazar-istvan-szarhegyi-gr\/","title":{"rendered":"L\u00c1Z\u00c1R Istv\u00e1n, sz\u00e1rhegyi gr."},"content":{"rendered":"<p>1782, \u2020\u00a01865, :cs. \u00e9s kir. kamar\u00e1s. \u2013 Val\u00f3sz\u00edn\u0171 \u0151 az, aki: Megyesfalva \u00e9s Sz\u00e9kelykakasd k\u00f6z\u00f6tt, hat\u00e1rk\u0151vet \u00e1ll\u00edtott az \u00fat ment\u00e9n, a birtok keleti hat\u00e1r\u00e1ban k\u00e9t, 5 m. magas, g\u00f6mbbel a tetej\u00e9n \u00e9s rajta kit\u00e1rt sz\u00e1rny\u00fa turulmad\u00e1r, 4 oldal\u00e1n verses felirattal. A II. vh. ut\u00e1n led\u00f6nt\u00f6tt\u00e9k, csak a k\u0151t\u00f6mb\u00f6t mentette meg a Tr\u00f6mbit\u00e1s csal\u00e1d. \u2013 <strong>F. m.:<\/strong> Gyalog \u00e9s husz\u00e1r verbunk dalok (Mv., 1839); Katonadal (Mv., 1848); P\u00e1r sz\u00f3 a sz\u00e9kely \u00fcgyben (Mv., 1848). <br \/><strong>Irod.:<\/strong> Rugonfalvi Kiss; Sz\u00e9kelykakasd<\/br><\/p>\n","protected":false},"excerpt":{"rendered":"<p>1782, \u2020\u00a01865, :cs. \u00e9s kir. kamar\u00e1s. \u2013 Val\u00f3sz\u00edn\u0171 \u0151 az, aki: Megyesfalva \u00e9s Sz\u00e9kelykakasd k\u00f6z\u00f6tt, hat\u00e1rk\u0151vet \u00e1ll\u00edtott az \u00fat ment\u00e9n, a birtok keleti hat\u00e1r\u00e1ban k\u00e9t, 5 m. magas, g\u00f6mbbel a tetej\u00e9n \u00e9s rajta kit\u00e1rt sz\u00e1rny\u00fa turulmad\u00e1r, 4 oldal\u00e1n verses felirattal. A II. vh. ut\u00e1n led\u00f6nt\u00f6tt\u00e9k, csak a k\u0151t\u00f6mb\u00f6t mentette meg a Tr\u00f6mbit\u00e1s csal\u00e1d. \u2013 F. [&hellip;]<\/p>\n","protected":false},"featured_media":0,"comment_status":"open","ping_status":"closed","template":"","meta":[],"product_brand":[],"product_cat":[137],"product_tag":[],"class_list":{"0":"post-13780","1":"product","2":"type-product","3":"status-publish","5":"product_cat-maros-megyei-eletrajzi-lexikon","7":"first","8":"instock","9":"shipping-taxable","10":"product-type-simple"},"_links":{"self":[{"href":"https:\/\/uj.adatbank.ro\/lexikon\/wp-json\/wp\/v2\/product\/13780","targetHints":{"allow":["GET"]}}],"collection":[{"href":"https:\/\/uj.adatbank.ro\/lexikon\/wp-json\/wp\/v2\/product"}],"about":[{"href":"https:\/\/uj.adatbank.ro\/lexikon\/wp-json\/wp\/v2\/types\/product"}],"replies":[{"embeddable":true,"href":"https:\/\/uj.adatbank.ro\/lexikon\/wp-json\/wp\/v2\/comments?post=13780"}],"wp:attachment":[{"href":"https:\/\/uj.adatbank.ro\/lexikon\/wp-json\/wp\/v2\/media?parent=13780"}],"wp:term":[{"taxonomy":"product_brand","embeddable":true,"href":"https:\/\/uj.adatbank.ro\/lexikon\/wp-json\/wp\/v2\/product_brand?post=13780"},{"taxonomy":"product_cat","embeddable":true,"href":"https:\/\/uj.adatbank.ro\/lexikon\/wp-json\/wp\/v2\/product_cat?post=13780"},{"taxonomy":"product_tag","embeddable":true,"href":"https:\/\/uj.adatbank.ro\/lexikon\/wp-json\/wp\/v2\/product_tag?post=13780"}],"curies":[{"name":"wp","href":"https:\/\/api.w.org\/{rel}","templated":true}]}}

LÁZÁR István, szárhegyi gr.

<p>1782, † 1865, :cs. és kir. kamarás. – Valószínű ő az, aki: Megyesfalva és Székelykakasd között, határkővet állított az út mentén, a birtok keleti határában két, 5 m. magas, gömbbel a tetején és rajta kitárt szárnyú turulmadár, 4 oldalán verses felirattal. A II. vh. után ledöntötték, csak a kőtömböt mentette meg a Trömbitás család. – <strong>F. m.:</strong> Gyalog és huszár verbunk dalok (Mv., 1839); Katonadal (Mv., 1848); Pár szó a székely ügyben (Mv., 1848). <br /><strong>Irod.:</strong> Rugonfalvi Kiss; Székelykakasd</br></p>

<p>1782, † 1865, :cs. és kir. kamarás. – Valószínű ő az, aki: Megyesfalva és Székelykakasd között, határkővet állított az út mentén, a birtok keleti határában két, 5 m. magas, gömbbel a tetején és rajta kitárt szárnyú turulmadár, 4 oldalán verses felirattal. A II. vh. után ledöntötték, csak a kőtömböt mentette meg a Trömbitás család. – F. [&hellip;]</p>
