{"id":13784,"date":"2025-07-15T12:39:55","date_gmt":"2025-07-15T10:39:55","guid":{"rendered":"https:\/\/uj.adatbank.ro\/lexikon\/termek\/lazar-janos-csikszenttamasi-2\/"},"modified":"2025-07-15T12:39:55","modified_gmt":"2025-07-15T10:39:55","slug":"lazar-janos-csikszenttamasi-2","status":"publish","type":"product","link":"https:\/\/uj.adatbank.ro\/lexikon\/termek\/lazar-janos-csikszenttamasi-2\/","title":{"rendered":"L\u00c1Z\u00c1R J\u00e1nos, cs\u00edkszenttam\u00e1si"},"content":{"rendered":"<p>? \u2020 1622.: primor, birtokos. \u2013 L Farkas (\u2020 1599), Cs\u00edksz\u00e9k f\u0151 kir\u00e1lyb\u00edr\u00f3ja \u00e9s mez\u0151madarasi Bern\u00e1ld Kl\u00e1ra fia. Testv\u00e9re: Judit Damakos Istv\u00e1nn\u00e9. Feles\u00e9ge: Bodoni Zsuzs\u00e1nna. Le\u00e1nyuk: Anna. \u2013 B\u00e1thory G\u00e1bor Cs\u00edksz\u00e9k el\u00f6lj\u00e1r\u00f3inak megparancsolta, hogy adj\u00e1k L\u00e1z\u00e1r J\u00e1nosnak az \u0151sei, Bern\u00e1ld \u00e9s Farkas ut\u00e1n maradt javakat (1609). A fejedelmek rendszeren \u00f6ssze\u00edrt\u00e1k a hadra foghat\u00f3 sz\u00e9kelyeket, \u0151t lustr\u00e1lt\u00e1k D\u00e1lnokon (1602, 1604), Mez\u0151madarason \u00e9s Cs\u00edkszenttam\u00e1son a primorok k\u00f6z\u00f6tt jegyezt\u00e9k fel (1614-ben). Marossz\u00e9ken 50 jobb\u00e1ggyal rendelkezett (1614). T\u00f6bbsz\u00f6r r\u00e9sztvett a fejedelmek hadj\u00e1rataiban \u00e9s Bethlen G\u00e1bor fels\u0151-magyaro.-i hadj\u00e1rat\u00e1nak idej\u00e9n esett el (1622). <br \/><strong>Irod.:<\/strong> Nagy D\u00f3ra: B\u00edrtokmeg\u0151rz\u00e9s \u00e9s atyafis\u00e1g a 17 sz. Erd\u00e9lyben. Bodoni Zsuzs\u00e1nna h\u00e1zass\u00e1gai = Acta Universitatis Debreceniens. Series Hiscorica LX<\/br><\/p>\n","protected":false},"excerpt":{"rendered":"<p>? \u2020 1622.: primor, birtokos. \u2013 L Farkas (\u2020 1599), Cs\u00edksz\u00e9k f\u0151 kir\u00e1lyb\u00edr\u00f3ja \u00e9s mez\u0151madarasi Bern\u00e1ld Kl\u00e1ra fia. Testv\u00e9re: Judit Damakos Istv\u00e1nn\u00e9. Feles\u00e9ge: Bodoni Zsuzs\u00e1nna. Le\u00e1nyuk: Anna. \u2013 B\u00e1thory G\u00e1bor Cs\u00edksz\u00e9k el\u00f6lj\u00e1r\u00f3inak megparancsolta, hogy adj\u00e1k L\u00e1z\u00e1r J\u00e1nosnak az \u0151sei, Bern\u00e1ld \u00e9s Farkas ut\u00e1n maradt javakat (1609). A fejedelmek rendszeren \u00f6ssze\u00edrt\u00e1k a hadra foghat\u00f3 sz\u00e9kelyeket, \u0151t [&hellip;]<\/p>\n","protected":false},"featured_media":0,"comment_status":"open","ping_status":"closed","template":"","meta":[],"product_brand":[],"product_cat":[137],"product_tag":[],"class_list":{"0":"post-13784","1":"product","2":"type-product","3":"status-publish","5":"product_cat-maros-megyei-eletrajzi-lexikon","7":"first","8":"instock","9":"shipping-taxable","10":"product-type-simple"},"_links":{"self":[{"href":"https:\/\/uj.adatbank.ro\/lexikon\/wp-json\/wp\/v2\/product\/13784","targetHints":{"allow":["GET"]}}],"collection":[{"href":"https:\/\/uj.adatbank.ro\/lexikon\/wp-json\/wp\/v2\/product"}],"about":[{"href":"https:\/\/uj.adatbank.ro\/lexikon\/wp-json\/wp\/v2\/types\/product"}],"replies":[{"embeddable":true,"href":"https:\/\/uj.adatbank.ro\/lexikon\/wp-json\/wp\/v2\/comments?post=13784"}],"wp:attachment":[{"href":"https:\/\/uj.adatbank.ro\/lexikon\/wp-json\/wp\/v2\/media?parent=13784"}],"wp:term":[{"taxonomy":"product_brand","embeddable":true,"href":"https:\/\/uj.adatbank.ro\/lexikon\/wp-json\/wp\/v2\/product_brand?post=13784"},{"taxonomy":"product_cat","embeddable":true,"href":"https:\/\/uj.adatbank.ro\/lexikon\/wp-json\/wp\/v2\/product_cat?post=13784"},{"taxonomy":"product_tag","embeddable":true,"href":"https:\/\/uj.adatbank.ro\/lexikon\/wp-json\/wp\/v2\/product_tag?post=13784"}],"curies":[{"name":"wp","href":"https:\/\/api.w.org\/{rel}","templated":true}]}}

LÁZÁR János, csíkszenttamási

<p>? † 1622.: primor, birtokos. – L Farkas († 1599), Csíkszék fő királybírója és mezőmadarasi Bernáld Klára fia. Testvére: Judit Damakos Istvánné. Felesége: Bodoni Zsuzsánna. Leányuk: Anna. – Báthory Gábor Csíkszék elöljáróinak megparancsolta, hogy adják Lázár Jánosnak az ősei, Bernáld és Farkas után maradt javakat (1609). A fejedelmek rendszeren összeírták a hadra fogható székelyeket, őt lustrálták Dálnokon (1602, 1604), Mezőmadarason és Csíkszenttamáson a primorok között jegyezték fel (1614-ben). Marosszéken 50 jobbággyal rendelkezett (1614). Többször résztvett a fejedelmek hadjárataiban és Bethlen Gábor felső-magyaro.-i hadjáratának idején esett el (1622). <br /><strong>Irod.:</strong> Nagy Dóra: Bírtokmegőrzés és atyafiság a 17 sz. Erdélyben. Bodoni Zsuzsánna házasságai = Acta Universitatis Debreceniens. Series Hiscorica LX</br></p>

<p>? † 1622.: primor, birtokos. – L Farkas († 1599), Csíkszék fő királybírója és mezőmadarasi Bernáld Klára fia. Testvére: Judit Damakos Istvánné. Felesége: Bodoni Zsuzsánna. Leányuk: Anna. – Báthory Gábor Csíkszék elöljáróinak megparancsolta, hogy adják Lázár Jánosnak az ősei, Bernáld és Farkas után maradt javakat (1609). A fejedelmek rendszeren összeírták a hadra fogható székelyeket, őt [&hellip;]</p>
