{"id":13786,"date":"2025-07-15T12:39:57","date_gmt":"2025-07-15T10:39:57","guid":{"rendered":"https:\/\/uj.adatbank.ro\/lexikon\/termek\/lazar-janos-csikvacsarcsi-ifj\/"},"modified":"2025-07-15T12:39:57","modified_gmt":"2025-07-15T10:39:57","slug":"lazar-janos-csikvacsarcsi-ifj","status":"publish","type":"product","link":"https:\/\/uj.adatbank.ro\/lexikon\/termek\/lazar-janos-csikvacsarcsi-ifj\/","title":{"rendered":"L\u00c1Z\u00c1R J\u00e1nos, cs\u00edkvacs\u00e1rcsi, ifj."},"content":{"rendered":"<p>1823., \u2020 Bp., 1883. j\u00fan. 4.: \u00fcgyv\u00e9d. \u2013 Gyermekei Albert; Luiza Szigeti Elekn\u00e9; R\u00f3za K\u00f6v\u00e9r Endr\u00e9n\u00e9; Gizella Mecs\u00e9r J\u00f3zsefn\u00e9; Mariska Mih\u00e1lyfi K\u00e1rolyn\u00e9; Ilona Majth\u00e9nyi Albertn\u00e9; J\u00e1nos; Anna; J\u00f3zsef. \u2013 Okleveles \u00fcgyv\u00e9d Erd\u00e9lyi kir. k\u00f6z\u00fcgyigazgat\u00f3s\u00e1gi hivatalnok, Mv. szabad kir. v\u00e1rosi alkotm\u00e1nyszer\u00fcleg megv\u00e1lasztott tan\u00e1csos. <br \/><strong>Irod.:<\/strong> Gy\u00e1szjelent\u0151<\/br><\/p>\n","protected":false},"excerpt":{"rendered":"<p>1823., \u2020 Bp., 1883. j\u00fan. 4.: \u00fcgyv\u00e9d. \u2013 Gyermekei Albert; Luiza Szigeti Elekn\u00e9; R\u00f3za K\u00f6v\u00e9r Endr\u00e9n\u00e9; Gizella Mecs\u00e9r J\u00f3zsefn\u00e9; Mariska Mih\u00e1lyfi K\u00e1rolyn\u00e9; Ilona Majth\u00e9nyi Albertn\u00e9; J\u00e1nos; Anna; J\u00f3zsef. \u2013 Okleveles \u00fcgyv\u00e9d Erd\u00e9lyi kir. k\u00f6z\u00fcgyigazgat\u00f3s\u00e1gi hivatalnok, Mv. szabad kir. v\u00e1rosi alkotm\u00e1nyszer\u00fcleg megv\u00e1lasztott tan\u00e1csos. Irod.: Gy\u00e1szjelent\u0151<\/p>\n","protected":false},"featured_media":0,"comment_status":"open","ping_status":"closed","template":"","meta":[],"product_brand":[],"product_cat":[137],"product_tag":[],"class_list":{"0":"post-13786","1":"product","2":"type-product","3":"status-publish","5":"product_cat-maros-megyei-eletrajzi-lexikon","7":"first","8":"instock","9":"shipping-taxable","10":"product-type-simple"},"_links":{"self":[{"href":"https:\/\/uj.adatbank.ro\/lexikon\/wp-json\/wp\/v2\/product\/13786","targetHints":{"allow":["GET"]}}],"collection":[{"href":"https:\/\/uj.adatbank.ro\/lexikon\/wp-json\/wp\/v2\/product"}],"about":[{"href":"https:\/\/uj.adatbank.ro\/lexikon\/wp-json\/wp\/v2\/types\/product"}],"replies":[{"embeddable":true,"href":"https:\/\/uj.adatbank.ro\/lexikon\/wp-json\/wp\/v2\/comments?post=13786"}],"wp:attachment":[{"href":"https:\/\/uj.adatbank.ro\/lexikon\/wp-json\/wp\/v2\/media?parent=13786"}],"wp:term":[{"taxonomy":"product_brand","embeddable":true,"href":"https:\/\/uj.adatbank.ro\/lexikon\/wp-json\/wp\/v2\/product_brand?post=13786"},{"taxonomy":"product_cat","embeddable":true,"href":"https:\/\/uj.adatbank.ro\/lexikon\/wp-json\/wp\/v2\/product_cat?post=13786"},{"taxonomy":"product_tag","embeddable":true,"href":"https:\/\/uj.adatbank.ro\/lexikon\/wp-json\/wp\/v2\/product_tag?post=13786"}],"curies":[{"name":"wp","href":"https:\/\/api.w.org\/{rel}","templated":true}]}}