{"id":13791,"date":"2025-07-15T12:40:07","date_gmt":"2025-07-15T10:40:07","guid":{"rendered":"https:\/\/uj.adatbank.ro\/lexikon\/termek\/lazar-janos-szentannai\/"},"modified":"2025-07-15T12:40:07","modified_gmt":"2025-07-15T10:40:07","slug":"lazar-janos-szentannai","status":"publish","type":"product","link":"https:\/\/uj.adatbank.ro\/lexikon\/termek\/lazar-janos-szentannai\/","title":{"rendered":"L\u00c1Z\u00c1R J\u00e1nos, szentannai"},"content":{"rendered":"<p>? \u2020\u00a01549 u.: f\u00f6ldbirtokos, orsz\u00e1gos k\u00f6vet, kir\u00e1lyb\u00edr\u00f3. \u2013 Feles\u00e9ge: Apafi Kl\u00e1ra. Fiai: Imre, Istv\u00e1n, J\u00e1nos, Ferenc, Mih\u00e1ly. K\u00e9t le\u00e1nya is volt. A szentannai, majd a gyulakuti \u00e1g megalapoz\u00f3ja. \u2013 A 16. sz.-ban k\u00f6lt\u00f6z\u00f6tt Ny\u00e1r\u00e1dszentann\u00e1ra \u00e9s felvette a szentannai el\u0151nevet. Ogy.-i k\u00f6vet volt (1534). Szapolyai J\u00e1nos h\u0171s\u00e9ges embere. Kisfalud helys\u00e9get a hozz\u00e1tartoz\u00f3 h\u00e1rom l\u00f3f\u0151s\u00e9ggel egy\u00fctt per \u00fatj\u00e1n, melyet szentgy\u00f6rgyi T\u00f3th Mih\u00e1llyal folytatott, kir\u00e1lyi it\u00e9lettel megnyerte (1538.aug. 3.). Ezzel megszil\u00e1rd\u00edtotta a csal\u00e1d gazdas\u00e1gi erej\u00e9t. Cs\u00edk-, Gyergy\u00f3- \u00e9s K\u00e1szonsz\u00e9k kir\u00e1lyb\u00edr\u00f3ja lett. V\u00e9grendelkezett (Szentanna, 1549. m\u00e1rc. 1.) csiki, gyergy\u00f3i, k\u00e1szoni valamint Maros sz\u00e9ki szentannai \u00e9s kisfaludi j\u00f3sz\u00e1gair\u00f3l fiai Imre, Istv\u00e1n, J\u00e1nos, Ferenc, Mih\u00e1ly r\u00e9sz\u00e9re. Tanuk voltak gy\u00f3ntat\u00f3ja a Szent Ferenc Rendb\u0151l val\u00f3 Gy\u00f6rgy bar\u00e1t, K\u00f6peczi Tam\u00e1s, Ugrai Mih\u00e1ly de\u00e1k a v\u00e1ros esk\u00fcdt polg\u00e1rai. V\u00e9grendelet\u00e9ben kisfaludi malma j\u00f6vedelm\u00e9nek fel\u00e9t \u00e9s kasz\u00e1l\u00f3erdej\u00e9r\u0151l t\u00edz-t\u00edz kaszaalja f\u00fcvet a v\u00e1s\u00e1rhelyi bar\u00e1toknak \u00e9s ap\u00e1c\u00e1knak hagyja (1549). Arany- \u00e9s ez\u00fcstnem\u0171ib\u0151l a szentannai egyh\u00e1z fel\u00e9p\u00edt\u00e9s\u00e9re is adakozott. <br \/><strong>Irod.:<\/strong> Fodor S\u00e1ndor (S.): J\u00e1rom az utat\u2026 (N\u00fa., 2005. jan. 7.); Garda Dezs\u0151: A L\u00e1z\u00e1r csal\u00e1d marossz\u00e9ki otthonalap\u00edt\u00e1sa\u2026  =  P\u00e1l-Antal \u2013 Simon; Id\u0151t\u00e1r 1; Ny\u00e1r\u00e1dszereda.k\u00f6zs\u00e9g; SzOkl, 2<\/br><\/p>\n","protected":false},"excerpt":{"rendered":"<p>? \u2020\u00a01549 u.: f\u00f6ldbirtokos, orsz\u00e1gos k\u00f6vet, kir\u00e1lyb\u00edr\u00f3. \u2013 Feles\u00e9ge: Apafi Kl\u00e1ra. Fiai: Imre, Istv\u00e1n, J\u00e1nos, Ferenc, Mih\u00e1ly. K\u00e9t le\u00e1nya is volt. A szentannai, majd a gyulakuti \u00e1g megalapoz\u00f3ja. \u2013 A 16. sz.-ban k\u00f6lt\u00f6z\u00f6tt Ny\u00e1r\u00e1dszentann\u00e1ra \u00e9s felvette a szentannai el\u0151nevet. Ogy.-i k\u00f6vet volt (1534). Szapolyai J\u00e1nos h\u0171s\u00e9ges embere. Kisfalud helys\u00e9get a hozz\u00e1tartoz\u00f3 h\u00e1rom l\u00f3f\u0151s\u00e9ggel egy\u00fctt per [&hellip;]<\/p>\n","protected":false},"featured_media":0,"comment_status":"open","ping_status":"closed","template":"","meta":[],"product_brand":[],"product_cat":[137],"product_tag":[],"class_list":{"0":"post-13791","1":"product","2":"type-product","3":"status-publish","5":"product_cat-maros-megyei-eletrajzi-lexikon","7":"first","8":"instock","9":"shipping-taxable","10":"product-type-simple"},"_links":{"self":[{"href":"https:\/\/uj.adatbank.ro\/lexikon\/wp-json\/wp\/v2\/product\/13791","targetHints":{"allow":["GET"]}}],"collection":[{"href":"https:\/\/uj.adatbank.ro\/lexikon\/wp-json\/wp\/v2\/product"}],"about":[{"href":"https:\/\/uj.adatbank.ro\/lexikon\/wp-json\/wp\/v2\/types\/product"}],"replies":[{"embeddable":true,"href":"https:\/\/uj.adatbank.ro\/lexikon\/wp-json\/wp\/v2\/comments?post=13791"}],"wp:attachment":[{"href":"https:\/\/uj.adatbank.ro\/lexikon\/wp-json\/wp\/v2\/media?parent=13791"}],"wp:term":[{"taxonomy":"product_brand","embeddable":true,"href":"https:\/\/uj.adatbank.ro\/lexikon\/wp-json\/wp\/v2\/product_brand?post=13791"},{"taxonomy":"product_cat","embeddable":true,"href":"https:\/\/uj.adatbank.ro\/lexikon\/wp-json\/wp\/v2\/product_cat?post=13791"},{"taxonomy":"product_tag","embeddable":true,"href":"https:\/\/uj.adatbank.ro\/lexikon\/wp-json\/wp\/v2\/product_tag?post=13791"}],"curies":[{"name":"wp","href":"https:\/\/api.w.org\/{rel}","templated":true}]}}

LÁZÁR János, szentannai

<p>? † 1549 u.: földbirtokos, országos követ, királybíró. – Felesége: Apafi Klára. Fiai: Imre, István, János, Ferenc, Mihály. Két leánya is volt. A szentannai, majd a gyulakuti ág megalapozója. – A 16. sz.-ban költözött Nyárádszentannára és felvette a szentannai előnevet. Ogy.-i követ volt (1534). Szapolyai János hűséges embere. Kisfalud helységet a hozzátartozó három lófőséggel együtt per útján, melyet szentgyörgyi Tóth Mihállyal folytatott, királyi itélettel megnyerte (1538.aug. 3.). Ezzel megszilárdította a család gazdasági erejét. Csík-, Gyergyó- és Kászonszék királybírója lett. Végrendelkezett (Szentanna, 1549. márc. 1.) csiki, gyergyói, kászoni valamint Maros széki szentannai és kisfaludi jószágairól fiai Imre, István, János, Ferenc, Mihály részére. Tanuk voltak gyóntatója a Szent Ferenc Rendből való György barát, Köpeczi Tamás, Ugrai Mihály deák a város esküdt polgárai. Végrendeletében kisfaludi malma jövedelmének felét és kaszálóerdejéről tíz-tíz kaszaalja füvet a vásárhelyi barátoknak és apácáknak hagyja (1549). Arany- és ezüstneműiből a szentannai egyház felépítésére is adakozott. <br /><strong>Irod.:</strong> Fodor Sándor (S.): Járom az utat… (Nú., 2005. jan. 7.); Garda Dezső: A Lázár család marosszéki otthonalapítása…  =  Pál-Antal – Simon; Időtár 1; Nyárádszereda.község; SzOkl, 2</br></p>

<p>? † 1549 u.: földbirtokos, országos követ, királybíró. – Felesége: Apafi Klára. Fiai: Imre, István, János, Ferenc, Mihály. Két leánya is volt. A szentannai, majd a gyulakuti ág megalapozója. – A 16. sz.-ban költözött Nyárádszentannára és felvette a szentannai előnevet. Ogy.-i követ volt (1534). Szapolyai János hűséges embere. Kisfalud helységet a hozzátartozó három lófőséggel együtt per [&hellip;]</p>
