{"id":13792,"date":"2025-07-15T12:40:08","date_gmt":"2025-07-15T10:40:08","guid":{"rendered":"https:\/\/uj.adatbank.ro\/lexikon\/termek\/lazar-janos-szentannai-2\/"},"modified":"2025-07-15T12:40:08","modified_gmt":"2025-07-15T10:40:08","slug":"lazar-janos-szentannai-2","status":"publish","type":"product","link":"https:\/\/uj.adatbank.ro\/lexikon\/termek\/lazar-janos-szentannai-2\/","title":{"rendered":"L\u00c1Z\u00c1R J\u00e1nos, szentannai"},"content":{"rendered":"<p>? \u2020\u00a0?: f\u00f6ldbirtokos. \u2013 L. J\u00e1nos \u00e9s Apafi Kl\u00e1ra fia. \u2013 A J\u00e1nos Zsigmond fejedelmi hadsereg\u00e9ben k\u00fczd\u00f6tt testv\u00e9reivel Imr\u00e9vel \u00e9s Mih\u00e1llyal. Szolg\u00e1latai jutalm\u00e1ul 14 h\u00e1z jobb\u00e1gyot nyert Mez\u0151m\u00e9nesen (1566. j\u00fal. 11.). Eladta Kisfaludot Sz\u00e9kelyv\u00e1s\u00e1rhelynek 600 forint\u00e9rt (1564), csere \u00fatj\u00e1n megszerezte annak mez\u0151m\u00e9nesi \u00e9s mez\u0151felei birtokait (1564). Ut\u00f3bb fiv\u00e9rei k\u00f6zbel\u00e9ptek ez\u00e9rt \u00faj szerz\u0151d\u00e9st kellett k\u00f6tni (1568, 1571). R\u00e9szt vett a kerel\u0151szentp\u00e1li csat\u00e1ban a fejedelem oldal\u00e1n (1575) <br \/><strong>Irod.:<\/strong> Garda Dezs\u0151: A L\u00e1z\u00e1r csal\u00e1d marossz\u00e9ki otthonalap\u00edt\u00e1sa\u2026  =  P\u00e1l-Antal \u2013 Simon; Id\u0151t\u00e1r 1; P\u00e1l-Antal 2009; SzOkl, 2.; SzOkl, \u00das 4.<\/br><\/p>\n","protected":false},"excerpt":{"rendered":"<p>? \u2020\u00a0?: f\u00f6ldbirtokos. \u2013 L. J\u00e1nos \u00e9s Apafi Kl\u00e1ra fia. \u2013 A J\u00e1nos Zsigmond fejedelmi hadsereg\u00e9ben k\u00fczd\u00f6tt testv\u00e9reivel Imr\u00e9vel \u00e9s Mih\u00e1llyal. Szolg\u00e1latai jutalm\u00e1ul 14 h\u00e1z jobb\u00e1gyot nyert Mez\u0151m\u00e9nesen (1566. j\u00fal. 11.). Eladta Kisfaludot Sz\u00e9kelyv\u00e1s\u00e1rhelynek 600 forint\u00e9rt (1564), csere \u00fatj\u00e1n megszerezte annak mez\u0151m\u00e9nesi \u00e9s mez\u0151felei birtokait (1564). Ut\u00f3bb fiv\u00e9rei k\u00f6zbel\u00e9ptek ez\u00e9rt \u00faj szerz\u0151d\u00e9st kellett k\u00f6tni (1568, [&hellip;]<\/p>\n","protected":false},"featured_media":0,"comment_status":"open","ping_status":"closed","template":"","meta":[],"product_brand":[],"product_cat":[137],"product_tag":[],"class_list":{"0":"post-13792","1":"product","2":"type-product","3":"status-publish","5":"product_cat-maros-megyei-eletrajzi-lexikon","7":"first","8":"instock","9":"shipping-taxable","10":"product-type-simple"},"_links":{"self":[{"href":"https:\/\/uj.adatbank.ro\/lexikon\/wp-json\/wp\/v2\/product\/13792","targetHints":{"allow":["GET"]}}],"collection":[{"href":"https:\/\/uj.adatbank.ro\/lexikon\/wp-json\/wp\/v2\/product"}],"about":[{"href":"https:\/\/uj.adatbank.ro\/lexikon\/wp-json\/wp\/v2\/types\/product"}],"replies":[{"embeddable":true,"href":"https:\/\/uj.adatbank.ro\/lexikon\/wp-json\/wp\/v2\/comments?post=13792"}],"wp:attachment":[{"href":"https:\/\/uj.adatbank.ro\/lexikon\/wp-json\/wp\/v2\/media?parent=13792"}],"wp:term":[{"taxonomy":"product_brand","embeddable":true,"href":"https:\/\/uj.adatbank.ro\/lexikon\/wp-json\/wp\/v2\/product_brand?post=13792"},{"taxonomy":"product_cat","embeddable":true,"href":"https:\/\/uj.adatbank.ro\/lexikon\/wp-json\/wp\/v2\/product_cat?post=13792"},{"taxonomy":"product_tag","embeddable":true,"href":"https:\/\/uj.adatbank.ro\/lexikon\/wp-json\/wp\/v2\/product_tag?post=13792"}],"curies":[{"name":"wp","href":"https:\/\/api.w.org\/{rel}","templated":true}]}}

LÁZÁR János, szentannai

<p>? † ?: földbirtokos. – L. János és Apafi Klára fia. – A János Zsigmond fejedelmi hadseregében küzdött testvéreivel Imrével és Mihállyal. Szolgálatai jutalmául 14 ház jobbágyot nyert Mezőménesen (1566. júl. 11.). Eladta Kisfaludot Székelyvásárhelynek 600 forintért (1564), csere útján megszerezte annak mezőménesi és mezőfelei birtokait (1564). Utóbb fivérei közbeléptek ezért új szerződést kellett kötni (1568, 1571). Részt vett a kerelőszentpáli csatában a fejedelem oldalán (1575) <br /><strong>Irod.:</strong> Garda Dezső: A Lázár család marosszéki otthonalapítása…  =  Pál-Antal – Simon; Időtár 1; Pál-Antal 2009; SzOkl, 2.; SzOkl, Ús 4.</br></p>

<p>? † ?: földbirtokos. – L. János és Apafi Klára fia. – A János Zsigmond fejedelmi hadseregében küzdött testvéreivel Imrével és Mihállyal. Szolgálatai jutalmául 14 ház jobbágyot nyert Mezőménesen (1566. júl. 11.). Eladta Kisfaludot Székelyvásárhelynek 600 forintért (1564), csere útján megszerezte annak mezőménesi és mezőfelei birtokait (1564). Utóbb fivérei közbeléptek ezért új szerződést kellett kötni (1568, [&hellip;]</p>
